-- Table structure for table `funding_old`
--

CREATE TABLE `funding_old` (
  `id` int(11) NOT NULL,
  `transaction_id` varchar(21) NOT NULL,
  `investor_cred_id` int(11) NOT NULL,
  `campaign_id` int(11) NOT NULL,
  `qty` int(11) NOT NULL DEFAULT 0,
  `amount` double(15,2) NOT NULL DEFAULT 0.00,
  `status` tinyint(4) NOT NULL DEFAULT 0,
  `created_at` timestamp NULL DEFAULT NULL,
  `updated_at` timestamp NULL DEFAULT NULL,
  `deleted_at` timestamp NULL DEFAULT NULL
) ENGINE=MyISAM DEFAULT CHARSET=latin1;

--
-- Dumping data for table `funding_old`
--

INSERT INTO `funding_old` (`id`, `transaction_id`, `investor_cred_id`, `campaign_id`, `qty`, `amount`, `status`, `created_at`, `updated_at`, `deleted_at`) VALUES
(22, 'TR20180500003', 7, 5, 26, 65000000.00, 0, '2018-05-14 08:25:38', NULL, NULL),
(23, 'TR20180500003', 7, 1, 2, 5000000.00, 0, '2018-05-14 08:25:38', NULL, NULL),
(24, 'TR20180500004', 7, 5, 3, 7500000.00, 0, '2018-05-16 02:39:18', NULL, NULL);

-- --------------------------------------------------------

--
-- Table structure for table `investor_bank`
--

CREATE TABLE `investor_bank` (
  `id` int(11) NOT NULL,
  `investor_cred_id` int(11) NOT NULL,
  `bank_id` varchar(21) DEFAULT NULL,
  `bank_owner` varchar(30) DEFAULT NULL,
  `bank_account` varchar(30) DEFAULT NULL,
  `bank_branch` varchar(30) DEFAULT NULL,
  `status` tinyint(4) NOT NULL DEFAULT 1,
  `created_at` timestamp NULL DEFAULT NULL,
  `updated_at` timestamp NULL DEFAULT NULL,
  `deleted_at` timestamp NULL DEFAULT NULL
) ENGINE=MyISAM DEFAULT CHARSET=latin1;

--
-- Dumping data for table `investor_bank`
--

INSERT INTO `investor_bank` (`id`, `investor_cred_id`, `bank_id`, `bank_owner`, `bank_account`, `bank_branch`, `status`, `created_at`, `updated_at`, `deleted_at`) VALUES
(1, 7, '14', 'yeu', 'eeu', 'tey', 1, '2018-05-24 11:21:24', '2018-05-24 12:09:37', NULL),
(2, 32, '10', 'fauzan', '12345667', 'Jakarta', 1, '2018-07-23 23:27:56', '2018-07-23 23:29:44', NULL),
(3, 34, '4', 'Achmad fauzan', '123434', 'jakarta', 1, '2018-07-29 21:46:23', NULL, NULL),
(4, 35, '4', 'test', '3243', '4343', 1, '2018-07-30 00:32:22', NULL, NULL),
(5, 36, '4', 'fauzan', '34324324', 'jakarta', 1, '2018-07-30 00:54:11', NULL, NULL),
(6, 37, '4', 'fauzan', '4343243244', 'jakarta', 1, '2018-07-30 01:10:12', NULL, NULL),
(7, 45, '14', 'diva', '7541251456464', 'jakarta', 1, '2018-08-27 01:17:09', NULL, NULL),
(9, 46, '10', 'fauzan', '12345667', 'Jakarta', 1, '2018-07-23 23:27:56', '2018-07-23 23:29:44', NULL),
(10, 47, '10', 'fauzan', '12345667', 'Jakarta', 1, '2018-07-23 23:27:56', '2018-07-23 23:29:44', NULL),
(11, 48, '10', 'fauzan', '12345667', 'Jakarta', 1, '2018-07-23 23:27:56', '2018-07-23 23:29:44', NULL),
(12, 49, '10', 'fauzan', '12345667', 'Jakarta', 1, '2018-07-23 23:27:56', '2018-07-23 23:29:44', NULL),
(13, 50, '10', 'fauzan', '12345667', 'Jakarta', 1, '2018-07-23 23:27:56', '2018-07-23 23:29:44', NULL),
(14, 51, '10', 'fauzan', '12345667', 'Jakarta', 1, '2018-07-23 23:27:56', '2018-07-23 23:29:44', NULL),
(15, 52, '10', 'fauzan', '12345667', 'Jakarta', 1, '2018-07-23 23:27:56', '2018-07-23 23:29:44', NULL),
(16, 53, '10', 'fauzan', '12345667', 'Jakarta', 1, '2018-07-23 23:27:56', '2018-07-23 23:29:44', NULL),
(17, 54, '10', 'fauzan', '12345667', 'Jakarta', 1, '2018-07-23 23:27:56', '2018-07-23 23:29:44', NULL),
(18, 55, '10', 'fauzan', '12345667', 'Jakarta', 1, '2018-07-23 23:27:56', '2018-07-23 23:29:44', NULL),
(19, 56, '10', 'fauzan', '12345667', 'Jakarta', 1, '2018-07-23 23:27:56', '2018-07-23 23:29:44', NULL),
(20, 57, '10', 'fauzan', '12345667', 'Jakarta', 1, '2018-07-23 23:27:56', '2018-07-23 23:29:44', NULL),
(21, 58, '10', 'fauzan', '12345667', 'Jakarta', 1, '2018-07-23 23:27:56', '2018-07-23 23:29:44', NULL);

-- --------------------------------------------------------

--
-- Table structure for table `investor_check_profile`
--

CREATE TABLE `investor_check_profile` (
  `id` int(11) NOT NULL,
  `investor_cred_id` int(11) NOT NULL,
  `is_data_profile` int(11) NOT NULL DEFAULT 0,
  `is_data_occupation` int(11) NOT NULL DEFAULT 0,
  `is_data_document` int(11) NOT NULL DEFAULT 0,
  `is_data_bank` int(11) NOT NULL DEFAULT 0,
  `is_data_ktp` tinyint(4) NOT NULL DEFAULT 0,
  `is_data_npwp` smallint(6) NOT NULL DEFAULT 1
) ENGINE=MyISAM DEFAULT CHARSET=latin1;

--
-- Dumping data for table `investor_check_profile`
--

INSERT INTO `investor_check_profile` (`id`, `investor_cred_id`, `is_data_profile`, `is_data_occupation`, `is_data_document`, `is_data_bank`, `is_data_ktp`, `is_data_npwp`) VALUES
(2, 7, 1, 1, 1, 1, 1, 1),
(3, 8, 0, 0, 0, 0, 0, 0),
(4, 9, 0, 0, 0, 0, 0, 0),
(5, 10, 0, 0, 0, 0, 0, 0),
(6, 32, 1, 1, 1, 1, 1, 1),
(10, 31, 1, 0, 0, 0, 0, 0),
(11, 33, 1, 1, 1, 1, 1, 1),
(12, 34, 1, 1, 1, 1, 1, 1),
(13, 35, 1, 1, 1, 1, 1, 1),
(14, 36, 1, 1, 1, 1, 1, 1),
(15, 37, 1, 1, 1, 1, 1, 1),
(16, 38, 1, 1, 1, 1, 1, 1),
(17, 39, 1, 1, 1, 1, 1, 1),
(18, 40, 1, 1, 1, 1, 1, 1),
(19, 41, 1, 1, 1, 1, 1, 1),
(20, 42, 1, 1, 1, 1, 1, 1),
(21, 43, 1, 1, 1, 1, 1, 1),
(22, 44, 0, 0, 0, 0, 0, 1),
(23, 45, 1, 1, 1, 1, 1, 1),
(24, 46, 1, 1, 1, 1, 1, 1),
(25, 47, 1, 1, 1, 1, 1, 1),
(26, 48, 1, 1, 1, 1, 1, 1),
(27, 49, 1, 1, 1, 1, 1, 1),
(28, 50, 1, 1, 1, 1, 1, 1),
(29, 51, 1, 1, 1, 1, 1, 1),
(30, 52, 1, 1, 1, 1, 1, 1),
(31, 53, 1, 1, 1, 1, 1, 1),
(32, 54, 1, 1, 1, 1, 1, 1),
(33, 55, 1, 1, 1, 1, 1, 1),
(34, 56, 1, 1, 1, 1, 1, 1),
(35, 57, 1, 1, 1, 1, 1, 1),
(36, 58, 1, 1, 1, 1, 1, 1);

-- --------------------------------------------------------

--
-- Table structure for table `investor_cred`
--

CREATE TABLE `investor_cred` (
  `id` int(11) NOT NULL,
  `email` varchar(128) NOT NULL,
  `phone_number` varchar(15) NOT NULL,
  `password` varchar(1024) NOT NULL,
  `str_register` varchar(200) NOT NULL,
  `str_shuffle` varchar(20) NOT NULL DEFAULT '',
  `is_verified` tinyint(4) DEFAULT 0,
  `is_online` tinyint(4) NOT NULL DEFAULT 1,
  `verified_at` timestamp NULL DEFAULT NULL,
  `created_at` timestamp NULL DEFAULT NULL,
  `updated_at` timestamp NULL DEFAULT NULL,
  `deleted_at` timestamp NULL DEFAULT NULL
) ENGINE=MyISAM DEFAULT CHARSET=latin1;

--
-- Dumping data for table `investor_cred`
--

INSERT INTO `investor_cred` (`id`, `email`, `phone_number`, `password`, `str_register`, `str_shuffle`, `is_verified`, `is_online`, `verified_at`, `created_at`, `updated_at`, `deleted_at`) VALUES
(7, 'fauzan@gmail.com', '123456', '$2y$10$n9mL972jqbNBxqOXvrJXIOjjrtoebj2w/1hKLKoB3vOI/mgqlGdMm', '', '', 1, 1, '2018-05-11 09:07:11', '2018-04-29 11:59:59', NULL, NULL),
(32, 'ricky@test.com', '323423455', '$2y$10$n9mL972jqbNBxqOXvrJXIOjjrtoebj2w/1hKLKoB3vOI/mgqlGdMm', ' ', ' ', 1, 0, '2018-05-14 07:54:22', '2018-05-14 07:53:13', NULL, NULL),
(31, 'ach_oz@yahoo.com', '4343432', '$2y$10$aNrTxo2lY6HEYSGcwOOr5eoD.FpCOB2Wgb/Pco9wfweAin9fvEkS6', 'YU5sbmZhRk5yYWFhYXV1dXphY2hfb3pAeWFob28uY29t', 'aNlnfaFNraaaauuuz', 1, 1, '2018-05-14 07:54:22', '2018-05-14 07:53:13', NULL, NULL),
(33, 'toni@test.com', '0877-71538800', '$2y$10$n9mL972jqbNBxqOXvrJXIOjjrtoebj2w/1hKLKoB3vOI/mgqlGdMm', ' ', ' ', 1, 0, '2018-05-14 07:54:22', '2018-05-14 07:53:13', NULL, NULL),
(34, 'rudy@test.com', '5555', '$2y$10$n9mL972jqbNBxqOXvrJXIOjjrtoebj2w/1hKLKoB3vOI/mgqlGdMm', ' ', ' ', 1, 0, '2018-05-14 07:54:22', '2018-05-14 07:53:13', NULL, NULL),
(35, 'syahrina@test.com', '666', '$2y$10$n9mL972jqbNBxqOXvrJXIOjjrtoebj2w/1hKLKoB3vOI/mgqlGdMm', ' ', ' ', 1, 0, '2018-05-14 07:54:22', '2018-05-14 07:53:13', NULL, NULL),
(36, 'wahyu@test.com', '777', '$2y$10$n9mL972jqbNBxqOXvrJXIOjjrtoebj2w/1hKLKoB3vOI/mgqlGdMm', ' ', ' ', 1, 0, '2018-05-14 07:54:22', '2018-05-14 07:53:13', NULL, NULL),
(37, 'margaret@test.com', '888', '$2y$10$n9mL972jqbNBxqOXvrJXIOjjrtoebj2w/1hKLKoB3vOI/mgqlGdMm', ' ', ' ', 1, 0, '2018-05-14 07:54:22', '2018-05-14 07:53:13', NULL, NULL),
(38, 'darmawan@test.com', '889', '$2y$10$n9mL972jqbNBxqOXvrJXIOjjrtoebj2w/1hKLKoB3vOI/mgqlGdMm', ' ', ' ', 1, 0, '2018-05-14 07:54:22', '2018-05-14 07:53:13', NULL, NULL),
(39, 'sedana_yuliana@yahoo.com', '999', '$2y$10$n9mL972jqbNBxqOXvrJXIOjjrtoebj2w/1hKLKoB3vOI/mgqlGdMm', ' ', ' ', 1, 0, '2018-05-14 07:54:22', '2018-05-14 07:53:13', NULL, NULL),
(40, 'lijanawati@test.com', '1111', '$2y$10$n9mL972jqbNBxqOXvrJXIOjjrtoebj2w/1hKLKoB3vOI/mgqlGdMm', ' ', ' ', 1, 0, '2018-05-14 07:54:22', '2018-05-14 07:53:13', NULL, NULL),
(41, 'susi@test.com', '1112', '$2y$10$n9mL972jqbNBxqOXvrJXIOjjrtoebj2w/1hKLKoB3vOI/mgqlGdMm', ' ', ' ', 1, 0, '2018-05-14 07:54:22', '2018-05-14 07:53:13', NULL, NULL),
(42, 'suria@test.com', '1113', '$2y$10$n9mL972jqbNBxqOXvrJXIOjjrtoebj2w/1hKLKoB3vOI/mgqlGdMm', ' ', ' ', 1, 0, '2018-05-14 07:54:22', '2018-05-14 07:53:13', NULL, NULL),
(43, 'imam@test.com', '1114', '$2y$10$n9mL972jqbNBxqOXvrJXIOjjrtoebj2w/1hKLKoB3vOI/mgqlGdMm', ' ', ' ', 1, 0, '2018-05-14 07:54:22', '2018-05-14 07:53:13', NULL, NULL),
(44, 'fauzan@sedana.co.id', '087781354000', '$2y$10$XpkFtt7bj4ehjmiujfW8Ye0WHQzjk0EooosDevBCZ5VlXTUlEJzQy', 'YWFuTk5semFGZnV1YWFhcnVmYXV6YW5Ac2VkYW5hLmNvLmlk', 'aanNNlzaFfuuaaaru', 0, 1, '2018-07-30 04:06:15', '2018-07-30 04:04:21', NULL, NULL),
(45, 'diva@sedana.co.id', '089689541505', '$2y$10$oFO8MR7gwNCbSqXqaL0Rr.keMx79HWEPefy20ARmtmjTto8EcpZZm', 'dU5henJGYXVhbmxhYWZhdU5kaXZhQHNlZGFuYS5jby5pZA', 'uNazrFauanlaafauN', 1, 1, '2018-08-27 00:46:15', '2018-08-27 00:41:36', NULL, NULL),
(46, 'ermawati@test.com', '4445', '$2y$10$n9mL972jqbNBxqOXvrJXIOjjrtoebj2w/1hKLKoB3vOI/mgqlGdMm', ' ', ' ', 1, 0, '2018-05-14 07:54:22', '2018-05-14 07:53:13', NULL, NULL),
(47, 'ariyono@test.com', '4446', '$2y$10$n9mL972jqbNBxqOXvrJXIOjjrtoebj2w/1hKLKoB3vOI/mgqlGdMm', ' ', ' ', 1, 0, '2018-05-14 07:54:22', '2018-05-14 07:53:13', NULL, NULL),
(48, 'dian@test.com', '4447', '$2y$10$n9mL972jqbNBxqOXvrJXIOjjrtoebj2w/1hKLKoB3vOI/mgqlGdMm', ' ', ' ', 1, 0, '2018-05-14 07:54:22', '2018-05-14 07:53:13', NULL, NULL),
(49, 'fauzan@test.com', '4448', '$2y$10$n9mL972jqbNBxqOXvrJXIOjjrtoebj2w/1hKLKoB3vOI/mgqlGdMm', ' ', ' ', 1, 0, '2018-05-14 07:54:22', '2018-05-14 07:53:13', NULL, NULL),
(50, 'aliandre@test.com', '4450', '$2y$10$n9mL972jqbNBxqOXvrJXIOjjrtoebj2w/1hKLKoB3vOI/mgqlGdMm', ' ', ' ', 1, 0, '2018-05-14 07:54:22', '2018-05-14 07:53:13', NULL, NULL),
(51, 'bella_delizea@test.com', '4451', '$2y$10$n9mL972jqbNBxqOXvrJXIOjjrtoebj2w/1hKLKoB3vOI/mgqlGdMm', ' ', ' ', 1, 0, '2018-05-14 07:54:22', '2018-05-14 07:53:13', NULL, NULL),
(52, 'reni_anggryani@test.com', '4452', '$2y$10$n9mL972jqbNBxqOXvrJXIOjjrtoebj2w/1hKLKoB3vOI/mgqlGdMm', ' ', ' ', 1, 0, '2018-05-14 07:54:22', '2018-05-14 07:53:13', NULL, NULL),
(53, 'marrysca_lisly@test.com', '4453', '$2y$10$n9mL972jqbNBxqOXvrJXIOjjrtoebj2w/1hKLKoB3vOI/mgqlGdMm', ' ', ' ', 1, 0, '2018-05-14 07:54:22', '2018-05-14 07:53:13', NULL, NULL),
(54, 'lucia_ratna_rosari@test.com', '4454', '$2y$10$n9mL972jqbNBxqOXvrJXIOjjrtoebj2w/1hKLKoB3vOI/mgqlGdMm', ' ', ' ', 1, 0, '2018-05-14 07:54:22', '2018-05-14 07:53:13', NULL, NULL),
(55, 'andreas_langgeng@test.com', '4455', '$2y$10$n9mL972jqbNBxqOXvrJXIOjjrtoebj2w/1hKLKoB3vOI/mgqlGdMm', ' ', ' ', 1, 0, '2018-05-14 07:54:22', '2018-05-14 07:53:13', NULL, NULL),
(56, 'ignasia_lia@test.com', '4456', '$2y$10$n9mL972jqbNBxqOXvrJXIOjjrtoebj2w/1hKLKoB3vOI/mgqlGdMm', ' ', ' ', 1, 0, '2018-05-14 07:54:22', '2018-05-14 07:53:13', NULL, NULL),
(57, 'roro@test.com', '4457', '$2y$10$n9mL972jqbNBxqOXvrJXIOjjrtoebj2w/1hKLKoB3vOI/mgqlGdMm', ' ', ' ', 1, 0, '2018-05-14 07:54:22', '2018-05-14 07:53:13', NULL, NULL),
(58, 'sri_oentari@test.com', '4458', '$2y$10$n9mL972jqbNBxqOXvrJXIOjjrtoebj2w/1hKLKoB3vOI/mgqlGdMm', ' ', ' ', 1, 0, '2018-05-14 07:54:22', '2018-05-14 07:53:13', NULL, NULL);

-- --------------------------------------------------------

--
-- Table structure for table `investor_document`
--

CREATE TABLE `investor_document` (
  `id` int(11) NOT NULL,
  `investor_cred_id` int(11) NOT NULL,
  `ktp_number` varchar(25) DEFAULT NULL,
  `ktp` varchar(50) DEFAULT NULL,
  `npwp_number` varchar(25) DEFAULT NULL,
  `npwp` varchar(50) DEFAULT NULL,
  `status` tinyint(4) NOT NULL DEFAULT 0,
  `created_at` timestamp NULL DEFAULT NULL,
  `updated_at` timestamp NULL DEFAULT NULL,
  `deleted_at` timestamp NULL DEFAULT NULL
) ENGINE=MyISAM DEFAULT CHARSET=latin1;

--
-- Dumping data for table `investor_document`
--

INSERT INTO `investor_document` (`id`, `investor_cred_id`, `ktp_number`, `ktp`, `npwp_number`, `npwp`, `status`, `created_at`, `updated_at`, `deleted_at`) VALUES
(1, 7, '7', 'adf35fa93629f6cc7b2f539c2c9f7163.jpg', '8', '0f554aeac520baebe3d9e3439094d49c.jpg', 0, '2018-05-21 04:51:45', '2018-05-24 02:42:12', NULL),
(4, 32, '123455', '5505673e13fb7196ef6f6cb0549a3eb0.jpg', '43211', '9fe7285618652c494c798f510d490324.jpg', 0, '2018-07-23 22:46:21', '2018-07-23 23:28:11', NULL),
(5, 34, '1234567', '935a9648c0f3222aaac72b3f3e9e2801.JPG', '43523234', 'd8cd97055e9d44dcb20cd9b85f4f1548.JPG', 0, '2018-07-29 21:23:22', '2018-07-29 21:45:51', NULL),
(6, 35, '3423432', '2fa2777e5ab9e8cfe3b167658581fef0.JPG', '423432432', '1a200a5f3a74b0489b4cbd0eb01b71f4.JPG', 0, '2018-07-30 00:31:57', '2018-07-30 00:32:04', NULL),
(7, 36, '5435435', '3ebbabae19e71c29a8e6ae85e5a06fcf.JPG', '345435', '39fc0391cf4911750b16b7e03ecece7f.JPG', 0, '2018-07-30 00:52:24', '2018-07-30 00:52:33', NULL),
(8, 37, '5435435', '7eaf7d1764dbac5da8689887efd15537.JPG', '455435', 'ddd8b284d7e86269efe5590c1fe29e45.JPG', 0, '2018-07-30 01:09:48', '2018-07-30 01:09:54', NULL),
(9, 45, '124654654', 'c8eeb129a05690f1c47d8f486bc3d56c.jpg', '454134546', 'b21cbcc1e861ea20e0779fa6cd3b62a2.jpg', 0, '2018-08-27 01:16:17', '2018-08-27 01:16:45', NULL),
(11, 46, '123455', '5505673e13fb7196ef6f6cb0549a3eb0.jpg', '43211', '9fe7285618652c494c798f510d490324.jpg', 0, '2018-07-23 22:46:21', '2018-07-23 23:28:11', NULL),
(12, 47, '123455', '5505673e13fb7196ef6f6cb0549a3eb0.jpg', '43211', '9fe7285618652c494c798f510d490324.jpg', 0, '2018-07-23 22:46:21', '2018-07-23 23:28:11', NULL),
(13, 48, '123455', '5505673e13fb7196ef6f6cb0549a3eb0.jpg', '43211', '9fe7285618652c494c798f510d490324.jpg', 0, '2018-07-23 22:46:21', '2018-07-23 23:28:11', NULL),
(14, 49, '123455', '5505673e13fb7196ef6f6cb0549a3eb0.jpg', '43211', '9fe7285618652c494c798f510d490324.jpg', 0, '2018-07-23 22:46:21', '2018-07-23 23:28:11', NULL),
(15, 50, '123455', '5505673e13fb7196ef6f6cb0549a3eb0.jpg', '43211', '9fe7285618652c494c798f510d490324.jpg', 0, '2018-07-23 22:46:21', '2018-07-23 23:28:11', NULL),
(16, 51, '123455', '5505673e13fb7196ef6f6cb0549a3eb0.jpg', '43211', '9fe7285618652c494c798f510d490324.jpg', 0, '2018-07-23 22:46:21', '2018-07-23 23:28:11', NULL),
(17, 52, '123455', '5505673e13fb7196ef6f6cb0549a3eb0.jpg', '43211', '9fe7285618652c494c798f510d490324.jpg', 0, '2018-07-23 22:46:21', '2018-07-23 23:28:11', NULL),
(18, 53, '123455', '5505673e13fb7196ef6f6cb0549a3eb0.jpg', '43211', '9fe7285618652c494c798f510d490324.jpg', 0, '2018-07-23 22:46:21', '2018-07-23 23:28:11', NULL),
(19, 54, '123455', '5505673e13fb7196ef6f6cb0549a3eb0.jpg', '43211', '9fe7285618652c494c798f510d490324.jpg', 0, '2018-07-23 22:46:21', '2018-07-23 23:28:11', NULL),
(20, 55, '123455', '5505673e13fb7196ef6f6cb0549a3eb0.jpg', '43211', '9fe7285618652c494c798f510d490324.jpg', 0, '2018-07-23 22:46:21', '2018-07-23 23:28:11', NULL),
(21, 56, '123455', '5505673e13fb7196ef6f6cb0549a3eb0.jpg', '43211', '9fe7285618652c494c798f510d490324.jpg', 0, '2018-07-23 22:46:21', '2018-07-23 23:28:11', NULL),
(22, 57, '123455', '5505673e13fb7196ef6f6cb0549a3eb0.jpg', '43211', '9fe7285618652c494c798f510d490324.jpg', 0, '2018-07-23 22:46:21', '2018-07-23 23:28:11', NULL),
(23, 58, '123455', '5505673e13fb7196ef6f6cb0549a3eb0.jpg', '43211', '9fe7285618652c494c798f510d490324.jpg', 0, '2018-07-23 22:46:21', '2018-07-23 23:28:11', NULL);

-- --------------------------------------------------------

--
-- Table structure for table `investor_occupation`
--

CREATE TABLE `investor_occupation` (
  `id` int(11) NOT NULL,
  `investor_cred_id` int(11) NOT NULL,
  `occupation_id` int(11) NOT NULL,
  `company_name` varchar(50) DEFAULT NULL,
  `address` varchar(50) DEFAULT NULL,
  `level_id` int(11) DEFAULT NULL,
  `salary_id` int(11) NOT NULL DEFAULT 0,
  `source_id` int(11) NOT NULL DEFAULT 0,
  `created_at` timestamp NULL DEFAULT NULL,
  `updated_at` timestamp NULL DEFAULT NULL,
  `deleted_at` timestamp NULL DEFAULT NULL
) ENGINE=MyISAM DEFAULT CHARSET=latin1;

--
-- Dumping data for table `investor_occupation`
--

INSERT INTO `investor_occupation` (`id`, `investor_cred_id`, `occupation_id`, `company_name`, `address`, `level_id`, `salary_id`, `source_id`, `created_at`, `updated_at`, `deleted_at`) VALUES
(5, 7, 1, 'nama perusahaan', 'cd', 3, 4, 1, '2018-05-17 01:10:32', '2018-05-21 01:25:44', NULL),
(6, 32, 1, 'Perusahaan Bijaksana', 'jalan duren 31', 3, 3, 1, '2018-07-23 22:35:52', '2018-07-23 22:40:05', NULL),
(7, 34, 1, 'PT. testing', 'jakarta', 3, 2, 1, '2018-07-29 21:22:59', NULL, NULL),
(8, 35, 1, 'PT. A', 'jakarta', 3, 3, 1, '2018-07-30 00:31:39', NULL, NULL),
(9, 36, 1, 'PT. B', 'jakarta', 3, 3, 1, '2018-07-30 00:51:55', NULL, NULL),
(10, 37, 1, 'PT. C', '32432432', 3, 2, 1, '2018-07-30 01:09:39', NULL, NULL),
(11, 45, 1, 'sedana', 'cikini', 5, 1, 1, '2018-08-27 01:15:58', NULL, NULL),
(13, 46, 1, 'Perusahaan Bijaksana', 'jalan duren 31', 3, 3, 1, '2018-07-23 22:35:52', '2018-07-23 22:40:05', NULL),
(14, 47, 1, 'Perusahaan Bijaksana', 'jalan duren 31', 3, 3, 1, '2018-07-23 22:35:52', '2018-07-23 22:40:05', NULL),
(15, 48, 1, 'Perusahaan Bijaksana', 'jalan duren 31', 3, 3, 1, '2018-07-23 22:35:52', '2018-07-23 22:40:05', NULL),
(16, 49, 1, 'Perusahaan Bijaksana', 'jalan duren 31', 3, 3, 1, '2018-07-23 22:35:52', '2018-07-23 22:40:05', NULL),
(17, 50, 1, 'Perusahaan Bijaksana', 'jalan duren 31', 3, 3, 1, '2018-07-23 22:35:52', '2018-07-23 22:40:05', NULL),
(18, 51, 1, 'Perusahaan Bijaksana', 'jalan duren 31', 3, 3, 1, '2018-07-23 22:35:52', '2018-07-23 22:40:05', NULL),
(19, 52, 1, 'Perusahaan Bijaksana', 'jalan duren 31', 3, 3, 1, '2018-07-23 22:35:52', '2018-07-23 22:40:05', NULL),
(20, 53, 1, 'Perusahaan Bijaksana', 'jalan duren 31', 3, 3, 1, '2018-07-23 22:35:52', '2018-07-23 22:40:05', NULL),
(21, 54, 1, 'Perusahaan Bijaksana', 'jalan duren 31', 3, 3, 1, '2018-07-23 22:35:52', '2018-07-23 22:40:05', NULL),
(22, 55, 1, 'Perusahaan Bijaksana', 'jalan duren 31', 3, 3, 1, '2018-07-23 22:35:52', '2018-07-23 22:40:05', NULL),
(23, 56, 1, 'Perusahaan Bijaksana', 'jalan duren 31', 3, 3, 1, '2018-07-23 22:35:52', '2018-07-23 22:40:05', NULL),
(24, 57, 1, 'Perusahaan Bijaksana', 'jalan duren 31', 3, 3, 1, '2018-07-23 22:35:52', '2018-07-23 22:40:05', NULL),
(25, 58, 1, 'Perusahaan Bijaksana', 'jalan duren 31', 3, 3, 1, '2018-07-23 22:35:52', '2018-07-23 22:40:05', NULL);

-- --------------------------------------------------------

--
-- Table structure for table `investor_profile`
--

CREATE TABLE `investor_profile` (
  `id` int(11) NOT NULL,
  `investor_cred_id` int(11) NOT NULL,
  `full_name` varchar(128) DEFAULT NULL,
  `handphone` varchar(20) DEFAULT NULL,
  `address` varchar(256) DEFAULT NULL,
  `sex_id` varchar(21) DEFAULT NULL,
  `date_of_birth` date DEFAULT NULL,
  `district_id` char(7) DEFAULT NULL COMMENT 'Kecamatan',
  `regency_id` char(4) DEFAULT NULL COMMENT 'Kabupaten/kota',
  `village_id` char(10) DEFAULT NULL COMMENT 'kelurahan/Desa',
  `province_id` char(2) DEFAULT NULL,
  `citizen_id` varchar(21) NOT NULL,
  `created_at` timestamp NULL DEFAULT NULL,
  `updated_at` timestamp NULL DEFAULT NULL,
  `deleted_at` timestamp NULL DEFAULT NULL,
  `image_ava` varchar(45) DEFAULT NULL
) ENGINE=MyISAM DEFAULT CHARSET=latin1;

--
-- Dumping data for table `investor_profile`
--

INSERT INTO `investor_profile` (`id`, `investor_cred_id`, `full_name`, `handphone`, `address`, `sex_id`, `date_of_birth`, `district_id`, `regency_id`, `village_id`, `province_id`, `citizen_id`, `created_at`, `updated_at`, `deleted_at`, `image_ava`) VALUES
(9, 7, 'yoko (testing)', '5', 'jakarta', 'P', '2018-04-20', '3402130', '3402', '3402130003', '34', '22', '2018-04-29 12:15:33', '2018-05-15 18:07:07', NULL, NULL),
(11, 31, 'test (testing)', '085691330000', 'Jakarta', 'P', '2018-08-25', '3402130', '3402', '3402130003', '34', '22', NULL, NULL, NULL, NULL),
(12, 32, 'RICKY ANTONIUS', '08673234323', 'Jakarta', 'P', '2018-08-25', '3402100', '3402', '3402100003', '34', '22', '2018-04-29 12:15:33', '2018-07-23 00:35:54', NULL, NULL),
(14, 34, 'RUDY GUNAWAN, SE', '08673234323', 'Jakarta', 'P', '2018-08-25', '3402100', '3402', '3402100003', '34', '22', '2018-04-29 12:15:33', '2018-07-23 00:35:54', NULL, NULL),
(13, 33, 'TONY YULIAWAN ARIEFIANTO', '08673234323', 'Jakarta', 'P', '2018-08-25', '3402100', '3402', '3402100003', '34', '22', '2018-04-29 12:15:33', '2018-07-23 00:35:54', NULL, NULL),
(15, 35, 'SYAHRINA DYAH ANGGRAINI', '08673234323', 'Jakarta', 'P', '2018-08-25', '3402100', '3402', '3402100003', '34', '22', '2018-04-29 12:15:33', '2018-07-23 00:35:54', NULL, NULL),
(16, 36, 'WAHYOE SANTOSO', '08673234323', 'Jakarta', 'P', '2018-08-25', '3402100', '3402', '3402100003', '34', '22', '2018-04-29 12:15:33', '2018-07-23 00:35:54', NULL, NULL),
(17, 37, 'MARGARET C.P. SITOMPUL', '08673234323', 'Jakarta', 'P', '2018-08-25', '3402100', '3402', '3402100003', '34', '22', '2018-04-29 12:15:33', '2018-07-23 00:35:54', NULL, NULL),
(18, 38, 'DARMAWAN TJANDERA', '08673234323', 'Jakarta', 'P', '2018-08-25', '3402100', '3402', '3402100003', '34', '22', '2018-04-29 12:15:33', '2018-07-23 00:35:54', NULL, NULL),
(19, 39, 'YULIANA', '08673234323', 'Jakarta', 'P', '2018-08-25', '3402100', '3402', '3402100003', '34', '22', '2018-04-29 12:15:33', '2018-07-23 00:35:54', NULL, NULL),
(20, 40, 'LIJANAWATI HARTONO', '08673234323', 'Jakarta', 'P', '2018-08-25', '3402100', '3402', '3402100003', '34', '22', '2018-04-29 12:15:33', '2018-07-23 00:35:54', NULL, NULL),
(21, 41, 'SUSI SILVIANTHI SE', '08673234323', 'Jakarta', 'P', '2018-08-25', '3402100', '3402', '3402100003', '34', '22', '2018-04-29 12:15:33', '2018-07-23 00:35:54', NULL, NULL),
(22, 42, 'SURIA SULIAWATI', '08673234323', 'Jakarta', 'P', '2018-08-25', '3402100', '3402', '3402100003', '34', '22', '2018-04-29 12:15:33', '2018-07-23 00:35:54', NULL, NULL),
(23, 43, 'IMAM HARIYANTO', '08673234323', 'Jakarta', 'P', '2018-08-25', '3402100', '3402', '3402100003', '34', '22', '2018-04-29 12:15:33', '2018-07-23 00:35:54', NULL, NULL),
(24, 45, 'diva (testing)', '089689541505', 'jl.barkah', 'L', '1991-07-05', '3171090', '3171', '3171090006', '31', '11', '2018-08-27 01:15:19', NULL, NULL, NULL),
(26, 46, 'ERMAWATI', '08673234323', 'Jakarta', 'P', '2018-08-25', '3402100', '3402', '3402100003', '34', '22', '2018-04-29 12:15:33', '2018-07-23 00:35:54', NULL, NULL),
(27, 47, 'ARIYONO GUMAY', '08673234323', 'Jakarta', 'P', '2018-08-25', '3402100', '3402', '3402100003', '34', '22', '2018-04-29 12:15:33', '2018-07-23 00:35:54', NULL, NULL),
(28, 48, 'R.A.DIAN AGUSTIANTI', '08673234323', 'Jakarta', 'P', '2018-08-25', '3402100', '3402', '3402100003', '34', '22', '2018-04-29 12:15:33', '2018-07-23 00:35:54', NULL, NULL),
(29, 49, 'ACHMAD FAUZAN', '08673234323', 'Jakarta', 'P', '2018-08-25', '3402100', '3402', '3402100003', '34', '22', '2018-04-29 12:15:33', '2018-07-23 00:35:54', NULL, NULL),
(30, 50, 'ALI ANDRE', '08673234323', 'Jakarta', 'P', '2018-08-25', '3402100', '3402', '3402100003', '34', '22', '2018-04-29 12:15:33', '2018-07-23 00:35:54', NULL, NULL),
(31, 51, 'BELLA DELIZEA', '08673234323', 'Jakarta', 'P', '2018-08-25', '3402100', '3402', '3402100003', '34', '22', '2018-04-29 12:15:33', '2018-07-23 00:35:54', NULL, NULL),
(32, 52, 'RENY ANGGRYANI', '08673234323', 'Jakarta', 'P', '2018-08-25', '3402100', '3402', '3402100003', '34', '22', '2018-04-29 12:15:33', '2018-07-23 00:35:54', NULL, NULL),
(33, 53, 'MARRYSCA LISLY', '08673234323', 'Jakarta', 'P', '2018-08-25', '3402100', '3402', '3402100003', '34', '22', '2018-04-29 12:15:33', '2018-07-23 00:35:54', NULL, NULL),
(34, 54, 'LUCIA RATNA ROSARI', '08673234323', 'Jakarta', 'P', '2018-08-25', '3402100', '3402', '3402100003', '34', '22', '2018-04-29 12:15:33', '2018-07-23 00:35:54', NULL, NULL),
(35, 55, 'ANDREAS LANGGENG SUMIYAT', '08673234323', 'Jakarta', 'P', '2018-08-25', '3402100', '3402', '3402100003', '34', '22', '2018-04-29 12:15:33', '2018-07-23 00:35:54', NULL, NULL),
(36, 56, 'IGNASIA CAMALIASARI K', '08673234323', 'Jakarta', 'P', '2018-08-25', '3402100', '3402', '3402100003', '34', '22', '2018-04-29 12:15:33', '2018-07-23 00:35:54', NULL, NULL),
(37, 57, 'RORO AYU WAHYOENI KOLOPAKING', '08673234323', 'Jakarta', 'P', '2018-08-25', '3402100', '3402', '3402100003', '34', '22', '2018-04-29 12:15:33', '2018-07-23 00:35:54', NULL, NULL),
(38, 58, 'SRI OENTARI', '08673234323', 'Jakarta', 'P', '2018-08-25', '3402100', '3402', '3402100003', '34', '22', '2018-04-29 12:15:33', '2018-07-23 00:35:54', NULL, NULL);

-- --------------------------------------------------------

--
-- Table structure for table `investor_session`
--

CREATE TABLE `investor_session` (
  `id` int(11) NOT NULL,
  `investor_cred_id` int(11) NOT NULL,
  `access_token` varchar(1024) NOT NULL,
  `created_at` timestamp NULL DEFAULT NULL,
  `updated_at` timestamp NULL DEFAULT NULL,
  `deleted_at` timestamp NULL DEFAULT NULL
) ENGINE=MyISAM DEFAULT CHARSET=latin1;

--
-- Dumping data for table `investor_session`
--

INSERT INTO `investor_session` (`id`, `investor_cred_id`, `access_token`, `created_at`, `updated_at`, `deleted_at`) VALUES
(6, 7, '95e974870d84dc6cf5c3442ecc89edaa327b0443d571b9e349fd86543f5737aa', '2018-04-29 12:01:54', '2018-08-29 21:05:46', NULL),
(7, 32, '03e4e6bb13d8383d23fe693d50dd9a9e21b6ab0305374b6a556832b62113b494', '2018-05-13 10:19:39', '2018-07-29 19:39:20', NULL),
(8, 30, '2c99a442f1a7d98663b3add974731c85846e24165755a42e09726942b035611b', '2018-05-13 23:10:18', NULL, NULL),
(9, 31, '7c20ac2717c1e028e8a799db9069ef7c8a9324eca23b8a179544e89300863938', '2018-05-14 07:54:46', NULL, NULL),
(5, 6, '3e23707aa23c750db04ed3348b9a801a1fa69b4fd52d6a32ec6195cae6b0cf56', '2018-04-29 10:16:43', '2018-04-29 11:36:11', NULL),
(10, 33, 'a7c766d058fa121ca4428f819d3160470ac865a3ec9541d0c4799e56cb24e64a', '2018-07-26 01:09:09', '2018-07-29 20:31:08', NULL),
(11, 34, '956f98cda090580c745800b4374f5c67cd7910766458ef640b10060124c053fc', '2018-07-29 21:21:39', NULL, NULL),
(12, 35, 'cdc1aca5122dc6cf726fb0c41ff5bcbc2daf28025b844fa740c673481c22359e', '2018-07-30 00:30:51', NULL, NULL),
(13, 36, 'fe565bf217e112b81f1b2c5e5cc5599e59c0da08a36b37de5bac84f6c9f88b6e', '2018-07-30 00:50:42', NULL, NULL),
(14, 37, 'b67c462e015b120a8d4409a4f17af30c6838a6cf56708a6d432ab523cdfdea06', '2018-07-30 01:08:43', NULL, NULL),
(15, 38, '731b852a083751e48b30380f419bb4a221c87060a8fc8369f3d212e0cc1bc9f7', '2018-07-30 01:36:49', NULL, NULL),
(16, 39, 'fca817183b5101d11c20c003ba694b933904557e7c64f1d84f7080016389525d', '2018-07-30 01:43:13', '2018-07-30 01:44:51', NULL),
(17, 40, 'f2edc39e215db683d74c85dbdbac59c32fcd67d2fa82c8058b23f202bef3b174', '2018-07-30 01:52:54', NULL, NULL),
(18, 41, '9d3ccb32ebf1fb00950e3317b4242d80c0f7166a943cd5d19841f3fd65de4c26', '2018-07-30 01:56:24', NULL, NULL),
(19, 42, '423276ef489a5e3baceef29a5e28b47140ee76b821d602614cd3a94e8b3674e0', '2018-07-30 02:00:46', NULL, NULL),
(20, 43, '200b19d0db77d37581f79c209b34e425b1ff6612378938f0a4bed1d65db43203', '2018-07-30 02:03:16', NULL, NULL),
(21, 44, 'a99f3ae89a4edca7c5ddca3cda16572dd5f111cfc6be8a8cde601a7bc36d9f12', '2018-07-30 04:06:22', NULL, NULL),
(22, 45, '4170d00e74e91d37d952fb068c84ff23e96fbe6b1fb781e493ae33a1f0d52b34', '2018-08-27 00:46:28', NULL, NULL),
(23, 46, '03e4e6bb13d8383d23fe693d50dd9a9e21b6ab0305374b6a556832b62113b494', '2018-05-13 10:19:39', '2018-07-29 19:39:20', NULL),
(24, 47, '03e4e6bb13d8383d23fe693d50dd9a9e21b6ab0305374b6a556832b62113b494', '2018-05-13 10:19:39', '2018-07-29 19:39:20', NULL),
(25, 48, '03e4e6bb13d8383d23fe693d50dd9a9e21b6ab0305374b6a556832b62113b494', '2018-05-13 10:19:39', '2018-07-29 19:39:20', NULL),
(26, 49, '03e4e6bb13d8383d23fe693d50dd9a9e21b6ab0305374b6a556832b62113b494', '2018-05-13 10:19:39', '2018-07-29 19:39:20', NULL),
(27, 50, '03e4e6bb13d8383d23fe693d50dd9a9e21b6ab0305374b6a556832b62113b494', '2018-05-13 10:19:39', '2018-07-29 19:39:20', NULL),
(28, 51, '03e4e6bb13d8383d23fe693d50dd9a9e21b6ab0305374b6a556832b62113b494', '2018-05-13 10:19:39', '2018-07-29 19:39:20', NULL),
(29, 52, '03e4e6bb13d8383d23fe693d50dd9a9e21b6ab0305374b6a556832b62113b494', '2018-05-13 10:19:39', '2018-07-29 19:39:20', NULL),
(30, 53, '03e4e6bb13d8383d23fe693d50dd9a9e21b6ab0305374b6a556832b62113b494', '2018-05-13 10:19:39', '2018-07-29 19:39:20', NULL),
(31, 54, '03e4e6bb13d8383d23fe693d50dd9a9e21b6ab0305374b6a556832b62113b494', '2018-05-13 10:19:39', '2018-07-29 19:39:20', NULL),
(32, 55, '03e4e6bb13d8383d23fe693d50dd9a9e21b6ab0305374b6a556832b62113b494', '2018-05-13 10:19:39', '2018-07-29 19:39:20', NULL),
(33, 56, '03e4e6bb13d8383d23fe693d50dd9a9e21b6ab0305374b6a556832b62113b494', '2018-05-13 10:19:39', '2018-07-29 19:39:20', NULL),
(34, 57, '03e4e6bb13d8383d23fe693d50dd9a9e21b6ab0305374b6a556832b62113b494', '2018-05-13 10:19:39', '2018-07-29 19:39:20', NULL),
(35, 58, '03e4e6bb13d8383d23fe693d50dd9a9e21b6ab0305374b6a556832b62113b494', '2018-05-13 10:19:39', '2018-07-29 19:39:20', NULL);

-- --------------------------------------------------------

--
-- Table structure for table `la_configs`
--

CREATE TABLE `la_configs` (
  `id` int(10) UNSIGNED NOT NULL,
  `key` varchar(50) COLLATE utf8_unicode_ci NOT NULL,
  `section` varchar(100) COLLATE utf8_unicode_ci NOT NULL DEFAULT '',
  `value` varchar(255) COLLATE utf8_unicode_ci NOT NULL,
  `created_at` timestamp NULL DEFAULT NULL,
  `updated_at` timestamp NULL DEFAULT NULL
) ENGINE=MyISAM DEFAULT CHARSET=utf8 COLLATE=utf8_unicode_ci;

--
-- Dumping data for table `la_configs`
--

INSERT INTO `la_configs` (`id`, `key`, `section`, `value`, `created_at`, `updated_at`) VALUES
(1, 'sitename', '', 'InvesTani', '2018-03-14 23:59:06', '2018-03-14 23:59:06'),
(2, 'sitename_part1', '', 'inves', '2018-03-14 23:59:06', '2018-03-14 23:59:06'),
(3, 'sitename_part2', '', 'Tani', '2018-03-14 23:59:06', '2018-03-14 23:59:06'),
(4, 'sitename_short', '', 'LA', '2018-03-14 23:59:06', '2018-03-14 23:59:06'),
(5, 'site_description', '', 'InvesTani Dashboard', '2018-03-14 23:59:06', '2018-03-14 23:59:06'),
(6, 'sidebar_search', '', '1', '2018-03-14 23:59:06', '2018-03-14 23:59:06'),
(7, 'show_messages', '', '0', '2018-03-14 23:59:06', '2018-03-14 23:59:06'),
(8, 'show_notifications', '', '1', '2018-03-14 23:59:06', '2018-03-14 23:59:06'),
(9, 'show_tasks', '', '1', '2018-03-14 23:59:06', '2018-03-14 23:59:06'),
(10, 'show_rightsidebar', '', '0', '2018-03-14 23:59:06', '2018-03-14 23:59:06'),
(11, 'skin', '', 'skin-white', '2018-03-14 23:59:06', '2018-03-14 23:59:06'),
(12, 'layout', '', 'fixed', '2018-03-14 23:59:06', '2018-03-14 23:59:06'),
(13, 'default_email', '', 'test@example.com', '2018-03-14 23:59:06', '2018-03-14 23:59:06');

-- --------------------------------------------------------

--
-- Table structure for table `la_menus`
--

CREATE TABLE `la_menus` (
  `id` int(10) UNSIGNED NOT NULL,
  `name` varchar(50) COLLATE utf8_unicode_ci NOT NULL,
  `url` varchar(256) COLLATE utf8_unicode_ci NOT NULL,
  `icon` varchar(50) COLLATE utf8_unicode_ci NOT NULL DEFAULT 'fa-cube',
  `type` varchar(20) COLLATE utf8_unicode_ci NOT NULL DEFAULT 'module',
  `parent` int(10) UNSIGNED NOT NULL DEFAULT 0,
  `hierarchy` int(10) UNSIGNED NOT NULL DEFAULT 0,
  `created_at` timestamp NULL DEFAULT NULL,
  `updated_at` timestamp NULL DEFAULT NULL
) ENGINE=MyISAM DEFAULT CHARSET=utf8 COLLATE=utf8_unicode_ci;

--
-- Dumping data for table `la_menus`
--

INSERT INTO `la_menus` (`id`, `name`, `url`, `icon`, `type`, `parent`, `hierarchy`, `created_at`, `updated_at`) VALUES
(1, 'Team', '#', 'fa-users', 'custom', 0, 7, '2018-03-14 23:59:01', '2018-04-30 04:38:27'),
(2, 'Users', 'users', 'fa-users', 'module', 1, 1, '2018-03-14 23:59:01', '2018-03-15 21:18:31'),
(3, 'Uploads', 'uploads', 'fa-cloud-upload-alt', 'module', 0, 5, '2018-03-14 23:59:01', '2018-04-30 04:38:27'),
(4, 'Departments', 'departments', 'fa-tags', 'module', 1, 2, '2018-03-14 23:59:01', '2018-03-15 21:18:31'),
(5, 'Employees', 'employees', 'fa-users', 'module', 1, 3, '2018-03-14 23:59:01', '2018-03-15 21:18:31'),
(6, 'Roles', 'roles', 'fa-user-plus', 'module', 1, 4, '2018-03-14 23:59:01', '2018-03-15 21:18:31'),
(7, 'Organizations', 'organizations', 'fa-university', 'module', 0, 6, '2018-03-14 23:59:01', '2018-04-30 04:38:27'),
(8, 'Permissions', 'permissions', 'fa-magic', 'module', 1, 5, '2018-03-14 23:59:02', '2018-03-15 21:18:31'),
(20, 'Loans', 'loans', 'fa fa-cube', 'module', 0, 2, '2018-03-16 03:06:44', '2018-04-30 04:38:27'),
(21, 'Products', 'products', 'fa fa-cube', 'module', 0, 3, '2018-03-19 02:13:56', '2018-04-30 04:38:27'),
(22, 'Campaign Categories', 'campaign_categories', 'fa fa-cube', 'module', 0, 4, '2018-03-26 20:49:24', '2018-04-30 04:38:27'),
(23, 'Dashboard', 'dashboard', 'fa-tachometer-alt', 'module', 0, 1, '2018-04-30 02:34:00', '2018-04-30 04:38:27');

-- --------------------------------------------------------

--
-- Table structure for table `levels`
--

CREATE TABLE `levels` (
  `id` int(11) NOT NULL,
  `name` varchar(50) DEFAULT NULL
) ENGINE=MyISAM DEFAULT CHARSET=latin1;

--
-- Dumping data for table `levels`
--

INSERT INTO `levels` (`id`, `name`) VALUES
(1, 'Komisaris'),
(2, 'Direksi'),
(3, 'Manager'),
(4, 'Kepala Bagian/Supervisor'),
(5, 'karyawan/Staff'),
(6, 'Lainnya');

-- --------------------------------------------------------

--
-- Table structure for table `loans`
--

CREATE TABLE `loans` (
  `id` int(10) UNSIGNED NOT NULL,
  `title` varchar(512) COLLATE utf8_unicode_ci NOT NULL DEFAULT '',
  `story` varchar(2048) COLLATE utf8_unicode_ci NOT NULL,
  `excerpt` varchar(2048) COLLATE utf8_unicode_ci NOT NULL,
  `tags` varchar(1000) COLLATE utf8_unicode_ci NOT NULL DEFAULT '["sapi","penggemukan"]',
  `location` varchar(1000) COLLATE utf8_unicode_ci NOT NULL DEFAULT '',
  `user_id` int(10) UNSIGNED NOT NULL DEFAULT 1,
  `staff_name` varchar(32) COLLATE utf8_unicode_ci NOT NULL DEFAULT '',
  `organized_by` varchar(250) COLLATE utf8_unicode_ci NOT NULL DEFAULT 'Sedana Farm',
  `image` int(11) NOT NULL,
  `amount_needed` double(15,2) NOT NULL DEFAULT 0.00,
  `amount_funded` double(15,2) NOT NULL,
  `start_at` date NOT NULL DEFAULT '2018-01-01',
  `end_at` date NOT NULL DEFAULT '2018-01-01',
  `is_recomended` tinyint(1) NOT NULL DEFAULT 0,
  `deleted_at` timestamp NULL DEFAULT NULL,
  `created_at` timestamp NULL DEFAULT NULL,
  `updated_at` timestamp NULL DEFAULT NULL,
  `category` int(10) UNSIGNED NOT NULL DEFAULT 1,
  `qty_needed` int(10) UNSIGNED NOT NULL DEFAULT 0,
  `qty_funded` int(10) UNSIGNED NOT NULL DEFAULT 0,
  `price` double(15,2) NOT NULL DEFAULT 0.00,
  `share_profit_1` int(10) UNSIGNED NOT NULL DEFAULT 10,
  `share_profit_2` int(10) UNSIGNED NOT NULL DEFAULT 13,
  `status` smallint(6) DEFAULT 1 COMMENT '0:ready to run,1:running, 9:closed; -1: deleted'
) ENGINE=MyISAM DEFAULT CHARSET=utf8 COLLATE=utf8_unicode_ci;

--
-- Dumping data for table `loans`
--

INSERT INTO `loans` (`id`, `title`, `story`, `excerpt`, `tags`, `location`, `user_id`, `staff_name`, `organized_by`, `image`, `amount_needed`, `amount_funded`, `start_at`, `end_at`, `is_recomended`, `deleted_at`, `created_at`, `updated_at`, `category`, `qty_needed`, `qty_funded`, `price`, `share_profit_1`, `share_profit_2`, `status`) VALUES
(1, 'Budidaya Sorghum', 'Jika dilihat sekilas tanaman sorghum mirip dengan tanaman jagung. Di Indonesia sorghum masih jarang dimanfaatkan atau diolah manjadi makanan. Padahal, sorghum mengandung karbohidrat yang sama baiknya dengan beras. Di Indonesia produksi tanaman sorghum masih rendah dibandingkan produksi di beberapa negara di Asia tenggara. Tanaman sorghum ini dapat tumbuh walaupun dalam kondisi kekeringan dan dapat terus tumbuh walaupun telah dipangkas batangnya. Tanaman sorghum harus lebih dikembangkan di Indonesia, terutama melalui project budidaya ini.\r\n\r\nSorgum atau Cantel, adalah jenis tanaman yang dimanfaatkan buahnya untuk dijadikan tepung sorghum sebagai kebutuhan pangan pokok, juga bisa diolah untuk pakan ternak dan bahan baku industri. Di Indonesia tanaman ini di budidayakan didaerah bagain timur, tepung sorghum dapat diolah menjadi bermacam jenis makanan, seperti aneka kue, roti, jenang, tepung bubur dll.\r\n\r\nMenanam / membudidaya kan sorghum tidak sulit karena tanaman ini dapat tumbuh di daerah yang tinggi maupun yang rendah.tanah yang di butuhkan dari tanah lempung, lempung berpasir, tanah branjangan tanah lebu dan tanah yang mengandung bahan organik, curah hujan sedang suhu udara 22- 32 derajat c, ph tanah 5, 5 s/d 7 dan tata air yang baik.', 'Sorghum spp. atau Sorghum adalah salah satu tanaman serealia yang serbaguna yang banyak digunakan sebagai pengganti makanan pokok; dijadikan tepung untuk membuat roti, kue , bubur dll; bahan baku industri; serta pakan ternak. Sorghum menjadi makanan pokok di daerah Asia Selatan dan Afrika sub-sahara.', '[\"sorghum\",\"pertanian\",\"perkebunan\"]', 'Jakarta', 3, 'Staff Ops', 'Sedana Farm', 17, 10000000.00, 5000000.00, '2018-05-02', '2018-05-19', 0, '2018-07-09 00:00:00', '2018-03-16 03:10:50', '2018-05-14 08:25:38', 5, 4, 2, 2500000.00, 10, 13, -1),
(2, 'Pengembangbiakan Sapi (BC0001)', 'story  by fauzan', 'Yu kita bantu Pak Sakidjan untuk mengembangkan usaha sapinya mulai dari pembibitan.', '[\"sapi\"]', 'Jonggol', 1, '0', 'Sedana Farm', 12, 17000000.00, 0.00, '2018-05-01', '2018-05-31', 0, '2018-07-09 00:00:00', '2018-03-19 02:45:59', '2018-05-14 05:12:21', 2, 7, 0, 2500000.00, 10, 13, -1),
(5, 'Test Upload', 'strfdfd', 'dffsfsdfsd', '[\"sapi\",\"penggemukan\"]', 'sdfdsfsd', 1, '0', 'Sedana Farm', 10, 200000000.00, 72500000.00, '2018-05-11', '2018-05-21', 0, '2018-07-09 00:00:00', '2018-04-03 23:16:56', '2018-05-16 02:39:18', 5, 80, 29, 2500000.00, 10, 13, -1),
(6, 'Test Image', 'fauzan test', 'sumary', '[\"sapi\",\"penggemukan\"]', 'asdas', 1, '0', 'Sedana Farm', 23, 500000000.00, 270000000.00, '2018-05-11', '2018-06-30', 1, '2018-07-09 00:00:00', '2018-04-03 23:20:23', '2018-06-27 23:33:51', 2, 200, 108, 2500000.00, 1111, 13, -1),
(3, 'Test', 'jkcxn', 'njknjm', '[\"sapi\",\"penggemukan\"]', 'kmkl', 1, '0kjjk', 'Sedana Farm', 0, 0.00, 0.00, '1970-04-15', '2018-05-20', 1, '2018-03-27 07:46:18', '2018-03-21 00:22:53', '2018-03-27 07:46:18', 1, 0, 0, 2500000.00, 11, 13, -1),
(4, 'Tessttttt', 'dczxczxczxc', 'cxczczxczxcxz', '[\"sapi\",\"penggemukan\"]', 'sadasxcxzcz', 1, 'Me', 'Sedana Farm', 10, 0.00, 0.00, '1970-01-01', '1970-01-01', 0, '2018-03-27 08:16:08', '2018-03-27 08:05:50', '2018-03-27 08:16:08', 3, 0, 0, 2500000.00, 10, 13, -1),
(7, 'test fau', 'fau story', 'fau testing ', '[\"sapi\",\"penggemukan\"]', 'jakarta', 1, '0', 'Sedana Farm', 0, 200000000.00, 52500000.00, '2018-05-01', '2019-05-31', 0, '2018-07-09 00:00:00', '2018-05-01 19:42:55', '2018-06-08 02:55:10', 1, 80, 21, 2500000.00, 10, 13, -1),
(8, 'Produk unggulan penggemukan sapi', 'penggemukan sapi periode 1', 'ini berisi konten', '[\"sapi\",\"penggemukan\"]', 'jombang', 1, '0', 'Sedana Farm', 24, 200000000.00, 0.00, '2018-05-06', '2018-05-19', 1, '2018-07-09 00:00:00', '2018-05-06 23:26:33', '2018-05-14 05:15:19', 1, 80, 0, 2500000.00, 10, 13, -1),
(9, 'Pembesaran Pedet BA042324', '<p> <b>Peternakan Pembesaran Sapi Pedet 24 Ekor</b><br>\r\nPedet adalah sapi lepas sapih atau sapi yang memiliki umur sekitar 8 sampai 10 bulan. Pedet tersebut akan dibesarkan selama 1 tahun hingga mencapai bobot sekitar 400-450 Kg. \r\nPedet-pedet tersebut akan dipelihara secara berkelompok tanpa di ikat, sehingga memberikan cukup ruang bagi pedet untuk bergerak melatih otot-ototnya. Diharapkan dengan perlakukan pemeliharaan seperti ini akan menghasilkan sapi bakalan (sapi yang siap digemukan untuk dipotong) yang berkualitas.</p>\r\n\r\n \r\n<p><div class=\"login login-button\">\r\n <a href=\"http://taniku.onpremi.com/assets/prospektus/Prospektus-Peternakan-Sedana-Rearing.pdf\"   target=\"blank\" class=\"btn-primary\">Lihat Prospektus</a></div>\r\n</p>\r\n \r\n<p><b>Prospek Usaha Pembesaran Sapi Pedet</b><br>\r\nTingginya harga sapi pedet tentu akan berimbas kepada tingginya sapi siap potong. \r\nSelain itu untuk menjaga kualitas daging yang dihasilkan kami memelihara mulai dari pedet.</p>\r\n\r\n<p><b>PT. Sedana Peternak Sentosa</b><br>\r\nPT. Sedana Peternak Sentosa adalah pelaku budidaya yang disuport oleh para ahli dibidang sapi potong. Berkomitmen meningkatkan populasi sapi di Indonesia. Sedana Peternak Sentosa meyakini bahwa usaha pembesaran sapi pedet ini dapat berjalan apabila dilakukan secara bersama dan berkesinambungan.\r\n</p>', 'Pedet adalah sapi lepas sapih atau sapi yang memiliki umur sekitar 8 sampai 10 bulan. Pedet tersebut akan dibesarkan selama 1 tahun hingga mencapai bobot sekitar 400-450 Kg.', '[\"sapi\",\"penggemukan\"]', '0', 1, '0', 'Sedana Farm', 65, 290000000.00, 290000000.00, '2018-04-01', '2019-01-01', 0, NULL, '2018-07-08 17:38:17', '2018-07-30 08:57:29', 2, 116, 116, 2500000.00, 10, 13, 9),
(10, 'Pembesaran Pedet BA050525', '<p> <b>Peternakan Pembesaran Sapi Pedet 25 Ekor</b><br>\r\nPedet adalah sapi lepas sapih atau sapi yang memiliki umur sekitar 8 sampai 10 bulan. Pedet tersebut akan dibesarkan selama 1 tahun hingga mencapai bobot sekitar 400-450 Kg. \r\nPedet-pedet tersebut akan dipelihara secara berkelompok tanpa di ikat, sehingga memberikan cukup ruang bagi pedet untuk bergerak melatih otot-ototnya. Diharapkan dengan perlakukan pemeliharaan seperti ini akan menghasilkan sapi bakalan (sapi yang siap digemukan untuk dipotong) yang berkualitas.</p>\r\n\r\n \r\n<p><div class=\"login login-button\">\r\n <a href=\"http://taniku.onpremi.com/assets/prospektus/Prospektus-Peternakan-Sedana-Rearing.pdf\"   target=\"blank\" class=\"btn-primary\">Lihat Prospektus</a></div>\r\n</p>\r\n \r\n<p><b>Prospek Usaha Pembesaran Sapi Pedet</b><br>\r\nTingginya harga sapi pedet tentu akan berimbas kepada tingginya sapi siap potong. \r\nSelain itu untuk menjaga kualitas daging yang dihasilkan kami memelihara mulai dari pedet.</p>\r\n\r\n<p><b>PT. Sedana Peternak Sentosa</b><br>\r\nPT. Sedana Peternak Sentosa adalah pelaku budidaya yang disuport oleh para ahli dibidang sapi potong. Berkomitmen meningkatkan populasi sapi di Indonesia. Sedana Peternak Sentosa meyakini bahwa usaha pembesaran sapi pedet ini dapat berjalan apabila dilakukan secara bersama dan berkesinambungan.\r\n</p>', 'Pedet adalah sapi lepas sapih atau sapi yang memiliki umur sekitar 8 sampai 10 bulan. Pedet tersebut akan dibesarkan selama 1 tahun hingga mencapai bobot sekitar 400-450 Kg.', '[\"sapi\",\"penggemukan\"]', '0', 1, 'fauzan', 'Sedana Farm', 66, 300000000.00, 300000000.00, '2018-04-14', '2019-01-01', 0, NULL, '2018-07-08 20:50:25', '2018-07-30 08:58:07', 2, 120, 120, 2500000.00, 10, 13, 9),
(11, 'Pembesaran Pedet BA050726', '<p> <b>Peternakan Pembesaran Sapi Pedet 26 Ekor</b><br>\r\nPedet adalah sapi lepas sapih atau sapi yang memiliki umur sekitar 8 sampai 10 bulan. Pedet tersebut akan dibesarkan selama 1 tahun hingga mencapai bobot sekitar 400-450 Kg. \r\nPedet-pedet tersebut akan dipelihara secara berkelompok tanpa di ikat, sehingga memberikan cukup ruang bagi pedet untuk bergerak melatih otot-ototnya. Diharapkan dengan perlakukan pemeliharaan seperti ini akan menghasilkan sapi bakalan (sapi yang siap digemukan untuk dipotong) yang berkualitas.</p>\r\n\r\n \r\n<p><div class=\"login login-button\">\r\n <a href=\"http://taniku.onpremi.com/assets/prospektus/Prospektus-Peternakan-Sedana-Rearing.pdf\"   target=\"blank\" class=\"btn-primary\">Lihat Prospektus</a></div>\r\n</p>\r\n \r\n<p><b>Prospek Usaha Pembesaran Sapi Pedet</b><br>\r\nTingginya harga sapi pedet tentu akan berimbas kepada tingginya sapi siap potong. \r\nSelain itu untuk menjaga kualitas daging yang dihasilkan kami memelihara mulai dari pedet.</p>\r\n\r\n<p><b>PT. Sedana Peternak Sentosa</b><br>\r\nPT. Sedana Peternak Sentosa adalah pelaku budidaya yang disuport oleh para ahli dibidang sapi potong. Berkomitmen meningkatkan populasi sapi di Indonesia. Sedana Peternak Sentosa meyakini bahwa usaha pembesaran sapi pedet ini dapat berjalan apabila dilakukan secara bersama dan berkesinambungan.\r\n</p>', 'Pedet adalah sapi lepas sapih atau sapi yang memiliki umur sekitar 8 sampai 10 bulan. Pedet tersebut akan dibesarkan selama 1 tahun hingga mencapai bobot sekitar 400-450 Kg.', '[\"sapi\",\"penggemukan\"]', '0', 1, 'fauzan', 'Sedana Farm', 67, 312500000.00, 312500000.00, '2018-04-16', '2019-01-01', 0, NULL, '2018-07-08 21:11:05', '2018-07-30 08:58:41', 2, 125, 125, 2500000.00, 10, 13, 9),
(12, 'Pembesaran Pedet BA050826', '<p> <b>Peternakan Pembesaran Sapi Pedet 26 Ekor</b><br>\r\nPedet adalah sapi lepas sapih atau sapi yang memiliki umur sekitar 8 sampai 10 bulan. Pedet tersebut akan dibesarkan selama 1 tahun hingga mencapai bobot sekitar 400-450 Kg. \r\nPedet-pedet tersebut akan dipelihara secara berkelompok tanpa di ikat, sehingga memberikan cukup ruang bagi pedet untuk bergerak melatih otot-ototnya. Diharapkan dengan perlakukan pemeliharaan seperti ini akan menghasilkan sapi bakalan (sapi yang siap digemukan untuk dipotong) yang berkualitas.</p>\r\n\r\n \r\n<p><div class=\"login login-button\">\r\n <a href=\"http://taniku.onpremi.com/assets/prospektus/Prospektus-Peternakan-Sedana-Rearing.pdf\"   target=\"blank\" class=\"btn-primary\">Lihat Prospektus</a></div>\r\n</p>\r\n \r\n<p><b>Prospek Usaha Pembesaran Sapi Pedet</b><br>\r\nTingginya harga sapi pedet tentu akan berimbas kepada tingginya sapi siap potong. \r\nSelain itu untuk menjaga kualitas daging yang dihasilkan kami memelihara mulai dari pedet.</p>\r\n\r\n<p><b>PT. Sedana Peternak Sentosa</b><br>\r\nPT. Sedana Peternak Sentosa adalah pelaku budidaya yang disuport oleh para ahli dibidang sapi potong. Berkomitmen meningkatkan populasi sapi di Indonesia. Sedana Peternak Sentosa meyakini bahwa usaha pembesaran sapi pedet ini dapat berjalan apabila dilakukan secara bersama dan berkesinambungan.\r\n</p>', 'Pedet adalah sapi lepas sapih atau sapi yang memiliki umur sekitar 8 sampai 10 bulan. Pedet tersebut akan dibesarkan selama 1 tahun hingga mencapai bobot sekitar 400-450 Kg.', '[\"sapi\",\"penggemukan\"]', '0', 1, '0', 'Sedana Farm', 68, 312500000.00, 312500000.00, '2018-04-17', '2019-01-01', 0, NULL, '2018-07-08 21:18:41', '2018-07-30 08:59:56', 2, 125, 125, 2500000.00, 10, 13, 9),
(13, 'Pembesaran Pedet BA051920', '<p> <b>Peternakan Pembesaran Sapi Pedet 20 Ekor</b><br>\r\nPedet adalah sapi lepas sapih atau sapi yang memiliki umur sekitar 8 sampai 10 bulan. Pedet tersebut akan dibesarkan selama 1 tahun hingga mencapai bobot sekitar 400-450 Kg. \r\nPedet-pedet tersebut akan dipelihara secara berkelompok tanpa di ikat, sehingga memberikan cukup ruang bagi pedet untuk bergerak melatih otot-ototnya. Diharapkan dengan perlakukan pemeliharaan seperti ini akan menghasilkan sapi bakalan (sapi yang siap digemukan untuk dipotong) yang berkualitas.</p>\r\n\r\n \r\n<p><div class=\"login login-button\">\r\n <a href=\"http://taniku.onpremi.com/assets/prospektus/Prospektus-Peternakan-Sedana-Rearing.pdf\"   target=\"blank\" class=\"btn-primary\">Lihat Prospektus</a></div>\r\n</p>\r\n \r\n<p><b>Prospek Usaha Pembesaran Sapi Pedet</b><br>\r\nTingginya harga sapi pedet tentu akan berimbas kepada tingginya sapi siap potong. \r\nSelain itu untuk menjaga kualitas daging yang dihasilkan kami memelihara mulai dari pedet.</p>\r\n\r\n<p><b>PT. Sedana Peternak Sentosa</b><br>\r\nPT. Sedana Peternak Sentosa adalah pelaku budidaya yang disuport oleh para ahli dibidang sapi potong. Berkomitmen meningkatkan populasi sapi di Indonesia. Sedana Peternak Sentosa meyakini bahwa usaha pembesaran sapi pedet ini dapat berjalan apabila dilakukan secara bersama dan berkesinambungan.\r\n</p>', 'Pedet adalah sapi lepas sapih atau sapi yang memiliki umur sekitar 8 sampai 10 bulan. Pedet tersebut akan dibesarkan selama 1 tahun hingga mencapai bobot sekitar 400-450 Kg.', '[\"sapi\",\"penggemukan\"]', '0', 1, 'fauzan', 'Sedana Farm', 69, 240000000.00, 240000000.00, '2018-04-26', '2019-01-01', 0, NULL, '2018-07-08 21:21:57', '2018-07-30 09:00:36', 2, 96, 96, 2500000.00, 10, 13, 9),
(14, 'Pembesaran Pedet BA052215', '<p> <b>Peternakan Pembesaran Sapi Pedet 15 Ekor</b><br>\r\nPedet adalah sapi lepas sapih atau sapi yang memiliki umur sekitar 8 sampai 10 bulan. Pedet tersebut akan dibesarkan selama 1 tahun hingga mencapai bobot sekitar 400-450 Kg. \r\nPedet-pedet tersebut akan dipelihara secara berkelompok tanpa di ikat, sehingga memberikan cukup ruang bagi pedet untuk bergerak melatih otot-ototnya. Diharapkan dengan perlakukan pemeliharaan seperti ini akan menghasilkan sapi bakalan (sapi yang siap digemukan untuk dipotong) yang berkualitas.</p>\r\n\r\n \r\n<p><div class=\"login login-button\">\r\n <a href=\"http://taniku.onpremi.com/assets/prospektus/Prospektus-Peternakan-Sedana-Rearing.pdf\"   target=\"blank\" class=\"btn-primary\">Lihat Prospektus</a></div>\r\n</p>\r\n \r\n<p><b>Prospek Usaha Pembesaran Sapi Pedet</b><br>\r\nTingginya harga sapi pedet tentu akan berimbas kepada tingginya sapi siap potong. \r\nSelain itu untuk menjaga kualitas daging yang dihasilkan kami memelihara mulai dari pedet.</p>\r\n\r\n<p><b>PT. Sedana Peternak Sentosa</b><br>\r\nPT. Sedana Peternak Sentosa adalah pelaku budidaya yang disuport oleh para ahli dibidang sapi potong. Berkomitmen meningkatkan populasi sapi di Indonesia. Sedana Peternak Sentosa meyakini bahwa usaha pembesaran sapi pedet ini dapat berjalan apabila dilakukan secara bersama dan berkesinambungan.\r\n</p>', 'Pedet adalah sapi lepas sapih atau sapi yang memiliki umur sekitar 8 sampai 10 bulan. Pedet tersebut akan dibesarkan selama 1 tahun hingga mencapai bobot sekitar 400-450 Kg.', '[\"sapi\",\"penggemukan\"]', '0', 1, 'fauzan', 'Sedana Farm', 70, 180000000.00, 180000000.00, '2018-05-01', '2019-01-01', 0, NULL, '2018-07-08 21:28:28', '2018-07-30 09:01:47', 2, 72, 72, 2500000.00, 10, 13, 9),
(15, 'Pembesaran Pedet BA060327', '<p> <b>Peternakan Pembesaran Sapi Pedet 27 Ekor</b><br>\r\nPedet adalah sapi lepas sapih atau sapi yang memiliki umur sekitar 8 sampai 10 bulan. Pedet tersebut akan dibesarkan selama 1 tahun hingga mencapai bobot sekitar 400-450 Kg. \r\nPedet-pedet tersebut akan dipelihara secara berkelompok tanpa di ikat, sehingga memberikan cukup ruang bagi pedet untuk bergerak melatih otot-ototnya. Diharapkan dengan perlakukan pemeliharaan seperti ini akan menghasilkan sapi bakalan (sapi yang siap digemukan untuk dipotong) yang berkualitas.</p>\r\n\r\n \r\n<p><div class=\"login login-button\">\r\n <a href=\"http://taniku.onpremi.com/assets/prospektus/Prospektus-Peternakan-Sedana-Rearing.pdf\"   target=\"blank\" class=\"btn-primary\">Lihat Prospektus</a></div>\r\n</p>\r\n \r\n<p><b>Prospek Usaha Pembesaran Sapi Pedet</b><br>\r\nTingginya harga sapi pedet tentu akan berimbas kepada tingginya sapi siap potong. \r\nSelain itu untuk menjaga kualitas daging yang dihasilkan kami memelihara mulai dari pedet.</p>\r\n\r\n<p><b>PT. Sedana Peternak Sentosa</b><br>\r\nPT. Sedana Peternak Sentosa adalah pelaku budidaya yang disuport oleh para ahli dibidang sapi potong. Berkomitmen meningkatkan populasi sapi di Indonesia. Sedana Peternak Sentosa meyakini bahwa usaha pembesaran sapi pedet ini dapat berjalan apabila dilakukan secara bersama dan berkesinambungan.\r\n</p>', 'Pedet adalah sapi lepas sapih atau sapi yang memiliki umur sekitar 8 sampai 10 bulan. Pedet tersebut akan dibesarkan selama 1 tahun hingga mencapai bobot sekitar 400-450 Kg.', '[\"sapi\",\"penggemukan\"]', '0', 1, 'fauzan', 'Sedana Farm', 71, 325000000.00, 165000000.00, '2018-05-13', '2019-01-01', 0, NULL, '2018-07-08 21:32:40', '2018-08-29 21:13:32', 2, 130, 66, 2500000.00, 10, 13, 1),
(16, 'Pembesaran Pedet BA061027', '<p> <b>Peternakan Pembesaran Sapi Pedet 27 Ekor</b><br>\r\nPedet adalah sapi lepas sapih atau sapi yang memiliki umur sekitar 8 sampai 10 bulan. Pedet tersebut akan dibesarkan selama 1 tahun hingga mencapai bobot sekitar 400-450 Kg. \r\nPedet-pedet tersebut akan dipelihara secara berkelompok tanpa di ikat, sehingga memberikan cukup ruang bagi pedet untuk bergerak melatih otot-ototnya. Diharapkan dengan perlakukan pemeliharaan seperti ini akan menghasilkan sapi bakalan (sapi yang siap digemukan untuk dipotong) yang berkualitas.</p>\r\n\r\n \r\n<p><div class=\"login login-button\">\r\n <a href=\"http://taniku.onpremi.com/assets/prospektus/Prospektus-Peternakan-Sedana-Rearing.pdf\"   target=\"blank\" class=\"btn-primary\">Lihat Prospektus</a></div>\r\n</p>\r\n \r\n<p><b>Prospek Usaha Pembesaran Sapi Pedet</b><br>\r\nTingginya harga sapi pedet tentu akan berimbas kepada tingginya sapi siap potong. \r\nSelain itu untuk menjaga kualitas daging yang dihasilkan kami memelihara mulai dari pedet.</p>\r\n\r\n<p><b>PT. Sedana Peternak Sentosa</b><br>\r\nPT. Sedana Peternak Sentosa adalah pelaku budidaya yang disuport oleh para ahli dibidang sapi potong. Berkomitmen meningkatkan populasi sapi di Indonesia. Sedana Peternak Sentosa meyakini bahwa usaha pembesaran sapi pedet ini dapat berjalan apabila dilakukan secara bersama dan berkesinambungan.\r\n</p>', 'Pedet adalah sapi lepas sapih atau sapi yang memiliki umur sekitar 8 sampai 10 bulan. Pedet tersebut akan dibesarkan selama 1 tahun hingga mencapai bobot sekitar 400-450 Kg.', '[\"sapi\",\"penggemukan\"]', '0', 1, 'fauzan', 'Sedana Farm', 72, 325000000.00, 22500000.00, '2018-05-20', '2019-01-01', 0, NULL, '2018-07-08 21:36:08', '2018-07-30 02:04:55', 2, 130, 9, 2500000.00, 10, 13, 1),
(17, 'Pembesaran Pedet BA061827', '<p> <b>Peternakan Pembesaran Sapi Pedet 27 Ekor</b><br>\r\nPedet adalah sapi lepas sapih atau sapi yang memiliki umur sekitar 8 sampai 10 bulan. Pedet tersebut akan dibesarkan selama 1 tahun hingga mencapai bobot sekitar 400-450 Kg. \r\nPedet-pedet tersebut akan dipelihara secara berkelompok tanpa di ikat, sehingga memberikan cukup ruang bagi pedet untuk bergerak melatih otot-ototnya. Diharapkan dengan perlakukan pemeliharaan seperti ini akan menghasilkan sapi bakalan (sapi yang siap digemukan untuk dipotong) yang berkualitas.</p>\r\n\r\n \r\n<p><div class=\"login login-button\">\r\n <a href=\"http://taniku.onpremi.com/assets/prospektus/Prospektus-Peternakan-Sedana-Rearing.pdf\"   target=\"blank\" class=\"btn-primary\">Lihat Prospektus</a></div>\r\n</p>\r\n \r\n<p><b>Prospek Usaha Pembesaran Sapi Pedet</b><br>\r\nTingginya harga sapi pedet tentu akan berimbas kepada tingginya sapi siap potong. \r\nSelain itu untuk menjaga kualitas daging yang dihasilkan kami memelihara mulai dari pedet.</p>\r\n\r\n<p><b>PT. Sedana Peternak Sentosa</b><br>\r\nPT. Sedana Peternak Sentosa adalah pelaku budidaya yang disuport oleh para ahli dibidang sapi potong. Berkomitmen meningkatkan populasi sapi di Indonesia. Sedana Peternak Sentosa meyakini bahwa usaha pembesaran sapi pedet ini dapat berjalan apabila dilakukan secara bersama dan berkesinambungan.\r\n</p>', 'Pedet adalah sapi lepas sapih atau sapi yang memiliki umur sekitar 8 sampai 10 bulan. Pedet tersebut akan dibesarkan selama 1 tahun hingga mencapai bobot sekitar 400-450 Kg.', '[\"sapi\",\"penggemukan\"]', '0', 1, 'fauzan', 'Sedana Farm', 73, 325000000.00, 5000000.00, '2018-05-28', '2019-01-01', 0, NULL, '2018-07-08 21:39:15', '2018-07-29 20:51:44', 2, 130, 2, 2500000.00, 10, 13, 1),
(18, 'Penggemukan Sapi Potong (testing)', '<p> <b>Penggemukan Sapi Potong 24 Ekor</b><br>\r\nPenggemukan sapi potong berlangsung sekitar 3-6 bulan hingga bobot sapi ideal untuk dipotong. Sehingga dalam satu tahun dapat terjadi 2-4 siklus penggemukan sapi potong.\r\n</p>\r\n<p><div class=\"login login-button\">\r\n <a href=\"http://taniku.onpremi.com/assets/prospektus/Prospektus-Peternakan-Sedana-Rearing.pdf\"   target=\"blank\" class=\"btn-primary\">Lihat Prospektus</a></div>\r\n</p>\r\n \r\n<p><b>Prospek Usaha Pembesaran Sapi Pedet</b><br>\r\nTingkat konsumsi daging sapi di Indonesia yang hanya sekitar 3Kg per orang per tahun masih sangat kecil dibandingkan dengan Negara lainnya, sehingga pasar daging sapi ini masih sangat terbuka.</p>\r\n\r\n<p><b>PT. Sedana Peternak Sentosa</b><br>\r\nPT. Sedana Peternak Sentosa adalah pelaku budidaya yang disuport oleh para ahli dibidang pembesaran sapi potong. PT Sedana Peternak Sentosa berkomitmen memproduksi daging sapi yang berkualitas, sehingga turut serta dalam membangun kualitas manusia Indonesia menjadi lebih baik dari sisi pemenuhan protein hewani.\r\n</p>', 'PT. Sedana Peternak Sentosa mengajak peran serta masyarakat untuk turut membantu program pemerintah dalam mewujudkan swasembada daging sapi, melalui partisipasi dalam pembiayaan usaha penggemukan sapi potong', '[\"sapi\",\"penggemukan\"]', '0', 1, 'fauzan', 'Sedana Farm', 24, 250000000.00, 60000000.00, '2018-07-27', '2018-08-31', 0, NULL, '2018-07-30 08:30:51', '2018-08-29 21:18:36', 1, 100, 24, 2500000.00, 10, 13, 1),
(21, 'asd', '', '', '', '', 0, 'asd', 'asd', 0, 1.00, 0.00, '0000-00-00', '0000-00-00', 1, '2021-02-17 21:09:11', '2021-02-16 04:14:06', NULL, 0, 0, 0, 1.00, 1, 1, -1),
(22, 'qwe', 'qwe', 'qwe', '[\"sapi\",\"penggemukan\"]', 'qwe', 1, 'qwe', 'qwe', 22, 123.00, 0.00, '2021-02-01', '2021-02-28', 0, NULL, '2021-02-17 03:35:35', NULL, 3, 0, 0, 123.00, 123, 123, 1);

-- --------------------------------------------------------

--
-- Table structure for table `migrations`
--

CREATE TABLE `migrations` (
  `migration` varchar(255) COLLATE utf8_unicode_ci NOT NULL,
  `batch` int(11) NOT NULL
) ENGINE=MyISAM DEFAULT CHARSET=utf8 COLLATE=utf8_unicode_ci;

--
-- Dumping data for table `migrations`
--

INSERT INTO `migrations` (`migration`, `batch`) VALUES
('2014_05_26_050000_create_modules_table', 1),
('2014_05_26_055000_create_module_field_types_table', 1),
('2014_05_26_060000_create_module_fields_table', 1),
('2014_10_12_000000_create_users_table', 1),
('2014_10_12_100000_create_password_resets_table', 1),
('2014_12_01_000000_create_uploads_table', 1),
('2016_05_26_064006_create_departments_table', 1),
('2016_05_26_064007_create_employees_table', 1),
('2016_05_26_064446_create_roles_table', 1),
('2016_07_05_115343_create_role_user_table', 1),
('2016_07_06_140637_create_organizations_table', 1),
('2016_07_07_134058_create_backups_table', 1),
('2016_07_07_134058_create_menus_table', 1),
('2016_09_10_163337_create_permissions_table', 1),
('2016_09_10_163520_create_permission_role_table', 1),
('2016_09_22_105958_role_module_fields_table', 1),
('2016_09_22_110008_role_module_table', 1),
('2016_10_06_115413_create_la_configs_table', 1),
('2018_03_15_093629_create_loans_table', 2),
('2018_03_16_033746_create_loans_table', 3),
('2018_03_16_042906_create_loans_table', 4),
('2018_03_16_070725_create_products_table', 5),
('2018_03_16_074619_create_products_table', 6),
('2018_03_16_090941_create_loan_categories_table', 7),
('2018_03_16_091252_create_loan_categories_table', 8),
('2018_03_16_091944_create_loan_tags_table', 9),
('2018_03_16_093138_create_loans_table', 10),
('2018_03_16_094437_create_loans_table', 11),
('2018_03_16_100032_create_loans_table', 12),
('2018_03_19_091244_create_products_table', 13),
('2018_03_19_091642_create_projects_table', 14),
('2018_03_19_094754_create_campaigns_table', 15),
('2018_03_19_095435_create_campaigns_table', 16),
('2018_03_27_034649_create_campaigncategories_table', 17);

-- --------------------------------------------------------

--
-- Table structure for table `modules`
--

CREATE TABLE `modules` (
  `id` int(10) UNSIGNED NOT NULL,
  `name` varchar(50) COLLATE utf8_unicode_ci NOT NULL,
  `label` varchar(100) COLLATE utf8_unicode_ci NOT NULL,
  `name_db` varchar(50) COLLATE utf8_unicode_ci NOT NULL,
  `view_col` varchar(50) COLLATE utf8_unicode_ci NOT NULL,
  `model` varchar(50) COLLATE utf8_unicode_ci NOT NULL,
  `controller` varchar(100) COLLATE utf8_unicode_ci NOT NULL,
  `fa_icon` varchar(30) COLLATE utf8_unicode_ci NOT NULL DEFAULT 'fa-cube',
  `is_gen` tinyint(1) NOT NULL,
  `created_at` timestamp NULL DEFAULT NULL,
  `updated_at` timestamp NULL DEFAULT NULL
) ENGINE=MyISAM DEFAULT CHARSET=utf8 COLLATE=utf8_unicode_ci;

--
-- Dumping data for table `modules`
--

INSERT INTO `modules` (`id`, `name`, `label`, `name_db`, `view_col`, `model`, `controller`, `fa_icon`, `is_gen`, `created_at`, `updated_at`) VALUES
(1, 'Users', 'Users', 'users', 'name', 'User', 'UsersController', 'fa-group', 1, '2018-03-14 23:58:37', '2018-03-14 23:59:06'),
(2, 'Uploads', 'Uploads', 'uploads', 'name', 'Upload', 'UploadsController', 'fa-files-o', 1, '2018-03-14 23:58:38', '2018-03-14 23:59:06'),
(3, 'Departments', 'Departments', 'departments', 'name', 'Department', 'DepartmentsController', 'fa-tags', 1, '2018-03-14 23:58:40', '2018-03-14 23:59:06'),
(4, 'Employees', 'Employees', 'employees', 'name', 'Employee', 'EmployeesController', 'fa-group', 1, '2018-03-14 23:58:41', '2018-03-14 23:59:06'),
(5, 'Roles', 'Roles', 'roles', 'name', 'Role', 'RolesController', 'fa-user-plus', 1, '2018-03-14 23:58:44', '2018-03-14 23:59:06'),
(6, 'Organizations', 'Organizations', 'organizations', 'name', 'Organization', 'OrganizationsController', 'fa-university', 1, '2018-03-14 23:58:49', '2018-03-14 23:59:06'),
(7, 'Backups', 'Backups', 'backups', 'name', 'Backup', 'BackupsController', 'fa-hdd-o', 1, '2018-03-14 23:58:51', '2018-03-14 23:59:07'),
(8, 'Permissions', 'Permissions', 'permissions', 'name', 'Permission', 'PermissionsController', 'fa-magic', 1, '2018-03-14 23:58:53', '2018-03-14 23:59:07'),
(20, 'Loans', 'Loans', 'loans', 'qty_needed', 'Loan', 'LoansController', 'fa-folder-open', 1, '2018-03-16 02:58:10', '2018-07-08 20:59:50'),
(21, 'Products', 'Products', 'products', 'name', 'Product', 'ProductsController', 'fa-cube', 0, '2018-03-19 02:13:37', '2018-03-19 02:13:37'),
(22, 'Campaigncategories', 'Campaigncategories', 'campaigncategories', 'name', 'Campaigncategory', 'CampaigncategoriesController', 'fa-cube', 0, '2018-03-26 20:48:41', '2018-03-26 20:48:41'),
(23, 'Fauzans', 'Fauzans', 'fauzans', 'angka_1', 'Fauzan', 'FauzansController', 'fa-cube', 1, '2018-04-30 02:31:17', '2018-04-30 04:40:21');

-- --------------------------------------------------------

--
-- Table structure for table `module_fields`
--

CREATE TABLE `module_fields` (
  `id` int(10) UNSIGNED NOT NULL,
  `colname` varchar(30) COLLATE utf8_unicode_ci NOT NULL,
  `label` varchar(100) COLLATE utf8_unicode_ci NOT NULL,
  `module` int(10) UNSIGNED NOT NULL,
  `field_type` int(10) UNSIGNED NOT NULL,
  `unique` tinyint(1) NOT NULL DEFAULT 0,
  `defaultvalue` varchar(255) COLLATE utf8_unicode_ci NOT NULL,
  `minlength` int(10) UNSIGNED NOT NULL DEFAULT 0,
  `maxlength` int(10) UNSIGNED NOT NULL DEFAULT 0,
  `required` tinyint(1) NOT NULL DEFAULT 0,
  `popup_vals` text COLLATE utf8_unicode_ci NOT NULL,
  `sort` int(10) UNSIGNED NOT NULL DEFAULT 0,
  `created_at` timestamp NULL DEFAULT NULL,
  `updated_at` timestamp NULL DEFAULT NULL
) ENGINE=MyISAM DEFAULT CHARSET=utf8 COLLATE=utf8_unicode_ci;

--
-- Dumping data for table `module_fields`
--

INSERT INTO `module_fields` (`id`, `colname`, `label`, `module`, `field_type`, `unique`, `defaultvalue`, `minlength`, `maxlength`, `required`, `popup_vals`, `sort`, `created_at`, `updated_at`) VALUES
(1, 'name', 'Name', 1, 16, 0, '', 5, 250, 1, '', 0, '2018-03-14 23:58:37', '2018-03-14 23:58:37'),
(2, 'context_id', 'Context', 1, 13, 0, '0', 0, 0, 0, '', 0, '2018-03-14 23:58:37', '2018-03-14 23:58:37'),
(3, 'email', 'Email', 1, 8, 1, '', 0, 250, 0, '', 0, '2018-03-14 23:58:37', '2018-03-14 23:58:37'),
(4, 'password', 'Password', 1, 17, 0, '', 6, 250, 1, '', 0, '2018-03-14 23:58:37', '2018-03-14 23:58:37'),
(5, 'type', 'User Type', 1, 7, 0, 'Employee', 0, 0, 0, '[\"Employee\",\"Client\"]', 0, '2018-03-14 23:58:37', '2018-03-14 23:58:37'),
(6, 'name', 'Name', 2, 16, 0, '', 5, 250, 1, '', 0, '2018-03-14 23:58:38', '2018-03-14 23:58:38'),
(7, 'path', 'Path', 2, 19, 0, '', 0, 250, 0, '', 0, '2018-03-14 23:58:38', '2018-03-14 23:58:38'),
(8, 'extension', 'Extension', 2, 19, 0, '', 0, 20, 0, '', 0, '2018-03-14 23:58:39', '2018-03-14 23:58:39'),
(9, 'caption', 'Caption', 2, 19, 0, '', 0, 250, 0, '', 0, '2018-03-14 23:58:39', '2018-03-14 23:58:39'),
(10, 'user_id', 'Owner', 2, 7, 0, '1', 0, 0, 0, '@users', 0, '2018-03-14 23:58:39', '2018-03-14 23:58:39'),
(11, 'hash', 'Hash', 2, 19, 0, '', 0, 250, 0, '', 0, '2018-03-14 23:58:39', '2018-03-14 23:58:39'),
(12, 'public', 'Is Public', 2, 2, 0, '0', 0, 0, 0, '', 0, '2018-03-14 23:58:39', '2018-03-14 23:58:39'),
(13, 'name', 'Name', 3, 16, 1, '', 1, 250, 1, '', 0, '2018-03-14 23:58:40', '2018-03-14 23:58:40'),
(14, 'tags', 'Tags', 3, 20, 0, '[]', 0, 0, 0, '', 0, '2018-03-14 23:58:40', '2018-03-14 23:58:40'),
(15, 'color', 'Color', 3, 19, 0, '', 0, 50, 1, '', 0, '2018-03-14 23:58:40', '2018-03-14 23:58:40'),
(16, 'name', 'Name', 4, 16, 0, '', 5, 250, 1, '', 0, '2018-03-14 23:58:41', '2018-03-14 23:58:41'),
(17, 'designation', 'Designation', 4, 19, 0, '', 0, 50, 1, '', 0, '2018-03-14 23:58:41', '2018-03-14 23:58:41'),
(18, 'gender', 'Gender', 4, 18, 0, 'Male', 0, 0, 1, '[\"Male\",\"Female\"]', 0, '2018-03-14 23:58:41', '2018-03-14 23:58:41'),
(19, 'mobile', 'Mobile', 4, 14, 0, '', 10, 20, 1, '', 0, '2018-03-14 23:58:41', '2018-03-14 23:58:41'),
(20, 'mobile2', 'Alternative Mobile', 4, 14, 0, '', 10, 20, 0, '', 0, '2018-03-14 23:58:41', '2018-03-14 23:58:41'),
(21, 'email', 'Email', 4, 8, 1, '', 5, 250, 1, '', 0, '2018-03-14 23:58:41', '2018-03-14 23:58:41'),
(22, 'dept', 'Department', 4, 7, 0, '0', 0, 0, 1, '@departments', 0, '2018-03-14 23:58:41', '2018-03-14 23:58:41'),
(23, 'city', 'City', 4, 19, 0, '', 0, 50, 0, '', 0, '2018-03-14 23:58:41', '2018-03-14 23:58:41'),
(24, 'address', 'Address', 4, 1, 0, '', 0, 1000, 0, '', 0, '2018-03-14 23:58:41', '2018-03-14 23:58:41'),
(25, 'about', 'About', 4, 19, 0, '', 0, 0, 0, '', 0, '2018-03-14 23:58:41', '2018-03-14 23:58:41'),
(26, 'date_birth', 'Date of Birth', 4, 4, 0, '1990-01-01', 0, 0, 0, '', 0, '2018-03-14 23:58:41', '2018-03-14 23:58:41'),
(27, 'date_hire', 'Hiring Date', 4, 4, 0, 'date(\'Y-m-d\')', 0, 0, 0, '', 0, '2018-03-14 23:58:41', '2018-03-14 23:58:41'),
(28, 'date_left', 'Resignation Date', 4, 4, 0, '1990-01-01', 0, 0, 0, '', 0, '2018-03-14 23:58:41', '2018-03-14 23:58:41'),
(29, 'salary_cur', 'Current Salary', 4, 6, 0, '0.0', 0, 2, 0, '', 0, '2018-03-14 23:58:41', '2018-03-14 23:58:41'),
(30, 'name', 'Name', 5, 16, 1, '', 1, 250, 1, '', 0, '2018-03-14 23:58:44', '2018-03-14 23:58:44'),
(31, 'display_name', 'Display Name', 5, 19, 0, '', 0, 250, 1, '', 0, '2018-03-14 23:58:44', '2018-03-14 23:58:44'),
(32, 'description', 'Description', 5, 21, 0, '', 0, 1000, 0, '', 0, '2018-03-14 23:58:44', '2018-03-14 23:58:44'),
(33, 'parent', 'Parent Role', 5, 7, 0, '1', 0, 0, 0, '@roles', 0, '2018-03-14 23:58:44', '2018-03-14 23:58:44'),
(34, 'dept', 'Department', 5, 7, 0, '1', 0, 0, 0, '@departments', 0, '2018-03-14 23:58:44', '2018-03-14 23:58:44'),
(35, 'name', 'Name', 6, 16, 1, '', 5, 250, 1, '', 0, '2018-03-14 23:58:49', '2018-03-14 23:58:49'),
(36, 'email', 'Email', 6, 8, 1, '', 0, 250, 0, '', 0, '2018-03-14 23:58:49', '2018-03-14 23:58:49'),
(37, 'phone', 'Phone', 6, 14, 0, '', 0, 20, 0, '', 0, '2018-03-14 23:58:49', '2018-03-14 23:58:49'),
(38, 'website', 'Website', 6, 23, 0, 'http://', 0, 250, 0, '', 0, '2018-03-14 23:58:49', '2018-03-14 23:58:49'),
(39, 'assigned_to', 'Assigned to', 6, 7, 0, '0', 0, 0, 0, '@employees', 0, '2018-03-14 23:58:49', '2018-03-14 23:58:49'),
(40, 'connect_since', 'Connected Since', 6, 4, 0, 'date(\'Y-m-d\')', 0, 0, 0, '', 0, '2018-03-14 23:58:49', '2018-03-14 23:58:49'),
(41, 'address', 'Address', 6, 1, 0, '', 0, 1000, 1, '', 0, '2018-03-14 23:58:49', '2018-03-14 23:58:49'),
(42, 'city', 'City', 6, 19, 0, '', 0, 250, 1, '', 0, '2018-03-14 23:58:49', '2018-03-14 23:58:49'),
(43, 'description', 'Description', 6, 21, 0, '', 0, 1000, 0, '', 0, '2018-03-14 23:58:49', '2018-03-14 23:58:49'),
(44, 'profile_image', 'Profile Image', 6, 12, 0, '', 0, 250, 0, '', 0, '2018-03-14 23:58:49', '2018-03-14 23:58:49'),
(45, 'profile', 'Company Profile', 6, 9, 0, '', 0, 250, 0, '', 0, '2018-03-14 23:58:49', '2018-03-14 23:58:49'),
(46, 'name', 'Name', 7, 16, 1, '', 0, 250, 1, '', 0, '2018-03-14 23:58:51', '2018-03-14 23:58:51'),
(47, 'file_name', 'File Name', 7, 19, 1, '', 0, 250, 1, '', 0, '2018-03-14 23:58:51', '2018-03-14 23:58:51'),
(48, 'backup_size', 'File Size', 7, 19, 0, '0', 0, 10, 1, '', 0, '2018-03-14 23:58:51', '2018-03-14 23:58:51'),
(49, 'name', 'Name', 8, 16, 1, '', 1, 250, 1, '', 0, '2018-03-14 23:58:53', '2018-03-14 23:58:53'),
(50, 'display_name', 'Display Name', 8, 19, 0, '', 0, 250, 1, '', 0, '2018-03-14 23:58:53', '2018-03-14 23:58:53'),
(51, 'description', 'Description', 8, 21, 0, '', 0, 1000, 0, '', 0, '2018-03-14 23:58:53', '2018-03-14 23:58:53'),
(152, 'title', 'Title', 20, 19, 0, '', 0, 512, 1, '', 1, '2018-03-16 02:58:11', '2018-03-16 02:58:11'),
(153, 'story', 'Story', 20, 21, 0, '', 0, 2048, 0, '', 2, '2018-03-16 02:58:11', '2018-03-16 02:58:11'),
(154, 'excerpt', 'Summary', 20, 21, 0, '', 0, 2048, 0, '', 3, '2018-03-16 02:58:11', '2018-03-16 02:58:11'),
(155, 'tags', 'Tags', 20, 20, 0, '[\"sapi\",\"penggemukan\"]', 0, 0, 0, '', 4, '2018-03-16 02:58:11', '2018-03-16 02:58:11'),
(156, 'location', 'Location', 20, 1, 0, '', 0, 1000, 1, '', 5, '2018-03-16 02:58:11', '2018-03-16 02:58:11'),
(157, 'user_id', 'Created By', 20, 7, 0, '0', 0, 32, 1, '@users', 6, '2018-03-16 03:06:19', '2018-05-01 20:13:40'),
(158, 'staff_name', 'Input By', 20, 19, 0, '0', 0, 32, 1, '', 7, '2018-03-16 03:06:19', '2018-03-16 03:06:19'),
(159, 'organized_by', 'PIC', 20, 16, 0, 'Sedana Farm', 5, 250, 1, '', 8, '2018-03-16 03:06:19', '2018-03-16 03:06:19'),
(160, 'image', 'Image', 20, 12, 0, 'default.jpg', 0, 256, 0, '', 9, '2018-03-16 03:06:19', '2018-03-16 03:06:19'),
(161, 'amount_needed', 'Target Amount', 20, 3, 0, '0', 0, 11, 1, '', 10, '2018-03-16 03:06:19', '2018-03-16 03:06:19'),
(162, 'amount_funded', 'Amount Funded', 20, 3, 0, '0', 0, 11, 0, '', 11, '2018-03-16 03:06:19', '2018-03-16 03:06:19'),
(163, 'start_at', 'Start at', 20, 4, 0, 'date(\'Y-m-d\')', 0, 0, 1, '', 12, '2018-03-16 03:06:20', '2018-03-16 03:06:20'),
(164, 'end_at', 'End at', 20, 4, 0, 'date(\'Y-m-d\')', 0, 0, 1, '', 13, '2018-03-16 03:06:20', '2018-03-16 03:06:20'),
(165, 'is_recomended', 'Recomended', 20, 2, 0, '0', 0, 0, 0, '', 14, '2018-03-16 03:06:20', '2018-03-16 03:06:20'),
(166, 'category', 'Category', 20, 7, 0, '', 0, 0, 1, '@campaigncategories', 16, '2018-03-16 03:14:50', '2018-05-01 19:55:36'),
(167, 'name', 'Name', 21, 16, 0, '', 0, 512, 1, '', 0, '2018-03-19 02:13:37', '2018-03-19 02:13:37'),
(168, 'description', 'Description', 21, 21, 0, '', 0, 1000, 0, '', 0, '2018-03-19 02:13:37', '2018-03-19 02:13:37'),
(169, 'size', 'Size', 21, 10, 0, '0', 0, 11, 1, '', 0, '2018-03-19 02:13:37', '2018-03-19 02:13:37'),
(170, 'unit', 'Unit', 21, 7, 0, '1', 0, 0, 1, '[\"mm\",\"ml\",\"ltr\"]', 0, '2018-03-19 02:13:38', '2018-03-19 02:13:38'),
(171, 'price', 'Price', 21, 3, 0, '0', 0, 11, 1, '', 0, '2018-03-19 02:13:38', '2018-03-19 02:13:38'),
(172, 'number_of_stock', 'Stock', 21, 13, 0, '0', 0, 11, 1, '', 0, '2018-03-19 02:13:38', '2018-03-19 02:13:38'),
(173, 'unit_of_stock', 'Unit', 21, 7, 0, '1', 0, 0, 1, '[\"botol\",\"kardus\",\"bungkus\"]', 0, '2018-03-19 02:13:38', '2018-03-19 02:13:38'),
(174, 'is_recomended', 'Recomended', 21, 2, 0, '0', 0, 0, 0, '', 0, '2018-03-19 02:13:38', '2018-03-19 02:13:38'),
(175, 'image', 'Image', 21, 12, 0, 'default.jpg', 0, 250, 0, '', 0, '2018-03-19 02:13:38', '2018-03-19 02:13:38'),
(176, 'name', 'Name', 22, 19, 0, '', 0, 512, 1, '', 0, '2018-03-26 20:48:41', '2018-03-26 20:48:41'),
(177, 'description', 'Description', 22, 21, 0, '', 0, 2048, 0, '', 0, '2018-03-26 20:48:41', '2018-03-26 20:48:41'),
(178, 'image', 'Image', 22, 12, 0, 'default.jpg', 0, 256, 0, '', 0, '2018-03-26 20:48:41', '2018-03-26 20:48:41'),
(179, 'name', 'nama', 23, 19, 1, 'nama', 0, 256, 0, '', 0, '2018-04-30 02:33:04', '2018-04-30 04:25:40'),
(180, 'qty_needed', 'Qty Needed', 20, 13, 0, '0', 0, 11, 1, '', 15, '2018-04-30 02:44:20', '2018-07-08 21:01:29'),
(181, 'qty_funded', 'Qty Funded', 20, 13, 0, '0', 0, 11, 1, '', 17, '2018-04-30 02:52:21', '2018-07-08 21:01:18'),
(182, 'price', 'Price', 20, 3, 0, '0', 0, 11, 1, '', 18, '2018-04-30 02:59:27', '2018-04-30 05:21:57'),
(183, 'share_profit_1', 'Share Profit 1', 20, 13, 0, '10', 0, 11, 1, '', 19, '2018-04-30 03:00:24', '2018-04-30 03:00:24'),
(184, 'share_profit_2', 'Share Profit 2', 20, 13, 0, '13', 0, 11, 1, '', 20, '2018-04-30 03:01:02', '2018-04-30 05:21:07'),
(185, 'angka_1', 'angka 1', 23, 13, 0, '0', 0, 11, 0, '', 0, '2018-04-30 04:21:14', '2018-04-30 04:21:14'),
(186, 'angka_2', 'angka 2', 23, 13, 0, '0', 0, 11, 0, '', 0, '2018-04-30 04:23:01', '2018-04-30 04:23:01');

-- --------------------------------------------------------

--
-- Table structure for table `module_field_types`
--

CREATE TABLE `module_field_types` (
  `id` int(10) UNSIGNED NOT NULL,
  `name` varchar(30) COLLATE utf8_unicode_ci NOT NULL,
  `created_at` timestamp NULL DEFAULT NULL,
  `updated_at` timestamp NULL DEFAULT NULL
) ENGINE=MyISAM DEFAULT CHARSET=utf8 COLLATE=utf8_unicode_ci;

--
-- Dumping data for table `module_field_types`
--

INSERT INTO `module_field_types` (`id`, `name`, `created_at`, `updated_at`) VALUES
(1, 'Address', '2018-03-14 23:58:33', '2018-03-14 23:58:33'),
(2, 'Checkbox', '2018-03-14 23:58:34', '2018-03-14 23:58:34'),
(3, 'Currency', '2018-03-14 23:58:34', '2018-03-14 23:58:34'),
(4, 'Date', '2018-03-14 23:58:34', '2018-03-14 23:58:34'),
(5, 'Datetime', '2018-03-14 23:58:34', '2018-03-14 23:58:34'),
(6, 'Decimal', '2018-03-14 23:58:34', '2018-03-14 23:58:34'),
(7, 'Dropdown', '2018-03-14 23:58:34', '2018-03-14 23:58:34'),
(8, 'Email', '2018-03-14 23:58:34', '2018-03-14 23:58:34'),
(9, 'File', '2018-03-14 23:58:34', '2018-03-14 23:58:34'),
(10, 'Float', '2018-03-14 23:58:34', '2018-03-14 23:58:34'),
(11, 'HTML', '2018-03-14 23:58:34', '2018-03-14 23:58:34'),
(12, 'Image', '2018-03-14 23:58:34', '2018-03-14 23:58:34'),
(13, 'Integer', '2018-03-14 23:58:34', '2018-03-14 23:58:34'),
(14, 'Mobile', '2018-03-14 23:58:34', '2018-03-14 23:58:34'),
(15, 'Multiselect', '2018-03-14 23:58:34', '2018-03-14 23:58:34'),
(16, 'Name', '2018-03-14 23:58:34', '2018-03-14 23:58:34'),
(17, 'Password', '2018-03-14 23:58:34', '2018-03-14 23:58:34'),
(18, 'Radio', '2018-03-14 23:58:34', '2018-03-14 23:58:34'),
(19, 'String', '2018-03-14 23:58:34', '2018-03-14 23:58:34'),
(20, 'Taginput', '2018-03-14 23:58:34', '2018-03-14 23:58:34'),
(21, 'Textarea', '2018-03-14 23:58:34', '2018-03-14 23:58:34'),
(22, 'TextField', '2018-03-14 23:58:35', '2018-03-14 23:58:35'),
(23, 'URL', '2018-03-14 23:58:35', '2018-03-14 23:58:35'),
(24, 'Files', '2018-03-14 23:58:35', '2018-03-14 23:58:35');

-- --------------------------------------------------------

--
-- Table structure for table `occupations`
--

CREATE TABLE `occupations` (
  `id` int(11) NOT NULL,
  `name` varchar(50) NOT NULL DEFAULT ''
) ENGINE=MyISAM DEFAULT CHARSET=latin1;

--
-- Dumping data for table `occupations`
--

INSERT INTO `occupations` (`id`, `name`) VALUES
(1, 'Pegawai Swasta');

-- --------------------------------------------------------

--
-- Table structure for table `organizations`
--

CREATE TABLE `organizations` (
  `id` int(10) UNSIGNED NOT NULL,
  `name` varchar(250) COLLATE utf8_unicode_ci NOT NULL DEFAULT '',
  `email` varchar(250) COLLATE utf8_unicode_ci NOT NULL,
  `phone` varchar(20) COLLATE utf8_unicode_ci NOT NULL,
  `website` varchar(250) COLLATE utf8_unicode_ci NOT NULL DEFAULT 'http://',
  `assigned_to` int(10) UNSIGNED NOT NULL DEFAULT 1,
  `connect_since` date NOT NULL,
  `address` varchar(1000) COLLATE utf8_unicode_ci NOT NULL DEFAULT '',
  `city` varchar(250) COLLATE utf8_unicode_ci NOT NULL DEFAULT '',
  `description` varchar(1000) COLLATE utf8_unicode_ci NOT NULL,
  `profile_image` int(11) NOT NULL,
  `profile` int(11) NOT NULL,
  `deleted_at` timestamp NULL DEFAULT NULL,
  `created_at` timestamp NULL DEFAULT NULL,
  `updated_at` timestamp NULL DEFAULT NULL
) ENGINE=MyISAM DEFAULT CHARSET=utf8 COLLATE=utf8_unicode_ci;

-- --------------------------------------------------------

--
-- Table structure for table `password_resets`
--

CREATE TABLE `password_resets` (
  `email` varchar(255) COLLATE utf8_unicode_ci NOT NULL,
  `token` varchar(255) COLLATE utf8_unicode_ci NOT NULL,
  `created_at` timestamp NULL DEFAULT NULL
) ENGINE=MyISAM DEFAULT CHARSET=utf8 COLLATE=utf8_unicode_ci;

--
-- Dumping data for table `password_resets`
--

INSERT INTO `password_resets` (`email`, `token`, `created_at`) VALUES
('fauzan@sedana.co.id', '03f23d4993cbdbd1dbdb85d34b6820a614bee85e7d22f004604df3fa8332fa2c', '2021-02-04 01:58:44');

-- --------------------------------------------------------

--
-- Table structure for table `permissions`
--

CREATE TABLE `permissions` (
  `id` int(10) UNSIGNED NOT NULL,
  `name` varchar(250) COLLATE utf8_unicode_ci NOT NULL DEFAULT '',
  `display_name` varchar(250) COLLATE utf8_unicode_ci NOT NULL DEFAULT '',
  `description` varchar(1000) COLLATE utf8_unicode_ci NOT NULL,
  `deleted_at` timestamp NULL DEFAULT NULL,
  `created_at` timestamp NULL DEFAULT NULL,
  `updated_at` timestamp NULL DEFAULT NULL
) ENGINE=MyISAM DEFAULT CHARSET=utf8 COLLATE=utf8_unicode_ci;

--
-- Dumping data for table `permissions`
--

INSERT INTO `permissions` (`id`, `name`, `display_name`, `description`, `deleted_at`, `created_at`, `updated_at`) VALUES
(1, 'ADMIN_PANEL', 'Admin Panel', 'Admin Panel Permission', NULL, '2018-03-14 23:59:05', '2018-03-14 23:59:05'),
(2, 'SUPERVISOR_SEDANA', 'Supervisor', '', NULL, '2018-03-19 06:19:50', '2018-03-19 06:19:50'),
(3, 'STAFF_ADMIN', 'Staff Admin', '', NULL, '2018-03-19 06:20:15', '2018-03-19 06:20:15');

-- --------------------------------------------------------

--
-- Table structure for table `permission_role`
--

CREATE TABLE `permission_role` (
  `permission_id` int(10) UNSIGNED NOT NULL,
  `role_id` int(10) UNSIGNED NOT NULL
) ENGINE=MyISAM DEFAULT CHARSET=utf8 COLLATE=utf8_unicode_ci;

--
-- Dumping data for table `permission_role`
--

INSERT INTO `permission_role` (`permission_id`, `role_id`) VALUES
(1, 1),
(1, 2),
(1, 3);

-- --------------------------------------------------------

--
-- Table structure for table `products`
--

CREATE TABLE `products` (
  `id` int(10) UNSIGNED NOT NULL,
  `name` varchar(512) COLLATE utf8_unicode_ci NOT NULL DEFAULT '',
  `description` varchar(1000) COLLATE utf8_unicode_ci NOT NULL,
  `size` double(8,2) NOT NULL DEFAULT 0.00,
  `unit` varchar(255) COLLATE utf8_unicode_ci NOT NULL DEFAULT '1',
  `price` double(15,2) NOT NULL DEFAULT 0.00,
  `number_of_stock` int(10) UNSIGNED NOT NULL DEFAULT 0,
  `unit_of_stock` varchar(255) COLLATE utf8_unicode_ci NOT NULL DEFAULT '1',
  `is_recomended` tinyint(1) NOT NULL DEFAULT 0,
  `image` int(11) NOT NULL,
  `deleted_at` timestamp NULL DEFAULT NULL,
  `created_at` timestamp NULL DEFAULT NULL,
  `updated_at` timestamp NULL DEFAULT NULL
) ENGINE=MyISAM DEFAULT CHARSET=utf8 COLLATE=utf8_unicode_ci;

-- --------------------------------------------------------

--
-- Table structure for table `provinces`
--

CREATE TABLE `provinces` (
  `id` char(2) COLLATE utf8_unicode_ci NOT NULL,
  `name` varchar(255) COLLATE utf8_unicode_ci NOT NULL
) ENGINE=MyISAM DEFAULT CHARSET=utf8 COLLATE=utf8_unicode_ci;

--
-- Dumping data for table `provinces`
--

INSERT INTO `provinces` (`id`, `name`) VALUES
('11', 'ACEH'),
('12', 'SUMATERA UTARA'),
('13', 'SUMATERA BARAT'),
('14', 'RIAU'),
('15', 'JAMBI'),
('16', 'SUMATERA SELATAN'),
('17', 'BENGKULU'),
('18', 'LAMPUNG'),
('19', 'KEPULAUAN BANGKA BELITUNG'),
('21', 'KEPULAUAN RIAU'),
('31', 'DKI JAKARTA'),
('32', 'JAWA BARAT'),
('33', 'JAWA TENGAH'),
('34', 'DI YOGYAKARTA'),
('35', 'JAWA TIMUR'),
('36', 'BANTEN'),
('51', 'BALI'),
('52', 'NUSA TENGGARA BARAT'),
('53', 'NUSA TENGGARA TIMUR'),
('61', 'KALIMANTAN BARAT'),
('62', 'KALIMANTAN TENGAH'),
('63', 'KALIMANTAN SELATAN'),
('64', 'KALIMANTAN TIMUR'),
('65', 'KALIMANTAN UTARA'),
('71', 'SULAWESI UTARA'),
('72', 'SULAWESI TENGAH'),
('73', 'SULAWESI SELATAN'),
('74', 'SULAWESI TENGGARA'),
('75', 'GORONTALO'),
('76', 'SULAWESI BARAT'),
('81', 'MALUKU'),
('82', 'MALUKU UTARA'),
('91', 'PAPUA BARAT'),
('94', 'PAPUA');

-- --------------------------------------------------------

--
-- Table structure for table `regencies`
--

CREATE TABLE `regencies` (
  `id` char(4) COLLATE utf8_unicode_ci NOT NULL,
  `province_id` char(2) COLLATE utf8_unicode_ci NOT NULL,
  `name` varchar(255) COLLATE utf8_unicode_ci NOT NULL
) ENGINE=MyISAM DEFAULT CHARSET=utf8 COLLATE=utf8_unicode_ci;

--
-- Dumping data for table `regencies`
--

INSERT INTO `regencies` (`id`, `province_id`, `name`) VALUES
('1101', '11', 'KABUPATEN SIMEULUE'),
('1102', '11', 'KABUPATEN ACEH SINGKIL'),
('1103', '11', 'KABUPATEN ACEH SELATAN'),
('1104', '11', 'KABUPATEN ACEH TENGGARA'),
('1105', '11', 'KABUPATEN ACEH TIMUR'),
('1106', '11', 'KABUPATEN ACEH TENGAH'),
('1107', '11', 'KABUPATEN ACEH BARAT'),
('1108', '11', 'KABUPATEN ACEH BESAR'),
('1109', '11', 'KABUPATEN PIDIE'),
('1110', '11', 'KABUPATEN BIREUEN'),
('1111', '11', 'KABUPATEN ACEH UTARA'),
('1112', '11', 'KABUPATEN ACEH BARAT DAYA'),
('1113', '11', 'KABUPATEN GAYO LUES'),
('1114', '11', 'KABUPATEN ACEH TAMIANG'),
('1115', '11', 'KABUPATEN NAGAN RAYA'),
('1116', '11', 'KABUPATEN ACEH JAYA'),
('1117', '11', 'KABUPATEN BENER MERIAH'),
('1118', '11', 'KABUPATEN PIDIE JAYA'),
('1171', '11', 'KOTA BANDA ACEH'),
('1172', '11', 'KOTA SABANG'),
('1173', '11', 'KOTA LANGSA'),
('1174', '11', 'KOTA LHOKSEUMAWE'),
('1175', '11', 'KOTA SUBULUSSALAM'),
('1201', '12', 'KABUPATEN NIAS'),
('1202', '12', 'KABUPATEN MANDAILING NATAL'),
('1203', '12', 'KABUPATEN TAPANULI SELATAN'),
('1204', '12', 'KABUPATEN TAPANULI TENGAH'),
('1205', '12', 'KABUPATEN TAPANULI UTARA'),
('1206', '12', 'KABUPATEN TOBA SAMOSIR'),
('1207', '12', 'KABUPATEN LABUHAN BATU'),
('1208', '12', 'KABUPATEN ASAHAN'),
('1209', '12', 'KABUPATEN SIMALUNGUN'),
('1210', '12', 'KABUPATEN DAIRI'),
('1211', '12', 'KABUPATEN KARO'),
('1212', '12', 'KABUPATEN DELI SERDANG'),
('1213', '12', 'KABUPATEN LANGKAT'),
('1214', '12', 'KABUPATEN NIAS SELATAN'),
('1215', '12', 'KABUPATEN HUMBANG HASUNDUTAN'),
('1216', '12', 'KABUPATEN PAKPAK BHARAT'),
('1217', '12', 'KABUPATEN SAMOSIR'),
('1218', '12', 'KABUPATEN SERDANG BEDAGAI'),
('1219', '12', 'KABUPATEN BATU BARA'),
('1220', '12', 'KABUPATEN PADANG LAWAS UTARA'),
('1221', '12', 'KABUPATEN PADANG LAWAS'),
('1222', '12', 'KABUPATEN LABUHAN BATU SELATAN'),
('1223', '12', 'KABUPATEN LABUHAN BATU UTARA'),
('1224', '12', 'KABUPATEN NIAS UTARA'),
('1225', '12', 'KABUPATEN NIAS BARAT'),
('1271', '12', 'KOTA SIBOLGA'),
('1272', '12', 'KOTA TANJUNG BALAI'),
('1273', '12', 'KOTA PEMATANG SIANTAR'),
('1274', '12', 'KOTA TEBING TINGGI'),
('1275', '12', 'KOTA MEDAN'),
('1276', '12', 'KOTA BINJAI'),
('1277', '12', 'KOTA PADANGSIDIMPUAN'),
('1278', '12', 'KOTA GUNUNGSITOLI'),
('1301', '13', 'KABUPATEN KEPULAUAN MENTAWAI'),
('1302', '13', 'KABUPATEN PESISIR SELATAN'),
('1303', '13', 'KABUPATEN SOLOK'),
('1304', '13', 'KABUPATEN SIJUNJUNG'),
('1305', '13', 'KABUPATEN TANAH DATAR'),
('1306', '13', 'KABUPATEN PADANG PARIAMAN'),
('1307', '13', 'KABUPATEN AGAM'),
('1308', '13', 'KABUPATEN LIMA PULUH KOTA'),
('1309', '13', 'KABUPATEN PASAMAN'),
('1310', '13', 'KABUPATEN SOLOK SELATAN'),
('1311', '13', 'KABUPATEN DHARMASRAYA'),
('1312', '13', 'KABUPATEN PASAMAN BARAT'),
('1371', '13', 'KOTA PADANG'),
('1372', '13', 'KOTA SOLOK'),
('1373', '13', 'KOTA SAWAH LUNTO'),
('1374', '13', 'KOTA PADANG PANJANG'),
('1375', '13', 'KOTA BUKITTINGGI'),
('1376', '13', 'KOTA PAYAKUMBUH'),
('1377', '13', 'KOTA PARIAMAN'),
('1401', '14', 'KABUPATEN KUANTAN SINGINGI'),
('1402', '14', 'KABUPATEN INDRAGIRI HULU'),
('1403', '14', 'KABUPATEN INDRAGIRI HILIR'),
('1404', '14', 'KABUPATEN PELALAWAN'),
('1405', '14', 'KABUPATEN S I A K'),
('1406', '14', 'KABUPATEN KAMPAR'),
('1407', '14', 'KABUPATEN ROKAN HULU'),
('1408', '14', 'KABUPATEN BENGKALIS'),
('1409', '14', 'KABUPATEN ROKAN HILIR'),
('1410', '14', 'KABUPATEN KEPULAUAN MERANTI'),
('1471', '14', 'KOTA PEKANBARU'),
('1473', '14', 'KOTA D U M A I'),
('1501', '15', 'KABUPATEN KERINCI'),
('1502', '15', 'KABUPATEN MERANGIN'),
('1503', '15', 'KABUPATEN SAROLANGUN'),
('1504', '15', 'KABUPATEN BATANG HARI'),
('1505', '15', 'KABUPATEN MUARO JAMBI'),
('1506', '15', 'KABUPATEN TANJUNG JABUNG TIMUR'),
('1507', '15', 'KABUPATEN TANJUNG JABUNG BARAT'),
('1508', '15', 'KABUPATEN TEBO'),
('1509', '15', 'KABUPATEN BUNGO'),
('1571', '15', 'KOTA JAMBI'),
('1572', '15', 'KOTA SUNGAI PENUH'),
('1601', '16', 'KABUPATEN OGAN KOMERING ULU'),
('1602', '16', 'KABUPATEN OGAN KOMERING ILIR'),
('1603', '16', 'KABUPATEN MUARA ENIM'),
('1604', '16', 'KABUPATEN LAHAT'),
('1605', '16', 'KABUPATEN MUSI RAWAS'),
('1606', '16', 'KABUPATEN MUSI BANYUASIN'),
('1607', '16', 'KABUPATEN BANYU ASIN'),
('1608', '16', 'KABUPATEN OGAN KOMERING ULU SELATAN'),
('1609', '16', 'KABUPATEN OGAN KOMERING ULU TIMUR'),
('1610', '16', 'KABUPATEN OGAN ILIR'),
('1611', '16', 'KABUPATEN EMPAT LAWANG'),
('1612', '16', 'KABUPATEN PENUKAL ABAB LEMATANG ILIR'),
('1613', '16', 'KABUPATEN MUSI RAWAS UTARA'),
('1671', '16', 'KOTA PALEMBANG'),
('1672', '16', 'KOTA PRABUMULIH'),
('1673', '16', 'KOTA PAGAR ALAM'),
('1674', '16', 'KOTA LUBUKLINGGAU'),
('1701', '17', 'KABUPATEN BENGKULU SELATAN'),
('1702', '17', 'KABUPATEN REJANG LEBONG'),
('1703', '17', 'KABUPATEN BENGKULU UTARA'),
('1704', '17', 'KABUPATEN KAUR'),
('1705', '17', 'KABUPATEN SELUMA'),
('1706', '17', 'KABUPATEN MUKOMUKO'),
('1707', '17', 'KABUPATEN LEBONG'),
('1708', '17', 'KABUPATEN KEPAHIANG'),
('1709', '17', 'KABUPATEN BENGKULU TENGAH'),
('1771', '17', 'KOTA BENGKULU'),
('1801', '18', 'KABUPATEN LAMPUNG BARAT'),
('1802', '18', 'KABUPATEN TANGGAMUS'),
('1803', '18', 'KABUPATEN LAMPUNG SELATAN'),
('1804', '18', 'KABUPATEN LAMPUNG TIMUR'),
('1805', '18', 'KABUPATEN LAMPUNG TENGAH'),
('1806', '18', 'KABUPATEN LAMPUNG UTARA'),
('1807', '18', 'KABUPATEN WAY KANAN'),
('1808', '18', 'KABUPATEN TULANGBAWANG'),
('1809', '18', 'KABUPATEN PESAWARAN'),
('1810', '18', 'KABUPATEN PRINGSEWU'),
('1811', '18', 'KABUPATEN MESUJI'),
('1812', '18', 'KABUPATEN TULANG BAWANG BARAT'),
('1813', '18', 'KABUPATEN PESISIR BARAT'),
('1871', '18', 'KOTA BANDAR LAMPUNG'),
('1872', '18', 'KOTA METRO'),
('1901', '19', 'KABUPATEN BANGKA'),
('1902', '19', 'KABUPATEN BELITUNG'),
('1903', '19', 'KABUPATEN BANGKA BARAT'),
('1904', '19', 'KABUPATEN BANGKA TENGAH'),
('1905', '19', 'KABUPATEN BANGKA SELATAN'),
('1906', '19', 'KABUPATEN BELITUNG TIMUR'),
('1971', '19', 'KOTA PANGKAL PINANG'),
('2101', '21', 'KABUPATEN KARIMUN'),
('2102', '21', 'KABUPATEN BINTAN'),
('2103', '21', 'KABUPATEN NATUNA'),
('2104', '21', 'KABUPATEN LINGGA'),
('2105', '21', 'KABUPATEN KEPULAUAN ANAMBAS'),
('2171', '21', 'KOTA B A T A M'),
('2172', '21', 'KOTA TANJUNG PINANG'),
('3101', '31', 'KABUPATEN KEPULAUAN SERIBU'),
('3171', '31', 'KOTA JAKARTA SELATAN'),
('3172', '31', 'KOTA JAKARTA TIMUR'),
('3173', '31', 'KOTA JAKARTA PUSAT'),
('3174', '31', 'KOTA JAKARTA BARAT'),
('3175', '31', 'KOTA JAKARTA UTARA'),
('3201', '32', 'KABUPATEN BOGOR'),
('3202', '32', 'KABUPATEN SUKABUMI'),
('3203', '32', 'KABUPATEN CIANJUR'),
('3204', '32', 'KABUPATEN BANDUNG'),
('3205', '32', 'KABUPATEN GARUT'),
('3206', '32', 'KABUPATEN TASIKMALAYA'),
('3207', '32', 'KABUPATEN CIAMIS'),
('3208', '32', 'KABUPATEN KUNINGAN'),
('3209', '32', 'KABUPATEN CIREBON'),
('3210', '32', 'KABUPATEN MAJALENGKA'),
('3211', '32', 'KABUPATEN SUMEDANG'),
('3212', '32', 'KABUPATEN INDRAMAYU'),
('3213', '32', 'KABUPATEN SUBANG'),
('3214', '32', 'KABUPATEN PURWAKARTA'),
('3215', '32', 'KABUPATEN KARAWANG'),
('3216', '32', 'KABUPATEN BEKASI'),
('3217', '32', 'KABUPATEN BANDUNG BARAT'),
('3218', '32', 'KABUPATEN PANGANDARAN'),
('3271', '32', 'KOTA BOGOR'),
('3272', '32', 'KOTA SUKABUMI'),
('3273', '32', 'KOTA BANDUNG'),
('3274', '32', 'KOTA CIREBON'),
('3275', '32', 'KOTA BEKASI'),
('3276', '32', 'KOTA DEPOK'),
('3277', '32', 'KOTA CIMAHI'),
('3278', '32', 'KOTA TASIKMALAYA'),
('3279', '32', 'KOTA BANJAR'),
('3301', '33', 'KABUPATEN CILACAP'),
('3302', '33', 'KABUPATEN BANYUMAS'),
('3303', '33', 'KABUPATEN PURBALINGGA'),
('3304', '33', 'KABUPATEN BANJARNEGARA'),
('3305', '33', 'KABUPATEN KEBUMEN'),
('3306', '33', 'KABUPATEN PURWOREJO'),
('3307', '33', 'KABUPATEN WONOSOBO'),
('3308', '33', 'KABUPATEN MAGELANG'),
('3309', '33', 'KABUPATEN BOYOLALI'),
('3310', '33', 'KABUPATEN KLATEN'),
('3311', '33', 'KABUPATEN SUKOHARJO'),
('3312', '33', 'KABUPATEN WONOGIRI'),
('3313', '33', 'KABUPATEN KARANGANYAR'),
('3314', '33', 'KABUPATEN SRAGEN'),
('3315', '33', 'KABUPATEN GROBOGAN'),
('3316', '33', 'KABUPATEN BLORA'),
('3317', '33', 'KABUPATEN REMBANG'),
('3318', '33', 'KABUPATEN PATI'),
('3319', '33', 'KABUPATEN KUDUS'),
('3320', '33', 'KABUPATEN JEPARA'),
('3321', '33', 'KABUPATEN DEMAK'),
('3322', '33', 'KABUPATEN SEMARANG'),
('3323', '33', 'KABUPATEN TEMANGGUNG'),
('3324', '33', 'KABUPATEN KENDAL'),
('3325', '33', 'KABUPATEN BATANG'),
('3326', '33', 'KABUPATEN PEKALONGAN'),
('3327', '33', 'KABUPATEN PEMALANG'),
('3328', '33', 'KABUPATEN TEGAL'),
('3329', '33', 'KABUPATEN BREBES'),
('3371', '33', 'KOTA MAGELANG'),
('3372', '33', 'KOTA SURAKARTA'),
('3373', '33', 'KOTA SALATIGA'),
('3374', '33', 'KOTA SEMARANG'),
('3375', '33', 'KOTA PEKALONGAN'),
('3376', '33', 'KOTA TEGAL'),
('3401', '34', 'KABUPATEN KULON PROGO'),
('3402', '34', 'KABUPATEN BANTUL'),
('3403', '34', 'KABUPATEN GUNUNG KIDUL'),
('3404', '34', 'KABUPATEN SLEMAN'),
('3471', '34', 'KOTA YOGYAKARTA'),
('3501', '35', 'KABUPATEN PACITAN'),
('3502', '35', 'KABUPATEN PONOROGO'),
('3503', '35', 'KABUPATEN TRENGGALEK'),
('3504', '35', 'KABUPATEN TULUNGAGUNG'),
('3505', '35', 'KABUPATEN BLITAR'),
('3506', '35', 'KABUPATEN KEDIRI'),
('3507', '35', 'KABUPATEN MALANG'),
('3508', '35', 'KABUPATEN LUMAJANG'),
('3509', '35', 'KABUPATEN JEMBER'),
('3510', '35', 'KABUPATEN BANYUWANGI'),
('3511', '35', 'KABUPATEN BONDOWOSO'),
('3512', '35', 'KABUPATEN SITUBONDO'),
('3513', '35', 'KABUPATEN PROBOLINGGO'),
('3514', '35', 'KABUPATEN PASURUAN'),
('3515', '35', 'KABUPATEN SIDOARJO'),
('3516', '35', 'KABUPATEN MOJOKERTO'),
('3517', '35', 'KABUPATEN JOMBANG'),
('3518', '35', 'KABUPATEN NGANJUK'),
('3519', '35', 'KABUPATEN MADIUN'),
('3520', '35', 'KABUPATEN MAGETAN'),
('3521', '35', 'KABUPATEN NGAWI'),
('3522', '35', 'KABUPATEN BOJONEGORO'),
('3523', '35', 'KABUPATEN TUBAN'),
('3524', '35', 'KABUPATEN LAMONGAN'),
('3525', '35', 'KABUPATEN GRESIK'),
('3526', '35', 'KABUPATEN BANGKALAN'),
('3527', '35', 'KABUPATEN SAMPANG'),
('3528', '35', 'KABUPATEN PAMEKASAN'),
('3529', '35', 'KABUPATEN SUMENEP'),
('3571', '35', 'KOTA KEDIRI'),
('3572', '35', 'KOTA BLITAR'),
('3573', '35', 'KOTA MALANG'),
('3574', '35', 'KOTA PROBOLINGGO'),
('3575', '35', 'KOTA PASURUAN'),
('3576', '35', 'KOTA MOJOKERTO'),
('3577', '35', 'KOTA MADIUN'),
('3578', '35', 'KOTA SURABAYA'),
('3579', '35', 'KOTA BATU'),
('3601', '36', 'KABUPATEN PANDEGLANG'),
('3602', '36', 'KABUPATEN LEBAK'),
('3603', '36', 'KABUPATEN TANGERANG'),
('3604', '36', 'KABUPATEN SERANG'),
('3671', '36', 'KOTA TANGERANG'),
('3672', '36', 'KOTA CILEGON'),
('3673', '36', 'KOTA SERANG'),
('3674', '36', 'KOTA TANGERANG SELATAN'),
('5101', '51', 'KABUPATEN JEMBRANA'),
('5102', '51', 'KABUPATEN TABANAN'),
('5103', '51', 'KABUPATEN BADUNG'),
('5104', '51', 'KABUPATEN GIANYAR'),
('5105', '51', 'KABUPATEN KLUNGKUNG'),
('5106', '51', 'KABUPATEN BANGLI'),
('5107', '51', 'KABUPATEN KARANG ASEM'),
('5108', '51', 'KABUPATEN BULELENG'),
('5171', '51', 'KOTA DENPASAR'),
('5201', '52', 'KABUPATEN LOMBOK BARAT'),
('5202', '52', 'KABUPATEN LOMBOK TENGAH'),
('5203', '52', 'KABUPATEN LOMBOK TIMUR'),
('5204', '52', 'KABUPATEN SUMBAWA'),
('5205', '52', 'KABUPATEN DOMPU'),
('5206', '52', 'KABUPATEN BIMA'),
('5207', '52', 'KABUPATEN SUMBAWA BARAT'),
('5208', '52', 'KABUPATEN LOMBOK UTARA'),
('5271', '52', 'KOTA MATARAM'),
('5272', '52', 'KOTA BIMA'),
('5301', '53', 'KABUPATEN SUMBA BARAT'),
('5302', '53', 'KABUPATEN SUMBA TIMUR'),
('5303', '53', 'KABUPATEN KUPANG'),
('5304', '53', 'KABUPATEN TIMOR TENGAH SELATAN'),
('5305', '53', 'KABUPATEN TIMOR TENGAH UTARA'),
('5306', '53', 'KABUPATEN BELU'),
('5307', '53', 'KABUPATEN ALOR'),
('5308', '53', 'KABUPATEN LEMBATA'),
('5309', '53', 'KABUPATEN FLORES TIMUR'),
('5310', '53', 'KABUPATEN SIKKA'),
('5311', '53', 'KABUPATEN ENDE'),
('5312', '53', 'KABUPATEN NGADA'),
('5313', '53', 'KABUPATEN MANGGARAI'),
('5314', '53', 'KABUPATEN ROTE NDAO'),
('5315', '53', 'KABUPATEN MANGGARAI BARAT'),
('5316', '53', 'KABUPATEN SUMBA TENGAH'),
('5317', '53', 'KABUPATEN SUMBA BARAT DAYA'),
('5318', '53', 'KABUPATEN NAGEKEO'),
('5319', '53', 'KABUPATEN MANGGARAI TIMUR'),
('5320', '53', 'KABUPATEN SABU RAIJUA'),
('5321', '53', 'KABUPATEN MALAKA'),
('5371', '53', 'KOTA KUPANG'),
('6101', '61', 'KABUPATEN SAMBAS'),
('6102', '61', 'KABUPATEN BENGKAYANG'),
('6103', '61', 'KABUPATEN LANDAK'),
('6104', '61', 'KABUPATEN MEMPAWAH'),
('6105', '61', 'KABUPATEN SANGGAU'),
('6106', '61', 'KABUPATEN KETAPANG'),
('6107', '61', 'KABUPATEN SINTANG'),
('6108', '61', 'KABUPATEN KAPUAS HULU'),
('6109', '61', 'KABUPATEN SEKADAU'),
('6110', '61', 'KABUPATEN MELAWI'),
('6111', '61', 'KABUPATEN KAYONG UTARA'),
('6112', '61', 'KABUPATEN KUBU RAYA'),
('6171', '61', 'KOTA PONTIANAK'),
('6172', '61', 'KOTA SINGKAWANG'),
('6201', '62', 'KABUPATEN KOTAWARINGIN BARAT'),
('6202', '62', 'KABUPATEN KOTAWARINGIN TIMUR'),
('6203', '62', 'KABUPATEN KAPUAS'),
('6204', '62', 'KABUPATEN BARITO SELATAN'),
('6205', '62', 'KABUPATEN BARITO UTARA'),
('6206', '62', 'KABUPATEN SUKAMARA'),
('6207', '62', 'KABUPATEN LAMANDAU'),
('6208', '62', 'KABUPATEN SERUYAN'),
('6209', '62', 'KABUPATEN KATINGAN'),
('6210', '62', 'KABUPATEN PULANG PISAU'),
('6211', '62', 'KABUPATEN GUNUNG MAS'),
('6212', '62', 'KABUPATEN BARITO TIMUR'),
('6213', '62', 'KABUPATEN MURUNG RAYA'),
('6271', '62', 'KOTA PALANGKA RAYA'),
('6301', '63', 'KABUPATEN TANAH LAUT'),
('6302', '63', 'KABUPATEN KOTA BARU'),
('6303', '63', 'KABUPATEN BANJAR'),
('6304', '63', 'KABUPATEN BARITO KUALA'),
('6305', '63', 'KABUPATEN TAPIN'),
('6306', '63', 'KABUPATEN HULU SUNGAI SELATAN'),
('6307', '63', 'KABUPATEN HULU SUNGAI TENGAH'),
('6308', '63', 'KABUPATEN HULU SUNGAI UTARA'),
('6309', '63', 'KABUPATEN TABALONG'),
('6310', '63', 'KABUPATEN TANAH BUMBU'),
('6311', '63', 'KABUPATEN BALANGAN'),
('6371', '63', 'KOTA BANJARMASIN'),
('6372', '63', 'KOTA BANJAR BARU'),
('6401', '64', 'KABUPATEN PASER'),
('6402', '64', 'KABUPATEN KUTAI BARAT'),
('6403', '64', 'KABUPATEN KUTAI KARTANEGARA'),
('6404', '64', 'KABUPATEN KUTAI TIMUR'),
('6405', '64', 'KABUPATEN BERAU'),
('6409', '64', 'KABUPATEN PENAJAM PASER UTARA'),
('6411', '64', 'KABUPATEN MAHAKAM HULU'),
('6471', '64', 'KOTA BALIKPAPAN'),
('6472', '64', 'KOTA SAMARINDA'),
('6474', '64', 'KOTA BONTANG'),
('6501', '65', 'KABUPATEN MALINAU'),
('6502', '65', 'KABUPATEN BULUNGAN'),
('6503', '65', 'KABUPATEN TANA TIDUNG'),
('6504', '65', 'KABUPATEN NUNUKAN'),
('6571', '65', 'KOTA TARAKAN'),
('7101', '71', 'KABUPATEN BOLAANG MONGONDOW'),
('7102', '71', 'KABUPATEN MINAHASA'),
('7103', '71', 'KABUPATEN KEPULAUAN SANGIHE'),
('7104', '71', 'KABUPATEN KEPULAUAN TALAUD'),
('7105', '71', 'KABUPATEN MINAHASA SELATAN'),
('7106', '71', 'KABUPATEN MINAHASA UTARA'),
('7107', '71', 'KABUPATEN BOLAANG MONGONDOW UTARA'),
('7108', '71', 'KABUPATEN SIAU TAGULANDANG BIARO'),
('7109', '71', 'KABUPATEN MINAHASA TENGGARA'),
('7110', '71', 'KABUPATEN BOLAANG MONGONDOW SELATAN'),
('7111', '71', 'KABUPATEN BOLAANG MONGONDOW TIMUR'),
('7171', '71', 'KOTA MANADO'),
('7172', '71', 'KOTA BITUNG'),
('7173', '71', 'KOTA TOMOHON'),
('7174', '71', 'KOTA KOTAMOBAGU'),
('7201', '72', 'KABUPATEN BANGGAI KEPULAUAN'),
('7202', '72', 'KABUPATEN BANGGAI'),
('7203', '72', 'KABUPATEN MOROWALI'),
('7204', '72', 'KABUPATEN POSO'),
('7205', '72', 'KABUPATEN DONGGALA'),
('7206', '72', 'KABUPATEN TOLI-TOLI'),
('7207', '72', 'KABUPATEN BUOL'),
('7208', '72', 'KABUPATEN PARIGI MOUTONG'),
('7209', '72', 'KABUPATEN TOJO UNA-UNA'),
('7210', '72', 'KABUPATEN SIGI'),
('7211', '72', 'KABUPATEN BANGGAI LAUT'),
('7212', '72', 'KABUPATEN MOROWALI UTARA'),
('7271', '72', 'KOTA PALU'),
('7301', '73', 'KABUPATEN KEPULAUAN SELAYAR'),
('7302', '73', 'KABUPATEN BULUKUMBA'),
('7303', '73', 'KABUPATEN BANTAENG'),
('7304', '73', 'KABUPATEN JENEPONTO'),
('7305', '73', 'KABUPATEN TAKALAR'),
('7306', '73', 'KABUPATEN GOWA'),
('7307', '73', 'KABUPATEN SINJAI'),
('7308', '73', 'KABUPATEN MAROS'),
('7309', '73', 'KABUPATEN PANGKAJENE DAN KEPULAUAN'),
('7310', '73', 'KABUPATEN BARRU'),
('7311', '73', 'KABUPATEN BONE'),
('7312', '73', 'KABUPATEN SOPPENG'),
('7313', '73', 'KABUPATEN WAJO'),
('7314', '73', 'KABUPATEN SIDENRENG RAPPANG'),
('7315', '73', 'KABUPATEN PINRANG'),
('7316', '73', 'KABUPATEN ENREKANG'),
('7317', '73', 'KABUPATEN LUWU'),
('7318', '73', 'KABUPATEN TANA TORAJA'),
('7322', '73', 'KABUPATEN LUWU UTARA'),
('7325', '73', 'KABUPATEN LUWU TIMUR'),
('7326', '73', 'KABUPATEN TORAJA UTARA'),
('7371', '73', 'KOTA MAKASSAR'),
('7372', '73', 'KOTA PAREPARE'),
('7373', '73', 'KOTA PALOPO'),
('7401', '74', 'KABUPATEN BUTON'),
('7402', '74', 'KABUPATEN MUNA'),
('7403', '74', 'KABUPATEN KONAWE'),
('7404', '74', 'KABUPATEN KOLAKA'),
('7405', '74', 'KABUPATEN KONAWE SELATAN'),
('7406', '74', 'KABUPATEN BOMBANA'),
('7407', '74', 'KABUPATEN WAKATOBI'),
('7408', '74', 'KABUPATEN KOLAKA UTARA'),
('7409', '74', 'KABUPATEN BUTON UTARA'),
('7410', '74', 'KABUPATEN KONAWE UTARA'),
('7411', '74', 'KABUPATEN KOLAKA TIMUR'),
('7412', '74', 'KABUPATEN KONAWE KEPULAUAN'),
('7413', '74', 'KABUPATEN MUNA BARAT'),
('7414', '74', 'KABUPATEN BUTON TENGAH'),
('7415', '74', 'KABUPATEN BUTON SELATAN'),
('7471', '74', 'KOTA KENDARI'),
('7472', '74', 'KOTA BAUBAU'),
('7501', '75', 'KABUPATEN BOALEMO'),
('7502', '75', 'KABUPATEN GORONTALO'),
('7503', '75', 'KABUPATEN POHUWATO'),
('7504', '75', 'KABUPATEN BONE BOLANGO'),
('7505', '75', 'KABUPATEN GORONTALO UTARA'),
('7571', '75', 'KOTA GORONTALO'),
('7601', '76', 'KABUPATEN MAJENE'),
('7602', '76', 'KABUPATEN POLEWALI MANDAR'),
('7603', '76', 'KABUPATEN MAMASA'),
('7604', '76', 'KABUPATEN MAMUJU'),
('7605', '76', 'KABUPATEN MAMUJU UTARA'),
('7606', '76', 'KABUPATEN MAMUJU TENGAH'),
('8101', '81', 'KABUPATEN MALUKU TENGGARA BARAT'),
('8102', '81', 'KABUPATEN MALUKU TENGGARA'),
('8103', '81', 'KABUPATEN MALUKU TENGAH'),
('8104', '81', 'KABUPATEN BURU'),
('8105', '81', 'KABUPATEN KEPULAUAN ARU'),
('8106', '81', 'KABUPATEN SERAM BAGIAN BARAT'),
('8107', '81', 'KABUPATEN SERAM BAGIAN TIMUR'),
('8108', '81', 'KABUPATEN MALUKU BARAT DAYA'),
('8109', '81', 'KABUPATEN BURU SELATAN'),
('8171', '81', 'KOTA AMBON'),
('8172', '81', 'KOTA TUAL'),
('8201', '82', 'KABUPATEN HALMAHERA BARAT'),
('8202', '82', 'KABUPATEN HALMAHERA TENGAH'),
('8203', '82', 'KABUPATEN KEPULAUAN SULA'),
('8204', '82', 'KABUPATEN HALMAHERA SELATAN'),
('8205', '82', 'KABUPATEN HALMAHERA UTARA'),
('8206', '82', 'KABUPATEN HALMAHERA TIMUR'),
('8207', '82', 'KABUPATEN PULAU MOROTAI'),
('8208', '82', 'KABUPATEN PULAU TALIABU'),
('8271', '82', 'KOTA TERNATE'),
('8272', '82', 'KOTA TIDORE KEPULAUAN'),
('9101', '91', 'KABUPATEN FAKFAK'),
('9102', '91', 'KABUPATEN KAIMANA'),
('9103', '91', 'KABUPATEN TELUK WONDAMA'),
('9104', '91', 'KABUPATEN TELUK BINTUNI'),
('9105', '91', 'KABUPATEN MANOKWARI'),
('9106', '91', 'KABUPATEN SORONG SELATAN'),
('9107', '91', 'KABUPATEN SORONG'),
('9108', '91', 'KABUPATEN RAJA AMPAT'),
('9109', '91', 'KABUPATEN TAMBRAUW'),
('9110', '91', 'KABUPATEN MAYBRAT'),
('9111', '91', 'KABUPATEN MANOKWARI SELATAN'),
('9112', '91', 'KABUPATEN PEGUNUNGAN ARFAK'),
('9171', '91', 'KOTA SORONG'),
('9401', '94', 'KABUPATEN MERAUKE'),
('9402', '94', 'KABUPATEN JAYAWIJAYA'),
('9403', '94', 'KABUPATEN JAYAPURA'),
('9404', '94', 'KABUPATEN NABIRE'),
('9408', '94', 'KABUPATEN KEPULAUAN YAPEN'),
('9409', '94', 'KABUPATEN BIAK NUMFOR'),
('9410', '94', 'KABUPATEN PANIAI'),
('9411', '94', 'KABUPATEN PUNCAK JAYA'),
('9412', '94', 'KABUPATEN MIMIKA'),
('9413', '94', 'KABUPATEN BOVEN DIGOEL'),
('9414', '94', 'KABUPATEN MAPPI'),
('9415', '94', 'KABUPATEN ASMAT'),
('9416', '94', 'KABUPATEN YAHUKIMO'),
('9417', '94', 'KABUPATEN PEGUNUNGAN BINTANG'),
('9418', '94', 'KABUPATEN TOLIKARA'),
('9419', '94', 'KABUPATEN SARMI'),
('9420', '94', 'KABUPATEN KEEROM'),
('9426', '94', 'KABUPATEN WAROPEN'),
('9427', '94', 'KABUPATEN SUPIORI'),
('9428', '94', 'KABUPATEN MAMBERAMO RAYA'),
('9429', '94', 'KABUPATEN NDUGA'),
('9430', '94', 'KABUPATEN LANNY JAYA'),
('9431', '94', 'KABUPATEN MAMBERAMO TENGAH'),
('9432', '94', 'KABUPATEN YALIMO'),
('9433', '94', 'KABUPATEN PUNCAK'),
('9434', '94', 'KABUPATEN DOGIYAI'),
('9435', '94', 'KABUPATEN INTAN JAYA'),
('9436', '94', 'KABUPATEN DEIYAI'),
('9471', '94', 'KOTA JAYAPURA');

-- --------------------------------------------------------

--
-- Table structure for table `roles`
--

CREATE TABLE `roles` (
  `id` int(10) UNSIGNED NOT NULL,
  `name` varchar(250) COLLATE utf8_unicode_ci NOT NULL DEFAULT '',
  `display_name` varchar(250) COLLATE utf8_unicode_ci NOT NULL DEFAULT '',
  `description` varchar(1000) COLLATE utf8_unicode_ci NOT NULL,
  `parent` int(10) UNSIGNED NOT NULL DEFAULT 1,
  `dept` int(10) UNSIGNED NOT NULL DEFAULT 1,
  `deleted_at` timestamp NULL DEFAULT NULL,
  `created_at` timestamp NULL DEFAULT NULL,
  `updated_at` timestamp NULL DEFAULT NULL
) ENGINE=MyISAM DEFAULT CHARSET=utf8 COLLATE=utf8_unicode_ci;

--
-- Dumping data for table `roles`
--

INSERT INTO `roles` (`id`, `name`, `display_name`, `description`, `parent`, `dept`, `deleted_at`, `created_at`, `updated_at`) VALUES
(1, 'SUPER_ADMIN', 'Super Admin', 'Full Access Role', 1, 1, NULL, '2018-03-14 23:59:02', '2018-04-16 02:25:24'),
(2, 'STAFF', 'Staff', '', 3, 2, NULL, '2018-03-19 06:07:20', '2018-03-19 06:10:04'),
(3, 'SUPERVISOR', 'Supervisor', '', 1, 1, NULL, '2018-03-19 06:09:48', '2018-03-19 06:09:48');

-- --------------------------------------------------------

--
-- Table structure for table `role_module`
--

CREATE TABLE `role_module` (
  `id` int(10) UNSIGNED NOT NULL,
  `role_id` int(10) UNSIGNED NOT NULL,
  `module_id` int(10) UNSIGNED NOT NULL,
  `acc_view` tinyint(1) NOT NULL,
  `acc_create` tinyint(1) NOT NULL,
  `acc_edit` tinyint(1) NOT NULL,
  `acc_delete` tinyint(1) NOT NULL,
  `created_at` timestamp NULL DEFAULT NULL,
  `updated_at` timestamp NULL DEFAULT NULL
) ENGINE=MyISAM DEFAULT CHARSET=utf8 COLLATE=utf8_unicode_ci;

--
-- Dumping data for table `role_module`
--

INSERT INTO `role_module` (`id`, `role_id`, `module_id`, `acc_view`, `acc_create`, `acc_edit`, `acc_delete`, `created_at`, `updated_at`) VALUES
(1, 1, 1, 1, 1, 1, 1, '2018-03-14 23:59:02', '2018-03-14 23:59:02'),
(2, 1, 2, 1, 1, 1, 1, '2018-03-14 23:59:03', '2018-03-14 23:59:03'),
(3, 1, 3, 1, 1, 1, 1, '2018-03-14 23:59:03', '2018-03-14 23:59:03'),
(4, 1, 4, 1, 1, 1, 1, '2018-03-14 23:59:04', '2018-03-14 23:59:04'),
(5, 1, 5, 1, 1, 1, 1, '2018-03-14 23:59:04', '2018-03-14 23:59:04'),
(6, 1, 6, 0, 0, 0, 0, '2018-03-14 23:59:05', '2018-03-14 23:59:05'),
(7, 1, 7, 1, 1, 1, 1, '2018-03-14 23:59:05', '2018-03-14 23:59:05'),
(8, 1, 8, 1, 1, 1, 1, '2018-03-14 23:59:05', '2018-03-14 23:59:05'),
(16, 1, 20, 1, 1, 1, 1, '2018-03-16 03:07:23', '2018-03-16 03:07:23'),
(17, 1, 21, 1, 1, 1, 1, '2018-03-19 02:14:44', '2018-03-19 02:14:44'),
(21, 2, 1, 0, 0, 0, 0, '2018-03-19 06:07:20', '2018-03-19 06:07:20'),
(22, 2, 2, 1, 1, 1, 1, '2018-03-19 06:07:20', '2018-03-19 06:07:20'),
(23, 2, 3, 0, 0, 0, 0, '2018-03-19 06:07:21', '2018-03-19 06:07:21'),
(24, 2, 4, 0, 0, 0, 0, '2018-03-19 06:07:21', '2018-03-19 06:07:21'),
(25, 2, 5, 0, 0, 0, 0, '2018-03-19 06:07:21', '2018-03-19 06:07:21'),
(26, 2, 6, 0, 0, 0, 0, '2018-03-19 06:07:22', '2018-03-19 06:07:22'),
(27, 2, 7, 0, 0, 0, 0, '2018-03-19 06:07:23', '2018-03-19 06:07:23'),
(28, 2, 8, 0, 0, 0, 0, '2018-03-19 06:07:23', '2018-03-19 06:07:23'),
(29, 2, 20, 1, 1, 1, 0, '2018-03-19 06:07:23', '2018-03-19 06:07:23'),
(30, 2, 21, 1, 1, 1, 1, '2018-03-19 06:07:24', '2018-03-19 06:07:24'),
(31, 3, 1, 1, 1, 1, 1, '2018-03-19 06:09:48', '2018-03-19 06:09:48'),
(32, 3, 2, 1, 1, 1, 1, '2018-03-19 06:09:49', '2018-03-19 06:09:49'),
(33, 3, 3, 1, 1, 1, 1, '2018-03-19 06:09:49', '2018-03-19 06:09:49'),
(34, 3, 4, 1, 1, 1, 1, '2018-03-19 06:09:49', '2018-03-19 06:09:49'),
(35, 3, 5, 1, 1, 1, 1, '2018-03-19 06:09:50', '2018-03-19 06:09:50'),
(36, 3, 6, 0, 0, 0, 0, '2018-03-19 06:09:50', '2018-03-19 06:09:50'),
(37, 3, 7, 1, 1, 1, 1, '2018-03-19 06:09:51', '2018-03-19 06:09:51'),
(38, 3, 8, 0, 0, 0, 0, '2018-03-19 06:09:51', '2018-03-19 06:09:51'),
(39, 3, 20, 1, 1, 1, 1, '2018-03-19 06:09:51', '2018-03-19 06:09:51'),
(40, 3, 21, 1, 1, 1, 1, '2018-03-19 06:09:52', '2018-03-19 06:09:52'),
(41, 1, 22, 1, 1, 1, 1, '2018-03-26 20:50:29', '2018-03-26 20:50:29'),
(42, 2, 22, 0, 0, 0, 0, '2018-03-26 20:50:29', '2018-03-26 20:50:29'),
(43, 3, 22, 0, 0, 0, 0, '2018-03-26 20:50:29', '2018-03-26 20:50:29'),
(44, 1, 23, 0, 0, 0, 0, '2018-04-30 02:34:00', '2018-04-30 02:34:00'),
(45, 2, 23, 0, 0, 0, 0, '2018-04-30 04:50:13', '2018-04-30 04:50:13'),
(46, 3, 23, 0, 0, 0, 0, '2018-04-30 04:50:13', '2018-04-30 04:50:13');

-- --------------------------------------------------------

--
-- Table structure for table `role_module_fields`
--

CREATE TABLE `role_module_fields` (
  `id` int(10) UNSIGNED NOT NULL,
  `role_id` int(10) UNSIGNED NOT NULL,
  `field_id` int(10) UNSIGNED NOT NULL,
  `access` enum('invisible','readonly','write') COLLATE utf8_unicode_ci NOT NULL,
  `created_at` timestamp NULL DEFAULT NULL,
  `updated_at` timestamp NULL DEFAULT NULL
) ENGINE=MyISAM DEFAULT CHARSET=utf8 COLLATE=utf8_unicode_ci;

--
-- Dumping data for table `role_module_fields`
--

INSERT INTO `role_module_fields` (`id`, `role_id`, `field_id`, `access`, `created_at`, `updated_at`) VALUES
(1, 1, 1, 'write', '2018-03-14 23:59:02', '2018-03-14 23:59:02'),
(2, 1, 2, 'write', '2018-03-14 23:59:02', '2018-03-14 23:59:02'),
(3, 1, 3, 'write', '2018-03-14 23:59:02', '2018-03-14 23:59:02'),
(4, 1, 4, 'write', '2018-03-14 23:59:02', '2018-03-14 23:59:02'),
(5, 1, 5, 'write', '2018-03-14 23:59:02', '2018-03-14 23:59:02'),
(6, 1, 6, 'write', '2018-03-14 23:59:03', '2018-03-14 23:59:03'),
(7, 1, 7, 'write', '2018-03-14 23:59:03', '2018-03-14 23:59:03'),
(8, 1, 8, 'write', '2018-03-14 23:59:03', '2018-03-14 23:59:03'),
(9, 1, 9, 'write', '2018-03-14 23:59:03', '2018-03-14 23:59:03'),
(10, 1, 10, 'write', '2018-03-14 23:59:03', '2018-03-14 23:59:03'),
(11, 1, 11, 'write', '2018-03-14 23:59:03', '2018-03-14 23:59:03'),
(12, 1, 12, 'write', '2018-03-14 23:59:03', '2018-03-14 23:59:03'),
(13, 1, 13, 'write', '2018-03-14 23:59:03', '2018-03-14 23:59:03'),
(14, 1, 14, 'write', '2018-03-14 23:59:03', '2018-03-14 23:59:03'),
(15, 1, 15, 'write', '2018-03-14 23:59:03', '2018-03-14 23:59:03'),
(16, 1, 16, 'write', '2018-03-14 23:59:04', '2018-03-14 23:59:04'),
(17, 1, 17, 'write', '2018-03-14 23:59:04', '2018-03-14 23:59:04'),
(18, 1, 18, 'write', '2018-03-14 23:59:04', '2018-03-14 23:59:04'),
(19, 1, 19, 'write', '2018-03-14 23:59:04', '2018-03-14 23:59:04'),
(20, 1, 20, 'write', '2018-03-14 23:59:04', '2018-03-14 23:59:04'),
(21, 1, 21, 'write', '2018-03-14 23:59:04', '2018-03-14 23:59:04'),
(22, 1, 22, 'write', '2018-03-14 23:59:04', '2018-03-14 23:59:04'),
(23, 1, 23, 'write', '2018-03-14 23:59:04', '2018-03-14 23:59:04'),
(24, 1, 24, 'write', '2018-03-14 23:59:04', '2018-03-14 23:59:04'),
(25, 1, 25, 'write', '2018-03-14 23:59:04', '2018-03-14 23:59:04'),
(26, 1, 26, 'write', '2018-03-14 23:59:04', '2018-03-14 23:59:04'),
(27, 1, 27, 'write', '2018-03-14 23:59:04', '2018-03-14 23:59:04'),
(28, 1, 28, 'write', '2018-03-14 23:59:04', '2018-03-14 23:59:04'),
(29, 1, 29, 'write', '2018-03-14 23:59:04', '2018-03-14 23:59:04'),
(30, 1, 30, 'write', '2018-03-14 23:59:04', '2018-03-14 23:59:04'),
(31, 1, 31, 'write', '2018-03-14 23:59:04', '2018-03-14 23:59:04'),
(32, 1, 32, 'write', '2018-03-14 23:59:04', '2018-03-14 23:59:04'),
(33, 1, 33, 'write', '2018-03-14 23:59:04', '2018-03-14 23:59:04'),
(34, 1, 34, 'write', '2018-03-14 23:59:04', '2018-03-14 23:59:04'),
(35, 1, 35, 'write', '2018-03-14 23:59:05', '2018-03-14 23:59:05'),
(36, 1, 36, 'write', '2018-03-14 23:59:05', '2018-03-14 23:59:05'),
(37, 1, 37, 'write', '2018-03-14 23:59:05', '2018-03-14 23:59:05'),
(38, 1, 38, 'write', '2018-03-14 23:59:05', '2018-03-14 23:59:05'),
(39, 1, 39, 'write', '2018-03-14 23:59:05', '2018-03-14 23:59:05'),
(40, 1, 40, 'write', '2018-03-14 23:59:05', '2018-03-14 23:59:05'),
(41, 1, 41, 'write', '2018-03-14 23:59:05', '2018-03-14 23:59:05'),
(42, 1, 42, 'write', '2018-03-14 23:59:05', '2018-03-14 23:59:05'),
(43, 1, 43, 'write', '2018-03-14 23:59:05', '2018-03-14 23:59:05'),
(44, 1, 44, 'write', '2018-03-14 23:59:05', '2018-03-14 23:59:05'),
(45, 1, 45, 'write', '2018-03-14 23:59:05', '2018-03-14 23:59:05'),
(46, 1, 46, 'write', '2018-03-14 23:59:05', '2018-03-14 23:59:05'),
(47, 1, 47, 'write', '2018-03-14 23:59:05', '2018-03-14 23:59:05'),
(48, 1, 48, 'write', '2018-03-14 23:59:05', '2018-03-14 23:59:05'),
(49, 1, 49, 'write', '2018-03-14 23:59:05', '2018-03-14 23:59:05'),
(50, 1, 50, 'write', '2018-03-14 23:59:05', '2018-03-14 23:59:05'),
(51, 1, 51, 'write', '2018-03-14 23:59:05', '2018-03-14 23:59:05'),
(130, 1, 152, 'write', '2018-03-16 03:07:23', '2018-03-16 03:07:23'),
(131, 1, 153, 'write', '2018-03-16 03:07:23', '2018-03-16 03:07:23'),
(132, 1, 154, 'write', '2018-03-16 03:07:23', '2018-03-16 03:07:23'),
(133, 1, 155, 'write', '2018-03-16 03:07:23', '2018-03-16 03:07:23'),
(134, 1, 156, 'write', '2018-03-16 03:07:23', '2018-03-16 03:07:23'),
(135, 1, 157, 'write', '2018-03-16 03:07:23', '2018-03-16 03:07:23'),
(136, 1, 158, 'write', '2018-03-16 03:07:23', '2018-03-16 03:07:23'),
(137, 1, 159, 'write', '2018-03-16 03:07:23', '2018-03-16 03:07:23'),
(138, 1, 160, 'write', '2018-03-16 03:07:23', '2018-03-16 03:07:23'),
(139, 1, 161, 'write', '2018-03-16 03:07:23', '2018-03-16 03:07:23'),
(140, 1, 162, 'readonly', '2018-03-16 03:07:23', '2018-03-16 03:07:23'),
(141, 1, 163, 'write', '2018-03-16 03:07:23', '2018-03-16 03:07:23'),
(142, 1, 164, 'write', '2018-03-16 03:07:23', '2018-03-16 03:07:23'),
(143, 1, 165, 'write', '2018-03-16 03:07:23', '2018-03-16 03:07:23'),
(144, 1, 166, 'write', '2018-03-16 03:14:51', '2018-03-16 03:14:51'),
(145, 1, 167, 'write', '2018-03-19 02:14:44', '2018-03-19 02:14:44'),
(146, 1, 168, 'write', '2018-03-19 02:14:44', '2018-03-19 02:14:44'),
(147, 1, 169, 'write', '2018-03-19 02:14:44', '2018-03-19 02:14:44'),
(148, 1, 170, 'write', '2018-03-19 02:14:44', '2018-03-19 02:14:44'),
(149, 1, 171, 'write', '2018-03-19 02:14:44', '2018-03-19 02:14:44'),
(150, 1, 172, 'write', '2018-03-19 02:14:44', '2018-03-19 02:14:44'),
(151, 1, 173, 'write', '2018-03-19 02:14:44', '2018-03-19 02:14:44'),
(152, 1, 174, 'write', '2018-03-19 02:14:44', '2018-03-19 02:14:44'),
(153, 1, 175, 'readonly', '2018-03-19 02:14:44', '2018-03-19 02:14:44'),
(199, 2, 1, 'readonly', '2018-03-19 06:07:20', '2018-03-19 06:07:20'),
(200, 2, 2, 'readonly', '2018-03-19 06:07:20', '2018-03-19 06:07:20'),
(201, 2, 3, 'readonly', '2018-03-19 06:07:20', '2018-03-19 06:07:20'),
(202, 2, 4, 'readonly', '2018-03-19 06:07:20', '2018-03-19 06:07:20'),
(203, 2, 5, 'readonly', '2018-03-19 06:07:20', '2018-03-19 06:07:20'),
(204, 2, 6, 'readonly', '2018-03-19 06:07:20', '2018-03-19 06:07:20'),
(205, 2, 7, 'readonly', '2018-03-19 06:07:20', '2018-03-19 06:07:20'),
(206, 2, 8, 'readonly', '2018-03-19 06:07:20', '2018-03-19 06:07:20'),
(207, 2, 9, 'readonly', '2018-03-19 06:07:20', '2018-03-19 06:07:20'),
(208, 2, 10, 'readonly', '2018-03-19 06:07:20', '2018-03-19 06:07:20'),
(209, 2, 11, 'readonly', '2018-03-19 06:07:20', '2018-03-19 06:07:20'),
(210, 2, 12, 'readonly', '2018-03-19 06:07:20', '2018-03-19 06:07:20'),
(211, 2, 13, 'readonly', '2018-03-19 06:07:21', '2018-03-19 06:07:21'),
(212, 2, 14, 'readonly', '2018-03-19 06:07:21', '2018-03-19 06:07:21'),
(213, 2, 15, 'readonly', '2018-03-19 06:07:21', '2018-03-19 06:07:21'),
(214, 2, 16, 'readonly', '2018-03-19 06:07:21', '2018-03-19 06:07:21'),
(215, 2, 17, 'readonly', '2018-03-19 06:07:21', '2018-03-19 06:07:21'),
(216, 2, 18, 'readonly', '2018-03-19 06:07:21', '2018-03-19 06:07:21'),
(217, 2, 19, 'readonly', '2018-03-19 06:07:21', '2018-03-19 06:07:21'),
(218, 2, 20, 'readonly', '2018-03-19 06:07:21', '2018-03-19 06:07:21'),
(219, 2, 21, 'readonly', '2018-03-19 06:07:21', '2018-03-19 06:07:21'),
(220, 2, 22, 'readonly', '2018-03-19 06:07:21', '2018-03-19 06:07:21'),
(221, 2, 23, 'readonly', '2018-03-19 06:07:21', '2018-03-19 06:07:21'),
(222, 2, 24, 'readonly', '2018-03-19 06:07:21', '2018-03-19 06:07:21'),
(223, 2, 25, 'readonly', '2018-03-19 06:07:21', '2018-03-19 06:07:21'),
(224, 2, 26, 'readonly', '2018-03-19 06:07:21', '2018-03-19 06:07:21'),
(225, 2, 27, 'readonly', '2018-03-19 06:07:21', '2018-03-19 06:07:21'),
(226, 2, 28, 'readonly', '2018-03-19 06:07:21', '2018-03-19 06:07:21'),
(227, 2, 29, 'readonly', '2018-03-19 06:07:21', '2018-03-19 06:07:21'),
(228, 2, 30, 'readonly', '2018-03-19 06:07:21', '2018-03-19 06:07:21'),
(229, 2, 31, 'readonly', '2018-03-19 06:07:21', '2018-03-19 06:07:21'),
(230, 2, 32, 'readonly', '2018-03-19 06:07:21', '2018-03-19 06:07:21'),
(231, 2, 33, 'readonly', '2018-03-19 06:07:21', '2018-03-19 06:07:21'),
(232, 2, 34, 'readonly', '2018-03-19 06:07:21', '2018-03-19 06:07:21'),
(233, 2, 35, 'readonly', '2018-03-19 06:07:22', '2018-03-19 06:07:22'),
(234, 2, 36, 'readonly', '2018-03-19 06:07:22', '2018-03-19 06:07:22'),
(235, 2, 37, 'readonly', '2018-03-19 06:07:22', '2018-03-19 06:07:22'),
(236, 2, 38, 'readonly', '2018-03-19 06:07:22', '2018-03-19 06:07:22'),
(237, 2, 39, 'readonly', '2018-03-19 06:07:22', '2018-03-19 06:07:22'),
(238, 2, 40, 'readonly', '2018-03-19 06:07:22', '2018-03-19 06:07:22'),
(239, 2, 41, 'readonly', '2018-03-19 06:07:22', '2018-03-19 06:07:22'),
(240, 2, 42, 'readonly', '2018-03-19 06:07:22', '2018-03-19 06:07:22'),
(241, 2, 43, 'readonly', '2018-03-19 06:07:22', '2018-03-19 06:07:22'),
(242, 2, 44, 'readonly', '2018-03-19 06:07:22', '2018-03-19 06:07:22'),
(243, 2, 45, 'readonly', '2018-03-19 06:07:22', '2018-03-19 06:07:22'),
(244, 2, 46, 'readonly', '2018-03-19 06:07:23', '2018-03-19 06:07:23'),
(245, 2, 47, 'readonly', '2018-03-19 06:07:23', '2018-03-19 06:07:23'),
(246, 2, 48, 'readonly', '2018-03-19 06:07:23', '2018-03-19 06:07:23'),
(247, 2, 49, 'readonly', '2018-03-19 06:07:23', '2018-03-19 06:07:23'),
(248, 2, 50, 'readonly', '2018-03-19 06:07:23', '2018-03-19 06:07:23'),
(249, 2, 51, 'readonly', '2018-03-19 06:07:23', '2018-03-19 06:07:23'),
(250, 2, 152, 'write', '2018-03-19 06:07:23', '2018-03-19 06:07:23'),
(251, 2, 153, 'write', '2018-03-19 06:07:23', '2018-03-19 06:07:23'),
(252, 2, 154, 'write', '2018-03-19 06:07:23', '2018-03-19 06:07:23'),
(253, 2, 155, 'write', '2018-03-19 06:07:23', '2018-03-19 06:07:23'),
(254, 2, 156, 'write', '2018-03-19 06:07:23', '2018-03-19 06:07:23'),
(255, 2, 157, 'write', '2018-03-19 06:07:23', '2018-03-19 06:07:23'),
(256, 2, 158, 'write', '2018-03-19 06:07:23', '2018-03-19 06:07:23'),
(257, 2, 159, 'write', '2018-03-19 06:07:23', '2018-03-19 06:07:23'),
(258, 2, 160, 'write', '2018-03-19 06:07:23', '2018-03-19 06:07:23'),
(259, 2, 161, 'write', '2018-03-19 06:07:23', '2018-03-19 06:07:23'),
(260, 2, 162, 'readonly', '2018-03-19 06:07:23', '2018-03-19 06:07:23'),
(261, 2, 163, 'write', '2018-03-19 06:07:23', '2018-03-19 06:07:23'),
(262, 2, 164, 'write', '2018-03-19 06:07:23', '2018-03-19 06:07:23'),
(263, 2, 165, 'write', '2018-03-19 06:07:23', '2018-03-19 06:07:23'),
(264, 2, 166, 'write', '2018-03-19 06:07:23', '2018-03-19 06:07:23'),
(265, 2, 167, 'write', '2018-03-19 06:07:24', '2018-03-19 06:07:24'),
(266, 2, 168, 'write', '2018-03-19 06:07:24', '2018-03-19 06:07:24'),
(267, 2, 169, 'write', '2018-03-19 06:07:24', '2018-03-19 06:07:24'),
(268, 2, 170, 'write', '2018-03-19 06:07:24', '2018-03-19 06:07:24'),
(269, 2, 171, 'write', '2018-03-19 06:07:24', '2018-03-19 06:07:24'),
(270, 2, 172, 'write', '2018-03-19 06:07:24', '2018-03-19 06:07:24'),
(271, 2, 173, 'write', '2018-03-19 06:07:24', '2018-03-19 06:07:24'),
(272, 2, 174, 'write', '2018-03-19 06:07:24', '2018-03-19 06:07:24'),
(273, 2, 175, 'write', '2018-03-19 06:07:24', '2018-03-19 06:07:24'),
(274, 3, 1, 'write', '2018-03-19 06:09:48', '2018-03-19 06:09:48'),
(275, 3, 2, 'write', '2018-03-19 06:09:48', '2018-03-19 06:09:48'),
(276, 3, 3, 'write', '2018-03-19 06:09:48', '2018-03-19 06:09:48'),
(277, 3, 4, 'write', '2018-03-19 06:09:48', '2018-03-19 06:09:48'),
(278, 3, 5, 'write', '2018-03-19 06:09:48', '2018-03-19 06:09:48'),
(279, 3, 6, 'readonly', '2018-03-19 06:09:49', '2018-03-19 06:09:49'),
(280, 3, 7, 'readonly', '2018-03-19 06:09:49', '2018-03-19 06:09:49'),
(281, 3, 8, 'readonly', '2018-03-19 06:09:49', '2018-03-19 06:09:49'),
(282, 3, 9, 'readonly', '2018-03-19 06:09:49', '2018-03-19 06:09:49'),
(283, 3, 10, 'readonly', '2018-03-19 06:09:49', '2018-03-19 06:09:49'),
(284, 3, 11, 'readonly', '2018-03-19 06:09:49', '2018-03-19 06:09:49'),
(285, 3, 12, 'readonly', '2018-03-19 06:09:49', '2018-03-19 06:09:49'),
(286, 3, 13, 'write', '2018-03-19 06:09:49', '2018-03-19 06:09:49'),
(287, 3, 14, 'write', '2018-03-19 06:09:49', '2018-03-19 06:09:49'),
(288, 3, 15, 'write', '2018-03-19 06:09:49', '2018-03-19 06:09:49'),
(289, 3, 16, 'write', '2018-03-19 06:09:49', '2018-03-19 06:09:49'),
(290, 3, 17, 'invisible', '2018-03-19 06:09:49', '2018-03-19 06:09:49'),
(291, 3, 18, 'invisible', '2018-03-19 06:09:49', '2018-03-19 06:09:49'),
(292, 3, 19, 'write', '2018-03-19 06:09:49', '2018-03-19 06:09:49'),
(293, 3, 20, 'invisible', '2018-03-19 06:09:49', '2018-03-19 06:09:49'),
(294, 3, 21, 'write', '2018-03-19 06:09:49', '2018-03-19 06:09:49'),
(295, 3, 22, 'invisible', '2018-03-19 06:09:49', '2018-03-19 06:09:49'),
(296, 3, 23, 'invisible', '2018-03-19 06:09:49', '2018-03-19 06:09:49'),
(297, 3, 24, 'invisible', '2018-03-19 06:09:49', '2018-03-19 06:09:49'),
(298, 3, 25, 'invisible', '2018-03-19 06:09:49', '2018-03-19 06:09:49'),
(299, 3, 26, 'invisible', '2018-03-19 06:09:49', '2018-03-19 06:09:49'),
(300, 3, 27, 'invisible', '2018-03-19 06:09:49', '2018-03-19 06:09:49'),
(301, 3, 28, 'invisible', '2018-03-19 06:09:49', '2018-03-19 06:09:49'),
(302, 3, 29, 'invisible', '2018-03-19 06:09:49', '2018-03-19 06:09:49'),
(303, 3, 30, 'readonly', '2018-03-19 06:09:50', '2018-03-19 06:09:50'),
(304, 3, 31, 'readonly', '2018-03-19 06:09:50', '2018-03-19 06:09:50'),
(305, 3, 32, 'readonly', '2018-03-19 06:09:50', '2018-03-19 06:09:50'),
(306, 3, 33, 'readonly', '2018-03-19 06:09:50', '2018-03-19 06:09:50'),
(307, 3, 34, 'readonly', '2018-03-19 06:09:50', '2018-03-19 06:09:50'),
(308, 3, 35, 'readonly', '2018-03-19 06:09:50', '2018-03-19 06:09:50'),
(309, 3, 36, 'readonly', '2018-03-19 06:09:50', '2018-03-19 06:09:50'),
(310, 3, 37, 'readonly', '2018-03-19 06:09:50', '2018-03-19 06:09:50'),
(311, 3, 38, 'readonly', '2018-03-19 06:09:50', '2018-03-19 06:09:50'),
(312, 3, 39, 'readonly', '2018-03-19 06:09:50', '2018-03-19 06:09:50'),
(313, 3, 40, 'readonly', '2018-03-19 06:09:50', '2018-03-19 06:09:50'),
(314, 3, 41, 'readonly', '2018-03-19 06:09:50', '2018-03-19 06:09:50'),
(315, 3, 42, 'readonly', '2018-03-19 06:09:50', '2018-03-19 06:09:50'),
(316, 3, 43, 'readonly', '2018-03-19 06:09:50', '2018-03-19 06:09:50'),
(317, 3, 44, 'readonly', '2018-03-19 06:09:50', '2018-03-19 06:09:50'),
(318, 3, 45, 'readonly', '2018-03-19 06:09:50', '2018-03-19 06:09:50'),
(319, 3, 46, 'write', '2018-03-19 06:09:51', '2018-03-19 06:09:51'),
(320, 3, 47, 'write', '2018-03-19 06:09:51', '2018-03-19 06:09:51'),
(321, 3, 48, 'write', '2018-03-19 06:09:51', '2018-03-19 06:09:51'),
(322, 3, 49, 'readonly', '2018-03-19 06:09:51', '2018-03-19 06:09:51'),
(323, 3, 50, 'readonly', '2018-03-19 06:09:51', '2018-03-19 06:09:51'),
(324, 3, 51, 'readonly', '2018-03-19 06:09:51', '2018-03-19 06:09:51'),
(325, 3, 152, 'write', '2018-03-19 06:09:51', '2018-03-19 06:09:51'),
(326, 3, 153, 'write', '2018-03-19 06:09:51', '2018-03-19 06:09:51'),
(327, 3, 154, 'write', '2018-03-19 06:09:51', '2018-03-19 06:09:51'),
(328, 3, 155, 'write', '2018-03-19 06:09:51', '2018-03-19 06:09:51'),
(329, 3, 156, 'write', '2018-03-19 06:09:51', '2018-03-19 06:09:51'),
(330, 3, 157, 'write', '2018-03-19 06:09:51', '2018-03-19 06:09:51'),
(331, 3, 158, 'write', '2018-03-19 06:09:51', '2018-03-19 06:09:51'),
(332, 3, 159, 'write', '2018-03-19 06:09:51', '2018-03-19 06:09:51'),
(333, 3, 160, 'write', '2018-03-19 06:09:51', '2018-03-19 06:09:51'),
(334, 3, 161, 'write', '2018-03-19 06:09:51', '2018-03-19 06:09:51'),
(335, 3, 162, 'readonly', '2018-03-19 06:09:51', '2018-03-19 06:09:51'),
(336, 3, 163, 'write', '2018-03-19 06:09:51', '2018-03-19 06:09:51'),
(337, 3, 164, 'write', '2018-03-19 06:09:51', '2018-03-19 06:09:51'),
(338, 3, 165, 'write', '2018-03-19 06:09:51', '2018-03-19 06:09:51'),
(339, 3, 166, 'write', '2018-03-19 06:09:51', '2018-03-19 06:09:51'),
(340, 3, 167, 'write', '2018-03-19 06:09:52', '2018-03-19 06:09:52'),
(341, 3, 168, 'write', '2018-03-19 06:09:52', '2018-03-19 06:09:52'),
(342, 3, 169, 'write', '2018-03-19 06:09:52', '2018-03-19 06:09:52'),
(343, 3, 170, 'write', '2018-03-19 06:09:52', '2018-03-19 06:09:52'),
(344, 3, 171, 'write', '2018-03-19 06:09:52', '2018-03-19 06:09:52'),
(345, 3, 172, 'write', '2018-03-19 06:09:52', '2018-03-19 06:09:52'),
(346, 3, 173, 'write', '2018-03-19 06:09:52', '2018-03-19 06:09:52'),
(347, 3, 174, 'write', '2018-03-19 06:09:52', '2018-03-19 06:09:52'),
(348, 3, 175, 'write', '2018-03-19 06:09:52', '2018-03-19 06:09:52'),
(349, 1, 176, 'write', '2018-03-26 20:50:29', '2018-03-26 20:50:29'),
(350, 1, 177, 'write', '2018-03-26 20:50:29', '2018-03-26 20:50:29'),
(351, 1, 178, 'write', '2018-03-26 20:50:29', '2018-03-26 20:50:29'),
(352, 2, 176, 'invisible', '2018-03-26 20:50:29', '2018-03-26 20:50:29'),
(353, 2, 177, 'invisible', '2018-03-26 20:50:29', '2018-03-26 20:50:29'),
(354, 2, 178, 'invisible', '2018-03-26 20:50:29', '2018-03-26 20:50:29'),
(355, 3, 176, 'invisible', '2018-03-26 20:50:29', '2018-03-26 20:50:29'),
(356, 3, 177, 'invisible', '2018-03-26 20:50:29', '2018-03-26 20:50:29'),
(357, 3, 178, 'invisible', '2018-03-26 20:50:29', '2018-03-26 20:50:29'),
(358, 1, 179, 'write', '2018-04-30 02:33:04', '2018-04-30 02:33:04'),
(359, 1, 180, 'invisible', '2018-04-30 02:44:20', '2018-04-30 02:44:20'),
(360, 1, 181, 'readonly', '2018-04-30 02:52:21', '2018-04-30 02:52:21'),
(361, 1, 182, 'write', '2018-04-30 02:59:27', '2018-04-30 02:59:27'),
(362, 1, 183, 'write', '2018-04-30 03:00:24', '2018-04-30 03:00:24'),
(363, 1, 184, 'write', '2018-04-30 03:01:02', '2018-04-30 03:01:02'),
(364, 1, 185, 'invisible', '2018-04-30 04:21:15', '2018-04-30 04:21:15'),
(365, 1, 186, 'write', '2018-04-30 04:23:02', '2018-04-30 04:23:02'),
(366, 2, 179, 'invisible', '2018-04-30 04:50:13', '2018-04-30 04:50:13'),
(367, 2, 185, 'invisible', '2018-04-30 04:50:13', '2018-04-30 04:50:13'),
(368, 2, 186, 'invisible', '2018-04-30 04:50:13', '2018-04-30 04:50:13'),
(369, 3, 179, 'invisible', '2018-04-30 04:50:13', '2018-04-30 04:50:13'),
(370, 3, 185, 'invisible', '2018-04-30 04:50:13', '2018-04-30 04:50:13'),
(371, 3, 186, 'invisible', '2018-04-30 04:50:13', '2018-04-30 04:50:13'),
(372, 2, 180, 'invisible', '2018-04-30 05:20:28', '2018-04-30 05:20:28'),
(373, 2, 181, 'invisible', '2018-04-30 05:20:28', '2018-04-30 05:20:28'),
(374, 2, 182, 'invisible', '2018-04-30 05:20:28', '2018-04-30 05:20:28'),
(375, 2, 183, 'invisible', '2018-04-30 05:20:28', '2018-04-30 05:20:28'),
(376, 2, 184, 'invisible', '2018-04-30 05:20:28', '2018-04-30 05:20:28'),
(377, 3, 180, 'invisible', '2018-04-30 05:20:28', '2018-04-30 05:20:28'),
(378, 3, 181, 'invisible', '2018-04-30 05:20:28', '2018-04-30 05:20:28'),
(379, 3, 182, 'invisible', '2018-04-30 05:20:28', '2018-04-30 05:20:28'),
(380, 3, 183, 'invisible', '2018-04-30 05:20:28', '2018-04-30 05:20:28'),
(381, 3, 184, 'invisible', '2018-04-30 05:20:28', '2018-04-30 05:20:28'),
(382, 1, 187, 'write', '2018-05-01 20:35:24', '2018-05-01 20:35:24'),
(383, 1, 188, 'readonly', '2018-05-01 20:36:21', '2018-05-01 20:36:21'),
(384, 2, 187, 'invisible', '2018-05-01 20:40:26', '2018-05-01 20:40:26'),
(385, 2, 188, 'invisible', '2018-05-01 20:40:26', '2018-05-01 20:40:26'),
(386, 3, 187, 'invisible', '2018-05-01 20:40:26', '2018-05-01 20:40:26'),
(387, 3, 188, 'invisible', '2018-05-01 20:40:26', '2018-05-01 20:40:26');

-- --------------------------------------------------------

--
-- Table structure for table `role_user`
--

CREATE TABLE `role_user` (
  `id` int(10) UNSIGNED NOT NULL,
  `role_id` int(10) UNSIGNED NOT NULL,
  `user_id` int(10) UNSIGNED NOT NULL,
  `created_at` timestamp NULL DEFAULT NULL,
  `updated_at` timestamp NULL DEFAULT NULL
) ENGINE=MyISAM DEFAULT CHARSET=utf8 COLLATE=utf8_unicode_ci;

--
-- Dumping data for table `role_user`
--

INSERT INTO `role_user` (`id`, `role_id`, `user_id`, `created_at`, `updated_at`) VALUES
(1, 1, 1, NULL, NULL),
(2, 2, 2, NULL, NULL),
(3, 3, 3, NULL, NULL);

-- --------------------------------------------------------

--
-- Table structure for table `salary`
--

CREATE TABLE `salary` (
  `id` int(11) NOT NULL,
  `name` varchar(20) NOT NULL
) ENGINE=MyISAM DEFAULT CHARSET=latin1;

--
-- Dumping data for table `salary`
--

INSERT INTO `salary` (`id`, `name`) VALUES
(1, '100 rb - 5 juta'),
(2, '5 juta - 10 juta'),
(3, '10 juta - 20 juta'),
(4, '20 juta - 50 juta'),
(5, '50 juta - 100 juta '),
(6, 'di atas 100 juta');

-- --------------------------------------------------------

--
-- Table structure for table `sources`
--

CREATE TABLE `sources` (
  `id` int(11) NOT NULL,
  `name` varchar(50) NOT NULL
) ENGINE=MyISAM DEFAULT CHARSET=latin1;

--
-- Dumping data for table `sources`
--

INSERT INTO `sources` (`id`, `name`) VALUES
(1, 'Penghasilan rutin/Gaji'),
(2, 'Usaha/Bisnis'),
(3, 'hasil Investasi'),
(4, 'Warisan'),
(5, 'Hadiah'),
(6, 'Lainnya');

-- --------------------------------------------------------

--
-- Table structure for table `tm_installment`
--

CREATE TABLE `tm_installment` (
  `installment_id` varchar(21) NOT NULL,
  `installment_name` varchar(50) DEFAULT NULL,
  `number_of_installments` smallint(6) NOT NULL DEFAULT 0,
  `number_month_peryear` smallint(6) NOT NULL COMMENT 'jumlah bulan dalam satu tahun untuk melakukan pembayaran return artinya tiap berapa bulan sekali dalam setahun melakukan pembayaran return',
  `installment_type` varchar(21) NOT NULL,
  `status` tinyint(4) NOT NULL,
  `user_etr` varchar(21) NOT NULL,
  `dt_etr` datetime NOT NULL
) ENGINE=MyISAM DEFAULT CHARSET=latin1;

--
-- Dumping data for table `tm_installment`
--

INSERT INTO `tm_installment` (`installment_id`, `installment_name`, `number_of_installments`, `number_month_peryear`, `installment_type`, `status`, `user_etr`, `dt_etr`) VALUES
('INS-0001', 'Periode 1 Tahun, pengembalian tiap 4 bulan', 3, 4, '1 Tahun', 1, 'Fauzan', '2018-06-26 00:00:00'),
('INS-0002', 'Periode 18 Bulan, pengembalian tiap 4 bulan', 5, 4, '18 Bulan', 1, 'Fauzan', '2018-06-26 00:00:00'),
('INS-0003', 'Periode 13 Bulan, pengembalian tiap 4 bulan', 4, 4, '13 Bulan', 1, 'fauzan', '2018-06-26 00:00:00');

-- --------------------------------------------------------

--
-- Table structure for table `tm_installment_detail`
--

CREATE TABLE `tm_installment_detail` (
  `id` int(11) NOT NULL,
  `installment_id` varchar(21) NOT NULL,
  `position` smallint(6) NOT NULL DEFAULT 0,
  `is_last` tinyint(4) NOT NULL DEFAULT 0,
  `status` tinyint(4) NOT NULL DEFAULT 1
) ENGINE=MyISAM DEFAULT CHARSET=latin1;

--
-- Dumping data for table `tm_installment_detail`
--

INSERT INTO `tm_installment_detail` (`id`, `installment_id`, `position`, `is_last`, `status`) VALUES
(1, 'INS-0001', 4, 0, 1),
(2, 'INS-0001', 8, 0, 1),
(3, 'INS-0001', 12, 1, 1),
(4, 'INS-0002', 4, 0, 1),
(5, 'INS-0002', 8, 0, 1),
(6, 'INS-0002', 12, 0, 1),
(7, 'INS-0002', 16, 0, 1),
(8, 'INS-0002', 18, 1, 1),
(9, 'INS-0003', 4, 0, 1),
(10, 'INS-0003', 8, 0, 1),
(11, 'INS-0003', 12, 0, 1),
(12, 'INS-0003', 13, 1, 1);

-- --------------------------------------------------------

--
-- Table structure for table `tm_installment_detail_old`
--

CREATE TABLE `tm_installment_detail_old` (
  `id` int(11) NOT NULL,
  `installment_id` varchar(21) NOT NULL,
  `position` smallint(6) NOT NULL DEFAULT 0,
  `is_last` tinyint(4) NOT NULL DEFAULT 0,
  `status` tinyint(4) NOT NULL DEFAULT 1
) ENGINE=MyISAM DEFAULT CHARSET=latin1;

--
-- Dumping data for table `tm_installment_detail_old`
--

INSERT INTO `tm_installment_detail_old` (`id`, `installment_id`, `position`, `is_last`, `status`) VALUES
(1, 'INS-0001', 4, 0, 1),
(2, 'INS-0001', 8, 0, 1),
(3, 'INS-0001', 12, 1, 1),
(4, 'INS-0002', 4, 0, 1),
(5, 'INS-0002', 8, 0, 1),
(6, 'INS-0002', 12, 0, 1),
(7, 'INS-0002', 16, 0, 1),
(8, 'INS-0002', 18, 1, 1);

-- --------------------------------------------------------

--
-- Table structure for table `tm_installment_old`
--

CREATE TABLE `tm_installment_old` (
  `installment_id` varchar(21) NOT NULL,
  `installment_name` varchar(50) DEFAULT NULL,
  `number_of_installments` smallint(6) NOT NULL DEFAULT 0,
  `number_month_peryear` smallint(6) NOT NULL COMMENT 'jumlah bulan dalam satu tahun untuk melakukan pembayaran return artinya tiap berapa bulan sekali dalam setahun melakukan pembayaran return',
  `installment_type` varchar(21) NOT NULL,
  `status` tinyint(4) NOT NULL,
  `user_etr` varchar(21) NOT NULL,
  `dt_etr` datetime NOT NULL
) ENGINE=MyISAM DEFAULT CHARSET=latin1;

--
-- Dumping data for table `tm_installment_old`
--

INSERT INTO `tm_installment_old` (`installment_id`, `installment_name`, `number_of_installments`, `number_month_peryear`, `installment_type`, `status`, `user_etr`, `dt_etr`) VALUES
('INS-0001', 'Periode 1 Tahun, pengembalian tiap 4 bulan', 3, 4, '1 Tahun', 1, 'Fauzan', '2018-06-26 00:00:00'),
('INS-0002', 'Periode 18 Bulan, pengembalian tiap 4 bulan', 5, 4, '18 Bulan', 1, 'Fauzan', '2018-06-26 00:00:00');

-- --------------------------------------------------------

--
-- Table structure for table `tm_user`
--

CREATE TABLE `tm_user` (
  `user_id` varchar(21) NOT NULL,
  `group_id` varchar(21) NOT NULL,
  `full_name` varchar(50) DEFAULT NULL,
  `user_name` varchar(20) NOT NULL,
  `user_password` varchar(100) NOT NULL,
  `email` varchar(50) DEFAULT NULL,
  `no_telp` varchar(50) DEFAULT NULL,
  `is_locked` tinyint(4) NOT NULL,
  `date_change_password` datetime DEFAULT NULL,
  `user_it_level` smallint(6) NOT NULL,
  `remark` varchar(150) DEFAULT NULL,
  `all_location_allowed` smallint(6) NOT NULL,
  `status` tinyint(4) NOT NULL,
  `user_etr` varchar(21) NOT NULL,
  `dt_etr` datetime NOT NULL,
  `code_activation` varchar(200) DEFAULT NULL,
  `report_allowed` tinyint(4) NOT NULL,
  `internal_report_allowed` tinyint(4) NOT NULL
) ENGINE=MyISAM DEFAULT CHARSET=latin1;

--
-- Dumping data for table `tm_user`
--

INSERT INTO `tm_user` (`user_id`, `group_id`, `full_name`, `user_name`, `user_password`, `email`, `no_telp`, `is_locked`, `date_change_password`, `user_it_level`, `remark`, `all_location_allowed`, `status`, `user_etr`, `dt_etr`, `code_activation`, `report_allowed`, `internal_report_allowed`) VALUES
('USR-1710003', '0006', 'fauzan', 'fauzan', 'd3a33788c755ebcef244fd61c04f408a', 'ach_oz@yahoo.com', NULL, 0, NULL, 1, NULL, 1, 1, 'admin', '2018-06-26 00:00:00', NULL, 1, 1);

-- --------------------------------------------------------

--
-- Table structure for table `tm_user_group`
--

CREATE TABLE `tm_user_group` (
  `group_id` varchar(21) NOT NULL,
  `group_name` varchar(50) DEFAULT NULL,
  `application_name` varchar(4) DEFAULT NULL,
  `status` smallint(6) NOT NULL
) ENGINE=MyISAM DEFAULT CHARSET=latin1;

--
-- Dumping data for table `tm_user_group`
--

INSERT INTO `tm_user_group` (`group_id`, `group_name`, `application_name`, `status`) VALUES
('0001', 'Developer', '1001', 1),
('0002', 'Administrator', '1001', 1),
('0005', 'Management', '1001', 1),
('0006', 'Finance', '1001', 1);

-- --------------------------------------------------------

--
-- Table structure for table `tp_ar_balance`
--

CREATE TABLE `tp_ar_balance` (
  `transaction_id` varchar(21) NOT NULL,
  `invoice_id` varchar(21) NOT NULL,
  `investor_id` int(11) NOT NULL,
  `transaction_date` date NOT NULL,
  `transaction_type` char(1) DEFAULT NULL,
  `invoice_amount` double(15,2) NOT NULL DEFAULT 0.00,
  `payment_amount` double(15,2) NOT NULL DEFAULT 0.00,
  `balance_amount` double(15,3) NOT NULL DEFAULT 0.000,
  `status` tinyint(4) NOT NULL DEFAULT 1
) ENGINE=MyISAM DEFAULT CHARSET=latin1;

--
-- Dumping data for table `tp_ar_balance`
--

INSERT INTO `tp_ar_balance` (`transaction_id`, `invoice_id`, `investor_id`, `transaction_date`, `transaction_type`, `invoice_amount`, `payment_amount`, `balance_amount`, `status`) VALUES
('TR20180500014', 'TR20180500014', 7, '2018-05-28', 'S', 2500000.00, 0.00, 2500000.000, 1),
('TR20180500009', 'TR20180500009', 7, '2018-05-28', 'S', 2500000.00, 0.00, 2500000.000, 1),
('TR20180500008', 'TR20180500008', 7, '2018-05-28', 'S', 2500000.00, 0.00, 2500000.000, 1),
('TR20180500001', 'TR20180500001', 7, '2018-05-26', 'S', 2500000.00, 0.00, 2500000.000, 1),
('TR20180500001-1', 'TR20180500001', 7, '2018-05-26', 'P', 2500000.00, 0.00, -2500000.000, 1),
('TR20180500002', 'TR20180500002', 7, '2018-05-28', 'S', 2500000.00, 0.00, 2500000.000, 1),
('TR20180500003', 'TR20180500003', 7, '2018-05-28', 'S', 2500000.00, 0.00, 2500000.000, 1),
('TR20180500004', 'TR20180500004', 7, '2018-05-28', 'S', 2500000.00, 0.00, 2500000.000, 1),
('TR20180500005', 'TR20180500005', 7, '2018-05-28', 'S', 5000000.00, 0.00, 5000000.000, 1),
('TR20180500006', 'TR20180500006', 7, '2018-05-28', 'S', 5000000.00, 0.00, 5000000.000, 1),
('TR20180500007', 'TR20180500007', 7, '2018-05-28', 'S', 2500000.00, 0.00, 2500000.000, 1),
('TR20180500015', 'TR20180500015', 7, '2018-05-28', 'S', 2500000.00, 0.00, 2500000.000, 1),
('TR20180500015-1', 'TR20180500015', 7, '2018-05-28', 'P', 2500000.00, 0.00, -2500000.000, 1),
('TR20180500016', 'TR20180500016', 7, '2018-05-28', 'S', 2500000.00, 0.00, 2500000.000, 1),
('TR20180500016-1', 'TR20180500016', 7, '2018-05-28', 'P', 2500000.00, 0.00, -2500000.000, 1),
('TR20180500017', 'TR20180500017', 7, '2018-05-28', 'S', 2500000.00, 0.00, 2500000.000, 1),
('TR20180500018', 'TR20180500018', 7, '2018-05-28', 'S', 2500000.00, 0.00, 2500000.000, 1),
('TR20180500019', 'TR20180500019', 7, '2018-05-28', 'S', 5000000.00, 0.00, 5000000.000, 1),
('TR20180500014-1', 'TR20180500014', 7, '2018-05-28', 'P', 2500000.00, 0.00, -2500000.000, 1),
('TR20180600001', 'TR20180600001', 7, '2018-06-06', 'S', 2500000.00, 0.00, 2500000.000, 1),
('TR20180500020', 'TR20180500020', 7, '2018-05-31', 'S', 2500000.00, 0.00, 2500000.000, 1),
('TR20180500021', 'TR20180500021', 7, '2018-05-31', 'S', 2500000.00, 0.00, 2500000.000, 1),
('TR20180500022', 'TR20180500022', 7, '2018-05-31', 'S', 2500000.00, 0.00, 2500000.000, 1),
('TR20180500023', 'TR20180500023', 7, '2018-05-31', 'S', 2500000.00, 0.00, 2500000.000, 1),
('TR20180500024', 'TR20180500024', 7, '2018-05-31', 'S', 2500000.00, 0.00, 2500000.000, 1),
('TR20180500025', 'TR20180500025', 7, '2018-05-31', 'S', 2500000.00, 0.00, 2500000.000, 1),
('TR20180600002', 'TR20180600002', 7, '2018-06-06', 'S', 7500000.00, 0.00, 7500000.000, 1),
('TR20180600005', 'TR20180600005', 7, '2018-06-07', 'S', 2500000.00, 0.00, 2500000.000, 1),
('TR20180600004', 'TR20180600004', 7, '2018-06-07', 'S', 2500000.00, 0.00, 2500000.000, 1),
('SP20180600014', 'TR20180600003', 7, '2018-06-07', 'P', 0.00, 7500000.00, -7500000.000, 1),
('SP20180600013', 'TR20180600002', 7, '2018-06-07', 'P', 0.00, 7500000.00, -7500000.000, 1),
('TR20180600003', 'TR20180600003', 7, '2018-06-07', 'S', 75000000.00, 0.00, 75000000.000, 1),
('SP20180600012', 'TR20180600002', 7, '2018-06-07', 'P', 0.00, 7500000.00, -7500000.000, 1),
('TR20180600006', 'TR20180600006', 7, '2018-06-07', 'S', 2500000.00, 0.00, 2500000.000, 1),
('TR20180600007', 'TR20180600007', 7, '2018-06-07', 'S', 5000000.00, 0.00, 5000000.000, 1),
('TR20180600008', 'TR20180600008', 7, '2018-06-08', 'S', 77500000.00, 0.00, 77500000.000, 1),
('TR20180600009', 'TR20180600009', 7, '2018-06-08', 'S', 77500000.00, 0.00, 77500000.000, 1),
('TR20180600010', 'TR20180600010', 7, '2018-06-08', 'S', 55000000.00, 0.00, 55000000.000, 1),
('SP20180600015', 'TR20180600010', 7, '2018-06-08', 'P', 0.00, 55000000.00, -55000000.000, 1),
('TR20180600011', 'TR20180600011', 7, '2018-06-28', 'S', 5000000.00, 0.00, 5000000.000, 1),
('SP20180600016', 'TR20180600011', 7, '2018-06-28', 'P', 0.00, 5000000.00, -5000000.000, 1),
('SP20180600017', 'TR20180600011', 7, '2018-06-28', 'P', 0.00, 5000000.00, -5000000.000, 1),
('SP20180600018', 'TR20180600011', 7, '2018-06-28', 'P', 0.00, 5000000.00, -5000000.000, 1),
('TR20180700001', 'TR20180700001', 32, '2018-07-24', 'S', 5000000.00, 0.00, 5000000.000, 1),
('SP20180700001', 'TR20180700001', 32, '2018-07-24', 'P', 0.00, 5000000.00, -5000000.000, 1),
('TR20180700002', 'TR20180700002', 32, '2018-07-27', 'S', 10000000.00, 0.00, 10000000.000, 1),
('SP20180700002', 'TR20180700002', 32, '2018-07-27', 'P', 0.00, 10000000.00, -10000000.000, 1),
('TR20180700003', 'TR20180700003', 32, '2018-07-27', 'S', 10000000.00, 0.00, 10000000.000, 1),
('SP20180700003', 'TR20180700003', 32, '2018-07-27', 'P', 0.00, 10000000.00, -10000000.000, 1),
('TR20180700004', 'TR20180700004', 32, '2018-07-27', 'S', 12500000.00, 0.00, 12500000.000, 1),
('SP20180700004', 'TR20180700004', 32, '2018-07-27', 'P', 0.00, 12500000.00, -12500000.000, 1),
('TR20180700005', 'TR20180700005', 32, '2018-07-30', 'S', 150000000.00, 0.00, 150000000.000, 1),
('SP20180700005', 'TR20180700005', 32, '2018-07-30', 'P', 0.00, 150000000.00, -150000000.000, 1),
('TR20180700006', 'TR20180700006', 32, '2018-07-30', 'S', 125000000.00, 0.00, 125000000.000, 1),
('SP20180700006', 'TR20180700006', 32, '2018-07-30', 'P', 0.00, 125000000.00, -125000000.000, 1),
('TR20180700007', 'TR20180700007', 32, '2018-07-30', 'S', 162500000.00, 0.00, 162500000.000, 1),
('SP20180700007', 'TR20180700007', 32, '2018-07-30', 'P', 0.00, 162500000.00, -162500000.000, 1),
('TR20180700008', 'TR20180700008', 32, '2018-07-30', 'S', 187500000.00, 0.00, 187500000.000, 1),
('SP20180700008', 'TR20180700008', 32, '2018-07-30', 'P', 0.00, 187500000.00, -187500000.000, 1),
('TR20180700009', 'TR20180700009', 32, '2018-07-30', 'S', 190000000.00, 0.00, 190000000.000, 1),
('SP20180700009', 'TR20180700009', 32, '2018-07-30', 'P', 0.00, 190000000.00, -190000000.000, 1),
('TR20180700010', 'TR20180700010', 32, '2018-07-30', 'S', 130000000.00, 0.00, 130000000.000, 1),
('SP20180700010', 'TR20180700010', 32, '2018-07-30', 'P', 0.00, 130000000.00, -130000000.000, 1),
('TR20180700011', 'TR20180700011', 32, '2018-07-30', 'S', 17500000.00, 0.00, 17500000.000, 1),
('SP20180700011', 'TR20180700011', 32, '2018-07-30', 'P', 0.00, 17500000.00, -17500000.000, 1),
('TR20180700012', 'TR20180700012', 33, '2018-07-30', 'S', 17500000.00, 0.00, 17500000.000, 1),
('SP20180700012', 'TR20180700012', 33, '2018-07-30', 'P', 0.00, 17500000.00, -17500000.000, 1),
('TR20180700013', 'TR20180700013', 33, '2018-07-30', 'S', 12500000.00, 0.00, 12500000.000, 1),
('SP20180700013', 'TR20180700013', 33, '2018-07-30', 'P', 0.00, 12500000.00, -12500000.000, 1),
('TR20180700014', 'TR20180700014', 33, '2018-07-30', 'S', 12500000.00, 0.00, 12500000.000, 1),
('SP20180700014', 'TR20180700014', 33, '2018-07-30', 'P', 0.00, 12500000.00, -12500000.000, 1),
('TR20180700015', 'TR20180700015', 33, '2018-07-30', 'S', 12500000.00, 0.00, 12500000.000, 1),
('SP20180700015', 'TR20180700015', 33, '2018-07-30', 'P', 0.00, 12500000.00, -12500000.000, 1),
('TR20180700016', 'TR20180700016', 33, '2018-07-30', 'S', 12500000.00, 0.00, 12500000.000, 1),
('SP20180700016', 'TR20180700016', 33, '2018-07-30', 'P', 0.00, 12500000.00, -12500000.000, 1),
('TR20180700017', 'TR20180700017', 33, '2018-07-30', 'S', 12500000.00, 0.00, 12500000.000, 1),
('SP20180700017', 'TR20180700017', 33, '2018-07-30', 'P', 0.00, 12500000.00, -12500000.000, 1),
('TR20180700018', 'TR20180700018', 33, '2018-07-30', 'S', 12500000.00, 0.00, 12500000.000, 1),
('SP20180700018', 'TR20180700018', 33, '2018-07-30', 'P', 0.00, 12500000.00, -12500000.000, 1),
('TR20180700019', 'TR20180700019', 33, '2018-07-30', 'S', 12500000.00, 0.00, 12500000.000, 1),
('SP20180700019', 'TR20180700019', 33, '2018-07-30', 'P', 0.00, 12500000.00, -12500000.000, 1),
('TR20180700020', 'TR20180700020', 33, '2018-07-30', 'S', 5000000.00, 0.00, 5000000.000, 1),
('SP20180700020', 'TR20180700020', 33, '2018-07-30', 'P', 0.00, 5000000.00, -5000000.000, 1),
('TR20180700021', 'TR20180700021', 34, '2018-07-30', 'S', 25000000.00, 0.00, 25000000.000, 1),
('SP20180700021', 'TR20180700021', 34, '2018-07-30', 'P', 0.00, 25000000.00, -25000000.000, 1),
('TR20180700022', 'TR20180700022', 34, '2018-07-30', 'S', 25000000.00, 0.00, 25000000.000, 1),
('SP20180700022', 'TR20180700022', 34, '2018-07-30', 'P', 0.00, 25000000.00, -25000000.000, 1),
('TR20180700023', 'TR20180700023', 34, '2018-07-30', 'S', 37500000.00, 0.00, 37500000.000, 1),
('SP20180700023', 'TR20180700023', 34, '2018-07-30', 'P', 0.00, 37500000.00, -37500000.000, 1),
('TR20180700024', 'TR20180700024', 34, '2018-07-30', 'S', 37500000.00, 0.00, 37500000.000, 1),
('SP20180700024', 'TR20180700024', 34, '2018-07-30', 'P', 0.00, 37500000.00, -37500000.000, 1),
('TR20180700025', 'TR20180700025', 34, '2018-07-30', 'S', 37500000.00, 0.00, 37500000.000, 1),
('SP20180700025', 'TR20180700025', 34, '2018-07-30', 'P', 0.00, 37500000.00, -37500000.000, 1),
('TR20180700026', 'TR20180700026', 34, '2018-07-30', 'S', 37500000.00, 0.00, 37500000.000, 1),
('SP20180700026', 'TR20180700026', 34, '2018-07-30', 'P', 0.00, 37500000.00, -37500000.000, 1),
('TR20180700027', 'TR20180700027', 35, '2018-07-30', 'S', 10000000.00, 0.00, 10000000.000, 1),
('SP20180700027', 'TR20180700027', 35, '2018-07-30', 'P', 0.00, 10000000.00, -10000000.000, 1),
('TR20180700028', 'TR20180700028', 36, '2018-07-30', 'S', 30000000.00, 0.00, 30000000.000, 1),
('SP20180700028', 'TR20180700028', 36, '2018-07-30', 'P', 0.00, 30000000.00, -30000000.000, 1),
('TR20180700029', 'TR20180700029', 37, '2018-07-30', 'S', 10000000.00, 0.00, 10000000.000, 1),
('SP20180700029', 'TR20180700029', 37, '2018-07-30', 'P', 0.00, 10000000.00, -10000000.000, 1),
('TR20180700030', 'TR20180700030', 38, '2018-07-30', 'S', 10000000.00, 0.00, 10000000.000, 1),
('SP20180700030', 'TR20180700030', 38, '2018-07-30', 'P', 0.00, 10000000.00, -10000000.000, 1),
('TR20180700031', 'TR20180700031', 38, '2018-07-30', 'S', 50000000.00, 0.00, 50000000.000, 1),
('SP20180700031', 'TR20180700031', 38, '2018-07-30', 'P', 0.00, 50000000.00, -50000000.000, 1),
('TR20180700032', 'TR20180700032', 39, '2018-07-30', 'S', 57500000.00, 0.00, 57500000.000, 1),
('SP20180700032', 'TR20180700032', 39, '2018-07-30', 'P', 0.00, 57500000.00, -57500000.000, 1),
('TR20180700033', 'TR20180700033', 39, '2018-07-30', 'S', 100000000.00, 0.00, 100000000.000, 1),
('SP20180700033', 'TR20180700033', 39, '2018-07-30', 'P', 0.00, 100000000.00, -100000000.000, 1),
('TR20180700034', 'TR20180700034', 39, '2018-07-30', 'S', 32500000.00, 0.00, 32500000.000, 1),
('SP20180700034', 'TR20180700034', 39, '2018-07-30', 'P', 0.00, 32500000.00, -32500000.000, 1),
('TR20180700035', 'TR20180700035', 40, '2018-07-30', 'S', 30000000.00, 0.00, 30000000.000, 1),
('SP20180700035', 'TR20180700035', 40, '2018-07-30', 'P', 0.00, 30000000.00, -30000000.000, 1),
('TR20180700036', 'TR20180700036', 41, '2018-07-30', 'S', 42500000.00, 0.00, 42500000.000, 1),
('SP20180700036', 'TR20180700036', 41, '2018-07-30', 'P', 0.00, 42500000.00, -42500000.000, 1),
('TR20180700037', 'TR20180700037', 41, '2018-07-30', 'S', 57500000.00, 0.00, 57500000.000, 1),
('SP20180700037', 'TR20180700037', 41, '2018-07-30', 'P', 0.00, 57500000.00, -57500000.000, 1),
('TR20180700038', 'TR20180700038', 42, '2018-07-30', 'S', 25000000.00, 0.00, 25000000.000, 1),
('SP20180700038', 'TR20180700038', 42, '2018-07-30', 'P', 0.00, 25000000.00, -25000000.000, 1),
('TR20180700039', 'TR20180700039', 43, '2018-07-30', 'S', 42500000.00, 0.00, 42500000.000, 1),
('SP20180700039', 'TR20180700039', 43, '2018-07-30', 'P', 0.00, 42500000.00, -42500000.000, 1),
('TR20180700040', 'TR20180700040', 43, '2018-07-30', 'S', 10000000.00, 0.00, 10000000.000, 1),
('SP20180700040', 'TR20180700040', 43, '2018-07-30', 'P', 0.00, 10000000.00, -10000000.000, 1),
('TR20180800001', 'TR20180800001', 45, '2018-08-27', 'S', 10000000.00, 0.00, 10000000.000, 1),
('SP20180800001', 'TR20180800001', 45, '2018-08-27', 'P', 0.00, 10000000.00, -10000000.000, 1),
('TR20180800002', 'TR20180800002', 45, '2018-08-27', 'S', 5000000.00, 0.00, 5000000.000, 1),
('SP20180800002', 'TR20180800002', 45, '2018-08-27', 'P', 0.00, 5000000.00, -5000000.000, 1),
('TR20180800003', 'TR20180800003', 7, '2018-08-30', 'S', 30000000.00, 0.00, 30000000.000, 1),
('SP20180800003', 'TR20180800003', 7, '2018-08-30', 'P', 0.00, 30000000.00, -30000000.000, 1),
('TR20180800004', 'TR20180800004', 7, '2018-08-30', 'S', 10000000.00, 0.00, 10000000.000, 1),
('TR20180800005', 'TR20180800005', 7, '2018-08-30', 'S', 15000000.00, 0.00, 15000000.000, 1),
('SP20180800004', 'TR20180800005', 7, '2018-08-30', 'P', 0.00, 15000000.00, -15000000.000, 1);

-- --------------------------------------------------------

--
-- Table structure for table `tp_ar_balance_old`
--

CREATE TABLE `tp_ar_balance_old` (
  `transaction_id` varchar(21) NOT NULL,
  `invoice_id` varchar(21) NOT NULL,
  `investor_id` int(11) NOT NULL,
  `transaction_date` date NOT NULL,
  `transaction_type` char(1) DEFAULT NULL,
  `invoice_amount` double(15,2) NOT NULL DEFAULT 0.00,
  `payment_amount` double(15,2) NOT NULL DEFAULT 0.00,
  `balance_amount` double(15,3) NOT NULL DEFAULT 0.000,
  `status` tinyint(4) NOT NULL DEFAULT 1
) ENGINE=MyISAM DEFAULT CHARSET=latin1;

--
-- Dumping data for table `tp_ar_balance_old`
--

INSERT INTO `tp_ar_balance_old` (`transaction_id`, `invoice_id`, `investor_id`, `transaction_date`, `transaction_type`, `invoice_amount`, `payment_amount`, `balance_amount`, `status`) VALUES
('TR20180500001', 'TR20180500001', 7, '2018-05-07', 'S', 7500000.00, 0.00, 7500000.000, 1),
('TR20180500002', 'TR20180500002', 30, '2018-05-14', 'S', 2500000.00, 0.00, 2500000.000, 1),
('TR20180500003', 'TR20180500003', 7, '2018-05-14', 'S', 70000000.00, 0.00, 70000000.000, 1),
('TR20180500004', 'TR20180500004', 7, '2018-05-16', 'S', 7500000.00, 0.00, 7500000.000, 1);

-- --------------------------------------------------------

--
-- Table structure for table `tp_cart`
--

CREATE TABLE `tp_cart` (
  `cart_id` varchar(21) NOT NULL DEFAULT '',
  `transaction_id` varchar(21) NOT NULL DEFAULT '-',
  `order_date` date DEFAULT NULL,
  `customer_id` int(11) NOT NULL DEFAULT 0,
  `product_id` int(11) NOT NULL DEFAULT 0,
  `product_type` varchar(4) NOT NULL DEFAULT '1001',
  `qty` int(11) NOT NULL DEFAULT 0,
  `amount` double(15,2) NOT NULL DEFAULT 0.00,
  `created_at` timestamp NOT NULL DEFAULT current_timestamp() ON UPDATE current_timestamp(),
  `updated_at` timestamp NULL DEFAULT NULL,
  `deleted_at` timestamp NULL DEFAULT NULL,
  `status` tinyint(4) NOT NULL DEFAULT 1
) ENGINE=MyISAM DEFAULT CHARSET=latin1;

--
-- Dumping data for table `tp_cart`
--

INSERT INTO `tp_cart` (`cart_id`, `transaction_id`, `order_date`, `customer_id`, `product_id`, `product_type`, `qty`, `amount`, `created_at`, `updated_at`, `deleted_at`, `status`) VALUES
('CA20180500012', 'TR20180500015', '2018-05-28', 7, 6, '1001', 1, 2500000.00, '2018-06-06 04:14:55', '2018-05-28 01:49:59', '2018-06-05 22:47:21', 0),
('CA20180500011', 'TR20180500014', '2018-05-28', 7, 6, '1001', 1, 2500000.00, '2018-06-06 04:14:54', '2018-05-28 01:07:35', '2018-06-05 22:47:21', 0),
('CA20180500010', '-', '2018-05-28', 7, 6, '1001', 1, 2500000.00, '2018-06-06 04:14:54', NULL, '2018-06-05 22:47:21', 0),
('CA20180500009', 'TR20180500013', '2018-05-27', 7, 6, '1001', 1, 2500000.00, '2018-06-06 04:14:53', NULL, '2018-06-05 22:47:21', 0),
('CA20180500008', 'TR20180500009', '2018-05-27', 7, 6, '1001', 1, 2500000.00, '2018-06-06 04:14:53', '2018-05-28 00:41:33', '2018-06-05 22:47:21', 0),
('CA20180500007', 'TR20180500008', '2018-05-27', 7, 6, '1001', 1, 2500000.00, '2018-06-06 04:14:52', '2018-05-28 00:41:00', '2018-06-05 22:47:21', 0),
('CA20180500005', 'TR20180500006', '2018-05-27', 7, 6, '1001', 1, 2500000.00, '2018-06-06 04:14:51', '2018-05-28 00:40:05', '2018-06-05 22:47:21', 0),
('CA20180500006', 'TR20180500007', '2018-05-28', 7, 6, '1001', 1, 2500000.00, '2018-06-06 04:14:52', '2018-05-28 00:40:18', '2018-06-05 22:47:21', 0),
('CA20180500002', 'TR20180500002', '2018-05-27', 7, 6, '1001', 1, 2500000.00, '2018-06-06 04:14:50', '2018-05-27 23:46:03', '2018-06-05 22:47:21', 0),
('CA20180500003', 'TR20180500003', '2018-05-27', 7, 6, '1001', 1, 2500000.00, '2018-06-06 04:14:50', '2018-05-27 23:47:37', '2018-06-05 22:47:21', 0),
('CA20180500004', 'TR20180500004', '2018-05-27', 7, 6, '1001', 1, 2500000.00, '2018-06-06 04:14:51', '2018-05-27 23:48:52', '2018-06-05 22:47:21', 0),
('CA20180500001', 'TR20180500001', '2018-05-26', 7, 7, '1001', 1, 2500000.00, '2018-06-06 04:14:49', '2018-05-26 01:23:02', '2018-06-05 22:47:21', 0),
('CA20180500013', 'TR20180600006', '2018-05-28', 7, 6, '1001', 1, 2500000.00, '2018-06-07 20:27:13', '2018-06-07 15:27:13', '2018-06-05 22:47:21', 9),
('CA20180500014', 'TR20180600005', '2018-05-28', 7, 6, '1001', 1, 2500000.00, '2018-06-07 20:25:30', '2018-06-07 15:25:30', '2018-06-05 22:47:21', 9),
('CA20180500015', 'TR20180600004', '2018-05-28', 7, 6, '1001', 1, 2500000.00, '2018-06-07 20:21:11', '2018-06-07 15:21:11', '2018-06-06 22:18:44', 9),
('CA20180500016', 'TR20180600002', '2018-05-28', 7, 7, '1001', 2, 5000000.00, '2018-06-06 07:39:21', '2018-06-06 01:55:43', '2018-06-05 22:47:21', 9),
('CA20180500017', 'TR20180600002', '2018-05-31', 7, 6, '1001', 1, 2500000.00, '2018-06-06 06:55:43', '2018-06-06 01:55:43', '2018-06-05 22:47:21', 9),
('CA20180500018', 'TR20180600001', '2018-05-31', 7, 6, '1001', 1, 2500000.00, '2018-06-06 04:16:12', '2018-06-05 23:16:12', '2018-06-05 22:47:21', 9),
('CA20180600001', '-', '2018-06-06', 7, 6, '1001', 1, 2500000.00, '2018-06-06 08:15:07', NULL, '2018-06-06 03:15:07', 0),
('CA20180600002', 'TR20180600003', '2018-06-07', 7, 6, '1001', 30, 75000000.00, '2018-06-07 08:28:01', '2018-06-07 03:28:01', NULL, 9),
('CA20180600003', 'TR20180600007', '2018-06-07', 7, 6, '1001', 2, 5000000.00, '2018-06-07 20:29:33', '2018-06-07 15:29:33', NULL, 9),
('CA20180600004', 'TR20180600008', '2018-06-08', 7, 6, '1001', 21, 52500000.00, '2018-06-08 01:01:22', '2018-06-07 20:01:22', NULL, 9),
('CA20180600005', 'TR20180600008', '2018-06-08', 7, 7, '1001', 10, 25000000.00, '2018-06-08 01:01:22', '2018-06-07 20:01:22', NULL, 9),
('CA20180600006', '-', '2018-06-08', 7, 6, '1001', 21, 52500000.00, '2018-06-08 01:08:18', NULL, '2018-06-07 20:08:18', 0),
('CA20180600007', 'TR20180600009', '2018-06-08', 7, 6, '1001', 21, 52500000.00, '2018-06-08 01:21:37', '2018-06-07 20:21:37', NULL, 9),
('CA20180600008', 'TR20180600009', '2018-06-08', 7, 7, '1001', 10, 25000000.00, '2018-06-08 01:21:37', '2018-06-07 20:21:37', NULL, 9),
('CA20180600009', 'TR20180600010', '2018-06-08', 7, 6, '1001', 21, 52500000.00, '2018-06-08 07:55:10', '2018-06-08 02:55:10', NULL, 9),
('CA20180600010', 'TR20180600010', '2018-06-08', 7, 7, '1001', 1, 2500000.00, '2018-06-08 07:55:10', '2018-06-08 02:55:10', NULL, 9),
('CA20180600011', 'TR20180600011', '2018-06-28', 7, 6, '1001', 2, 5000000.00, '2018-06-28 04:33:51', '2018-06-27 23:33:51', NULL, 9),
('CA20180700001', '-', '2018-07-24', 32, 10, '1001', 2, 5000000.00, '2018-07-24 02:55:34', NULL, '2018-07-23 21:55:34', 0),
('CA20180700002', 'TR20180700001', '2018-07-24', 32, 9, '1001', 2, 5000000.00, '2018-07-24 06:42:55', '2018-07-24 01:42:55', NULL, 9),
('CA20180700003', 'TR20180700002', '2018-07-27', 32, 9, '1001', 4, 10000000.00, '2018-07-27 10:27:51', '2018-07-27 05:27:51', NULL, 9),
('CA20180700004', 'TR20180700003', '2018-07-27', 32, 9, '1001', 4, 10000000.00, '2018-07-27 11:08:13', '2018-07-27 04:08:13', NULL, 9),
('CA20180700005', 'TR20180700004', '2018-07-27', 32, 9, '1001', 5, 12500000.00, '2018-07-27 11:23:47', '2018-07-27 04:23:47', NULL, 9),
('CA20180700006', 'TR20180700005', '2018-07-30', 32, 9, '1001', 60, 150000000.00, '2018-07-30 02:48:14', '2018-07-29 19:48:14', NULL, 9),
('CA20180700007', 'TR20180700006', '2018-07-30', 32, 10, '1001', 50, 125000000.00, '2018-07-30 03:12:57', '2018-07-29 20:12:57', NULL, 9),
('CA20180700008', 'TR20180700007', '2018-07-30', 32, 11, '1001', 65, 162500000.00, '2018-07-30 03:15:16', '2018-07-29 20:15:16', NULL, 9),
('CA20180700009', 'TR20180700008', '2018-07-30', 32, 12, '1001', 75, 187500000.00, '2018-07-30 03:18:49', '2018-07-29 20:18:49', NULL, 9),
('CA20180700010', 'TR20180700009', '2018-07-30', 32, 13, '1001', 76, 190000000.00, '2018-07-30 03:21:21', '2018-07-29 20:21:21', NULL, 9),
('CA20180700011', 'TR20180700010', '2018-07-30', 32, 14, '1001', 52, 130000000.00, '2018-07-30 03:23:49', '2018-07-29 20:23:49', NULL, 9),
('CA20180700012', 'TR20180700011', '2018-07-30', 32, 15, '1001', 7, 17500000.00, '2018-07-30 03:28:42', '2018-07-29 20:28:42', NULL, 9),
('CA20180700013', 'TR20180700012', '2018-07-30', 33, 9, '1001', 7, 17500000.00, '2018-07-30 03:32:03', '2018-07-29 20:32:03', NULL, 9),
('CA20180700014', 'TR20180700013', '2018-07-30', 33, 10, '1001', 5, 12500000.00, '2018-07-30 03:37:21', '2018-07-29 20:37:21', NULL, 9),
('CA20180700015', 'TR20180700014', '2018-07-30', 33, 11, '1001', 5, 12500000.00, '2018-07-30 03:41:14', '2018-07-29 20:41:14', NULL, 9),
('CA20180700016', 'TR20180700015', '2018-07-30', 33, 12, '1001', 5, 12500000.00, '2018-07-30 03:44:03', '2018-07-29 20:44:03', NULL, 9),
('CA20180700017', 'TR20180700016', '2018-07-30', 33, 13, '1001', 5, 12500000.00, '2018-07-30 03:45:30', '2018-07-29 20:45:30', NULL, 9),
('CA20180700018', 'TR20180700017', '2018-07-30', 33, 14, '1001', 5, 12500000.00, '2018-07-30 03:46:35', '2018-07-29 20:46:35', NULL, 9),
('CA20180700019', 'TR20180700018', '2018-07-30', 33, 15, '1001', 5, 12500000.00, '2018-07-30 03:48:15', '2018-07-29 20:48:15', NULL, 9),
('CA20180700020', 'TR20180700019', '2018-07-30', 33, 16, '1001', 5, 12500000.00, '2018-07-30 03:49:24', '2018-07-29 20:49:24', NULL, 9),
('CA20180700021', 'TR20180700020', '2018-07-30', 33, 17, '1001', 2, 5000000.00, '2018-07-30 04:02:39', '2018-07-29 20:51:44', NULL, 9),
('CA20180700022', 'TR20180700021', '2018-07-30', 34, 9, '1001', 10, 25000000.00, '2018-07-30 04:47:13', '2018-07-29 21:47:13', NULL, 9),
('CA20180700023', 'TR20180700022', '2018-07-30', 34, 10, '1001', 10, 25000000.00, '2018-07-30 04:48:52', '2018-07-29 21:48:52', NULL, 9),
('CA20180700024', 'TR20180700023', '2018-07-30', 34, 11, '1001', 15, 37500000.00, '2018-07-30 04:50:49', '2018-07-29 21:50:49', NULL, 9),
('CA20180700025', 'TR20180700024', '2018-07-30', 34, 12, '1001', 15, 37500000.00, '2018-07-30 04:54:12', '2018-07-29 21:54:12', NULL, 9),
('CA20180700026', 'TR20180700025', '2018-07-30', 34, 13, '1001', 15, 37500000.00, '2018-07-30 04:55:29', '2018-07-29 21:55:29', NULL, 9),
('CA20180700027', 'TR20180700026', '2018-07-30', 34, 14, '1001', 15, 37500000.00, '2018-07-30 05:19:02', '2018-07-29 22:19:02', NULL, 9),
('CA20180700028', 'TR20180700027', '2018-07-30', 35, 9, '1001', 4, 10000000.00, '2018-07-30 07:36:00', '2018-07-30 00:36:00', NULL, 9),
('CA20180700029', 'TR20180700028', '2018-07-30', 36, 9, '1001', 12, 30000000.00, '2018-07-30 07:54:25', '2018-07-30 00:54:25', NULL, 9),
('CA20180700030', 'TR20180700029', '2018-07-30', 37, 9, '1001', 4, 10000000.00, '2018-07-30 08:34:43', '2018-07-30 01:34:43', NULL, 9),
('CA20180700031', 'TR20180700030', '2018-07-30', 38, 9, '1001', 4, 10000000.00, '2018-07-30 08:37:11', '2018-07-30 01:37:11', NULL, 9),
('CA20180700032', 'TR20180700031', '2018-07-30', 38, 10, '1001', 20, 50000000.00, '2018-07-30 08:41:13', '2018-07-30 01:41:13', NULL, 9),
('CA20180700033', 'TR20180700032', '2018-07-30', 39, 10, '1001', 23, 57500000.00, '2018-07-30 08:43:33', '2018-07-30 01:43:33', NULL, 9),
('CA20180700034', 'TR20180700033', '2018-07-30', 39, 11, '1001', 40, 100000000.00, '2018-07-30 08:46:32', '2018-07-30 01:46:32', NULL, 9),
('CA20180700035', 'TR20180700034', '2018-07-30', 39, 12, '1001', 13, 32500000.00, '2018-07-30 08:51:04', '2018-07-30 01:51:04', NULL, 9),
('CA20180700036', 'TR20180700035', '2018-07-30', 40, 10, '1001', 12, 30000000.00, '2018-07-30 08:53:12', '2018-07-30 01:53:12', NULL, 9),
('CA20180700037', 'TR20180700036', '2018-07-30', 41, 12, '1001', 17, 42500000.00, '2018-07-30 08:56:56', '2018-07-30 01:56:56', NULL, 9),
('CA20180700038', 'TR20180700037', '2018-07-30', 41, 15, '1001', 23, 57500000.00, '2018-07-30 08:58:17', '2018-07-30 01:58:17', NULL, 9),
('CA20180700039', 'TR20180700038', '2018-07-30', 42, 15, '1001', 10, 25000000.00, '2018-07-30 09:01:34', '2018-07-30 02:01:34', NULL, 9),
('CA20180700040', 'TR20180700039', '2018-07-30', 43, 15, '1001', 17, 42500000.00, '2018-07-30 09:03:46', '2018-07-30 02:03:46', NULL, 9),
('CA20180700041', 'TR20180700040', '2018-07-30', 43, 16, '1001', 4, 10000000.00, '2018-07-30 09:04:55', '2018-07-30 02:04:55', NULL, 9),
('CA20180800001', 'TR20180800001', '2018-08-27', 45, 18, '1001', 4, 10000000.00, '2018-08-27 08:17:21', '2018-08-27 01:17:21', NULL, 9),
('CA20180800002', '-', '2018-08-27', 45, 18, '1001', 1, 2500000.00, '2018-08-27 08:21:50', NULL, '2018-08-27 01:21:50', 0),
('CA20180800003', 'TR20180800002', '2018-08-27', 45, 18, '1001', 2, 5000000.00, '2018-08-27 08:22:15', '2018-08-27 01:22:15', NULL, 9),
('CA20180800004', 'TR20180800003', '2018-08-30', 7, 18, '1001', 12, 30000000.00, '2018-08-30 04:07:31', '2018-08-29 21:07:31', NULL, 9),
('CA20180800005', 'TR20180800004', '2018-08-30', 7, 15, '1001', 4, 10000000.00, '2018-08-30 04:13:32', '2018-08-29 21:13:32', NULL, 9),
('CA20180800006', 'TR20180800005', '2018-08-30', 7, 18, '1001', 6, 15000000.00, '2018-08-30 04:18:36', '2018-08-29 21:18:36', NULL, 9);

-- --------------------------------------------------------

--
-- Table structure for table `tp_cart_old`
--

CREATE TABLE `tp_cart_old` (
  `cart_id` varchar(21) NOT NULL DEFAULT '',
  `order_date` date DEFAULT NULL,
  `customer_id` int(11) NOT NULL DEFAULT 0,
  `product_id` int(11) NOT NULL DEFAULT 0,
  `product_type` varchar(4) NOT NULL DEFAULT '1001',
  `qty` int(11) NOT NULL DEFAULT 0,
  `amount` double(15,2) NOT NULL DEFAULT 0.00,
  `created_at` timestamp NOT NULL DEFAULT current_timestamp() ON UPDATE current_timestamp(),
  `updated_at` timestamp NULL DEFAULT NULL,
  `deleted_at` timestamp NULL DEFAULT NULL,
  `status` tinyint(4) NOT NULL DEFAULT 1
) ENGINE=MyISAM DEFAULT CHARSET=latin1;

--
-- Dumping data for table `tp_cart_old`
--

INSERT INTO `tp_cart_old` (`cart_id`, `order_date`, `customer_id`, `product_id`, `product_type`, `qty`, `amount`, `created_at`, `updated_at`, `deleted_at`, `status`) VALUES
('CA20180500001', '2018-05-06', 7, 1, '1001', 2, 5000000.00, '2018-05-24 15:46:22', NULL, '2018-05-24 10:46:21', 0),
('CA20180500002', '2018-05-06', 7, 2, '1001', 3, 7500000.00, '2018-05-24 15:46:22', NULL, '2018-05-24 10:46:21', 0),
('CA20180500003', '2018-05-06', 7, 1, '1001', 1, 2500000.00, '2018-05-24 15:46:22', NULL, '2018-05-24 10:46:21', 0),
('CA20180500004', '2018-05-07', 7, 1, '1001', 1, 2500000.00, '2018-05-24 15:46:22', '2018-05-07 01:21:26', '2018-05-24 10:46:21', 0),
('CA20180500005', '2018-05-07', 7, 2, '1001', 2, 5000000.00, '2018-05-24 15:46:22', '2018-05-07 01:21:26', '2018-05-24 10:46:21', 0),
('CA20180500006', '2018-05-07', 7, 8, '1001', 2, 5000000.00, '2018-05-24 15:46:22', NULL, '2018-05-24 10:46:21', 0),
('CA20180500007', '2018-05-13', 7, 1, '1001', 1, 2500000.00, '2018-05-24 15:46:22', NULL, '2018-05-24 10:46:21', 0),
('CA20180500008', '2018-05-13', 7, 1, '1001', 1, 2500000.00, '2018-05-24 15:46:22', NULL, '2018-05-24 10:46:21', 0),
('CA20180500009', '2018-05-14', 30, 1, '1001', 1, 2500000.00, '2018-05-14 04:24:28', '2018-05-13 23:24:28', NULL, 9),
('CA20180500010', '2018-05-14', 7, 5, '1001', 26, 65000000.00, '2018-05-24 15:46:22', '2018-05-14 08:25:38', '2018-05-24 10:46:21', 0),
('CA20180500011', '2018-05-14', 7, 1, '1001', 2, 5000000.00, '2018-05-24 15:46:22', '2018-05-14 08:25:38', '2018-05-24 10:46:21', 0),
('CA20180500012', '2018-05-16', 7, 5, '1001', 3, 7500000.00, '2018-05-24 15:46:22', '2018-05-16 02:39:18', '2018-05-24 10:46:21', 0);

-- --------------------------------------------------------

--
-- Table structure for table `tp_cron_service`
--

CREATE TABLE `tp_cron_service` (
  `id` int(11) NOT NULL,
  `cron_desc` varchar(50) NOT NULL,
  `dt_etr` datetime NOT NULL,
  `user_etr` varchar(21) NOT NULL,
  `status` tinyint(4) NOT NULL DEFAULT 1
) ENGINE=MyISAM DEFAULT CHARSET=latin1;

--
-- Dumping data for table `tp_cron_service`
--

INSERT INTO `tp_cron_service` (`id`, `cron_desc`, `dt_etr`, `user_etr`, `status`) VALUES
(38883, 'testing saja', '2021-01-14 00:00:04', 'fauzan', 1),
(38884, 'testing saja', '2021-01-15 00:00:02', 'fauzan', 1),
(38885, 'testing saja', '2021-01-16 00:00:02', 'fauzan', 1),
(38886, 'testing saja', '2021-01-17 00:00:02', 'fauzan', 1),
(38887, 'testing saja', '2021-01-18 00:00:02', 'fauzan', 1),
(38888, 'testing saja', '2021-01-19 00:00:02', 'fauzan', 1),
(38889, 'testing saja', '2021-01-20 00:00:02', 'fauzan', 1),
(38890, 'testing saja', '2021-01-21 00:00:02', 'fauzan', 1),
(38891, 'testing saja', '2021-01-22 00:00:01', 'fauzan', 1),
(38892, 'testing saja', '2021-01-23 00:00:02', 'fauzan', 1),
(38893, 'testing saja', '2021-01-24 00:00:02', 'fauzan', 1),
(38894, 'testing saja', '2021-01-25 00:00:02', 'fauzan', 1),
(38895, 'testing saja', '2021-01-26 00:00:02', 'fauzan', 1),
(38896, 'testing saja', '2021-01-27 00:00:02', 'fauzan', 1),
(38897, 'testing saja', '2021-01-28 00:00:02', 'fauzan', 1),
(38898, 'testing saja', '2021-01-29 00:00:02', 'fauzan', 1),
(38899, 'testing saja', '2021-01-30 00:00:03', 'fauzan', 1),
(38900, 'testing saja', '2021-01-31 00:00:03', 'fauzan', 1),
(38901, 'testing saja', '2021-02-01 00:00:02', 'fauzan', 1),
(38902, 'testing saja', '2021-02-02 00:00:02', 'fauzan', 1),
(38903, 'testing saja', '2021-02-03 00:00:02', 'fauzan', 1);

-- --------------------------------------------------------

--
-- Table structure for table `tp_installment`
--

CREATE TABLE `tp_installment` (
  `transaction_id` varchar(21) NOT NULL,
  `transaction_date` date NOT NULL,
  `customer_id` int(11) DEFAULT NULL,
  `transaction_type` varchar(4) NOT NULL COMMENT '1001: funding, 1002 : market place',
  `installment_id` varchar(21) NOT NULL,
  `return` float NOT NULL DEFAULT 0,
  `amount` double(15,2) NOT NULL DEFAULT 0.00,
  `payment_status` tinyint(4) NOT NULL DEFAULT 0 COMMENT '0: belum, 1: sudah dibayar',
  `payment_date` date DEFAULT NULL,
  `payment_amount` double(15,2) DEFAULT NULL,
  `payment_bank` varchar(50) DEFAULT NULL,
  `payment_bank_ref` varchar(100) DEFAULT NULL,
  `remark` varchar(100) DEFAULT NULL,
  `status` int(11) NOT NULL DEFAULT 1,
  `user_etr` varchar(21) NOT NULL,
  `created_at` timestamp NOT NULL DEFAULT '0000-00-00 00:00:00',
  `updated_at` timestamp NOT NULL DEFAULT '0000-00-00 00:00:00',
  `deleted_at` timestamp NOT NULL DEFAULT '0000-00-00 00:00:00'
) ENGINE=MyISAM DEFAULT CHARSET=latin1;

--
-- Dumping data for table `tp_installment`
--

INSERT INTO `tp_installment` (`transaction_id`, `transaction_date`, `customer_id`, `transaction_type`, `installment_id`, `return`, `amount`, `payment_status`, `payment_date`, `payment_amount`, `payment_bank`, `payment_bank_ref`, `remark`, `status`, `user_etr`, `created_at`, `updated_at`, `deleted_at`) VALUES
('TM20180700003', '2018-07-10', 32, '', 'INS-0002', 0.14, 1000000000.00, 1, '2018-04-17', 1000000000.00, 'BCA', '', NULL, 1, 'USR-1710003', '2018-07-10 06:30:44', '0000-00-00 00:00:00', '0000-00-00 00:00:00'),
('TM20180700002', '2018-07-02', 7, '', 'INS-0002', 0.13, 110000000.00, 0, '2018-05-14', 110000000.00, 'bca', '', NULL, 0, 'USR-1710003', '2018-07-01 22:12:22', '0000-00-00 00:00:00', '0000-00-00 00:00:00'),
('TM20180700001', '2018-07-02', 7, '', 'INS-0001', 0.1, 1000000.00, 0, '2018-07-01', 1000000.00, 'bca', '', NULL, 0, 'USR-1710003', '2018-07-01 22:11:28', '0000-00-00 00:00:00', '0000-00-00 00:00:00'),
('TM20180700004', '2018-07-16', 31, '', 'INS-0001', 0.14, 100000000.00, 1, '2018-07-16', 100000000.00, 'BCA', '', NULL, 0, 'USR-1710003', '2018-07-16 06:28:40', '0000-00-00 00:00:00', '0000-00-00 00:00:00'),
('TM20180800001', '2018-08-21', 33, '', 'INS-0002', 0.13, 110000000.00, 1, '2018-09-14', 4766667.00, 'BCA', '0281623485', NULL, 0, 'USR-1710003', '2018-08-21 03:58:48', '0000-00-00 00:00:00', '0000-00-00 00:00:00'),
('TM20180800002', '2018-08-21', 34, '', 'INS-0002', 0.13, 200000000.00, 1, '2018-09-18', 8666667.00, 'BCA', '0281891102', NULL, 0, 'USR-1710003', '2018-08-21 04:05:27', '0000-00-00 00:00:00', '0000-00-00 00:00:00'),
('TM20180800003', '2018-08-21', 35, '', 'INS-0002', 0.1, 10000000.00, 1, '2018-05-24', 10000000.00, 'BNI', '0110076995', NULL, 1, 'USR-1710003', '2018-08-21 04:12:56', '0000-00-00 00:00:00', '0000-00-00 00:00:00'),
('TM20180800004', '2018-08-21', 33, '', 'INS-0002', 0.13, 110000000.00, 1, '2018-05-14', 110000000.00, 'BCA', '0281623485', NULL, 1, 'USR-1710003', '2018-08-21 04:28:50', '0000-00-00 00:00:00', '0000-00-00 00:00:00'),
('TM20180800005', '2018-08-21', 34, '', 'INS-0002', 0.13, 200000000.00, 1, '2018-05-18', 200000000.00, 'BCA', '0281891102', NULL, 1, 'USR-1710003', '2018-08-21 04:30:57', '0000-00-00 00:00:00', '0000-00-00 00:00:00'),
('TM20180800006', '2018-08-21', 36, '', 'INS-0002', 0.11, 30000000.00, 1, '2018-06-04', 30000000.00, 'MANDIRI', '1230001512591', NULL, 1, 'USR-1710003', '2018-08-21 04:41:35', '0000-00-00 00:00:00', '0000-00-00 00:00:00'),
('TM20180800007', '2018-08-21', 37, '', 'INS-0002', 0.1, 10000000.00, 1, '2018-06-05', 10000000.00, 'BCA', '0061227678', NULL, 1, 'USR-1710003', '2018-08-21 04:42:43', '0000-00-00 00:00:00', '0000-00-00 00:00:00'),
('TM20180800008', '2018-08-21', 38, '', 'INS-0002', 0.13, 60000000.00, 1, '2018-06-21', 60000000.00, 'MAYBANK', '1783058864', NULL, 1, 'USR-1710003', '2018-08-21 04:45:52', '0000-00-00 00:00:00', '0000-00-00 00:00:00'),
('TM20180800009', '2018-08-21', 39, '', 'INS-0002', 0.13, 100000000.00, 1, '2018-06-25', 100000000.00, 'BCA', '6340189637', NULL, 1, 'USR-1710003', '2018-08-21 05:14:14', '0000-00-00 00:00:00', '0000-00-00 00:00:00'),
('TM20180800010', '2018-08-23', 40, '', 'INS-0002', 0.11, 30000000.00, 1, '2018-07-05', 30000000.00, 'BCA', '5370295770', NULL, 1, 'USR-1710003', '2018-08-22 21:19:00', '0000-00-00 00:00:00', '0000-00-00 00:00:00'),
('TM20180800011', '2018-08-23', 39, '', 'INS-0002', 0.13, 90000000.00, 1, '2018-07-11', 90000000.00, 'BCA', '6340189637', NULL, 1, 'USR-1710003', '2018-08-22 21:23:16', '0000-00-00 00:00:00', '0000-00-00 00:00:00'),
('TM20180800012', '2018-08-23', 41, '', 'INS-0002', 0.13, 100000000.00, 1, '2018-07-23', 100000000.00, 'MANDIRI ', '1270002507711', NULL, 1, 'USR-1710003', '2018-08-22 21:30:29', '0000-00-00 00:00:00', '0000-00-00 00:00:00'),
('TM20180800013', '2018-08-23', 42, '', 'INS-0002', 0.11, 26000000.00, 1, '2018-07-11', 26000000.00, 'BCA', '4271117544', NULL, 0, 'USR-1710003', '2018-08-22 21:32:20', '0000-00-00 00:00:00', '0000-00-00 00:00:00'),
('TM20180800014', '2018-08-23', 43, '', 'INS-0002', 0.13, 53000000.00, 1, '2018-07-25', 53000000.00, 'BCA', '3426081818', NULL, 1, 'USR-1710003', '2018-08-22 21:34:47', '0000-00-00 00:00:00', '0000-00-00 00:00:00'),
('TM20180800015', '2018-08-23', 42, '', 'INS-0002', 0.13, 26000000.00, 1, '2018-07-25', 26000000.00, 'BCA', '4271117544', NULL, 0, 'USR-1710003', '2018-08-22 21:41:10', '0000-00-00 00:00:00', '0000-00-00 00:00:00'),
('TM20181000001', '2018-10-31', 42, '', 'INS-0003', 0.11, 26000000.00, 1, '2018-07-25', 26000000.00, 'BCA', '4271117544', NULL, 1, 'USR-1710003', '2018-10-31 01:35:10', '0000-00-00 00:00:00', '0000-00-00 00:00:00'),
('TM20181000002', '2018-10-31', 48, '', 'INS-0003', 0.13, 60000000.00, 1, '2018-08-01', 60000000.00, 'PERMATA', '1223076676', NULL, 1, 'USR-1710003', '2018-10-31 01:37:13', '0000-00-00 00:00:00', '0000-00-00 00:00:00'),
('TM20181000003', '2018-10-31', 49, '', 'INS-0003', 0.13, 85000000.00, 1, '2018-08-21', 85000000.00, 'BCA', '6540097681', NULL, 1, 'USR-1710003', '2018-10-31 01:41:48', '0000-00-00 00:00:00', '0000-00-00 00:00:00'),
('TM20181000004', '2018-10-31', 46, '', 'INS-0003', 0.13, 150000000.00, 1, '2018-08-24', 150000000.00, 'BCA', '2700262548', NULL, 1, 'USR-1710003', '2018-10-31 01:42:36', '0000-00-00 00:00:00', '0000-00-00 00:00:00'),
('TM20181000005', '2018-10-31', 47, '', 'INS-0001', 0.15, 7500000000.00, 1, '2018-08-31', 7500000000.00, 'BNI', '2712811111', NULL, 1, 'USR-1710003', '2018-10-31 01:43:39', '0000-00-00 00:00:00', '0000-00-00 00:00:00'),
('TM20181200001', '2018-12-22', 50, '', 'INS-0001', 0.13, 200000000.00, 1, '2018-10-01', 200000000.00, 'MANDIRI ', '1210004351429', NULL, 1, 'USR-1710003', '2018-12-21 20:14:55', '0000-00-00 00:00:00', '0000-00-00 00:00:00'),
('TM20181200002', '2018-12-22', 51, '', 'INS-0001', 0.13, 100000000.00, 1, '2018-10-04', 100000000.00, 'BCA', '8015146938', NULL, 1, 'USR-1710003', '2018-12-21 20:18:16', '0000-00-00 00:00:00', '0000-00-00 00:00:00'),
('TM20181200003', '2018-12-22', 52, '', 'INS-0001', 0.1, 10000000.00, 1, '2018-10-08', 10000000.00, 'BCA', '7460215255', NULL, 1, 'USR-1710003', '2018-12-21 20:19:15', '0000-00-00 00:00:00', '0000-00-00 00:00:00'),
('TM20181200004', '2018-12-22', 53, '', 'INS-0001', 0.1, 20000000.00, 1, '2018-10-09', 20000000.00, 'BCA', '2700267051', NULL, 1, 'USR-1710003', '2018-12-21 20:21:53', '0000-00-00 00:00:00', '0000-00-00 00:00:00'),
('TM20181200005', '2018-12-22', 54, '', 'INS-0001', 0.13, 500000000.00, 1, '2018-10-18', 500000000.00, 'BCA', '0650087402', NULL, 1, 'USR-1710003', '2018-12-21 20:22:34', '0000-00-00 00:00:00', '0000-00-00 00:00:00'),
('TM20181200006', '2018-12-22', 37, '', 'INS-0001', 0.1, 10000000.00, 1, '2018-11-01', 10000000.00, 'BCA', '0061227678', NULL, 1, 'USR-1710003', '2018-12-21 20:23:28', '0000-00-00 00:00:00', '0000-00-00 00:00:00'),
('TM20181200007', '2018-12-22', 55, '', 'INS-0001', 0.13, 100000000.00, 1, '2018-11-07', 100000000.00, 'BCA', '2371470770', NULL, 1, 'USR-1710003', '2018-12-21 20:32:44', '0000-00-00 00:00:00', '0000-00-00 00:00:00'),
('TM20181200008', '2018-12-22', 56, '', 'INS-0001', 0.13, 100000000.00, 1, '2018-11-07', 100000000.00, 'BCA', '0050377679', NULL, 1, 'USR-1710003', '2018-12-21 20:34:37', '0000-00-00 00:00:00', '0000-00-00 00:00:00'),
('TM20181200009', '2018-12-22', 57, '', 'INS-0001', 0.13, 100000000.00, 1, '2018-11-07', 100000000.00, 'BCA', '4580367661', NULL, 1, 'USR-1710003', '2018-12-21 20:35:29', '0000-00-00 00:00:00', '0000-00-00 00:00:00'),
('TM20181200010', '2018-12-22', 39, '', 'INS-0001', 1000000, 13.00, 1, '2018-11-07', 100000000.00, 'MANDIRI', '1150002151175', NULL, 1, 'USR-1710003', '2018-12-21 20:36:24', '0000-00-00 00:00:00', '0000-00-00 00:00:00'),
('TM20181200011', '2018-12-22', 39, '', 'INS-0001', 0.13, 100000000.00, 1, '2018-11-07', 100000000.00, 'MANDIRI', '1150002151175', NULL, 1, 'USR-1710003', '2018-12-21 20:38:28', '0000-00-00 00:00:00', '0000-00-00 00:00:00'),
('TM20181200012', '2018-12-22', 58, '', 'INS-0001', 0.13, 52500000.00, 1, '2018-11-15', 52500000.00, 'BRI', '144801000500538', NULL, 1, 'USR-1710003', '2018-12-21 20:39:42', '0000-00-00 00:00:00', '0000-00-00 00:00:00');

-- --------------------------------------------------------

--
-- Table structure for table `tp_return_new`
--

CREATE TABLE `tp_return_new` (
  `transaction_id` varchar(21) NOT NULL,
  `product_id` int(11) NOT NULL DEFAULT 0,
  `customer_id` int(11) DEFAULT NULL,
  `sequence_to` smallint(6) NOT NULL DEFAULT 1,
  `return_type` varchar(4) NOT NULL DEFAULT '1005' COMMENT '1001:modal,1002:bagihasil',
  `process_date` date NOT NULL,
  `return_estimation_date` date DEFAULT NULL,
  `nominal` double(15,2) NOT NULL DEFAULT 0.00,
  `return_status` smallint(6) NOT NULL DEFAULT 0 COMMENT '-2:from internal invest;-1:deleted;0:menunggu penutupan; 1: proses produksi;5 :sedang diproses;10: pending; 100: sudah dibayar;',
  `payment_date` date DEFAULT NULL,
  `payment_nominal` double(15,3) NOT NULL DEFAULT 0.000,
  `file_path` varchar(100) DEFAULT NULL,
  `file_type` varchar(25) DEFAULT NULL,
  `description` varchar(200) DEFAULT NULL,
  `payment_dt_etr` datetime DEFAULT NULL
) ENGINE=MyISAM DEFAULT CHARSET=latin1;

--
-- Dumping data for table `tp_return_new`
--

INSERT INTO `tp_return_new` (`transaction_id`, `product_id`, `customer_id`, `sequence_to`, `return_type`, `process_date`, `return_estimation_date`, `nominal`, `return_status`, `payment_date`, `payment_nominal`, `file_path`, `file_type`, `description`, `payment_dt_etr`) VALUES
('TM20180700001', 999, 7, 1, '1002', '2018-07-01', '2018-07-01', 33333.33, -1, '2018-07-02', 33333.000, 'TM20180700001201807017.jpg', 'image/jpeg', 'test', '2018-07-05 11:19:32'),
('TM20180700001', 999, 7, 2, '1002', '2018-07-01', '2018-07-09', 33333.33, -1, '2018-07-03', 33333.000, 'TM20180700001201807097.png', 'image/png', 'ok', '2018-07-05 11:26:16'),
('TM20180700001', 999, 7, 3, '1002', '2018-07-01', '2019-07-01', 33333.33, -1, NULL, 0.000, NULL, NULL, '', NULL),
('TM20180700001', 999, 7, 4, '1001', '2018-07-01', '2019-07-01', 1000000.00, -1, NULL, 0.000, NULL, NULL, '', NULL),
('TM20180700002', 999, 7, 1, '1002', '2018-05-14', '2018-09-14', 4766666.67, -1, '2018-07-01', 0.000, 'TM2018070000220180914.pdf', 'application/pdf', '', '2018-07-03 08:29:35'),
('TM20180700002', 999, 7, 2, '1002', '2018-05-14', '2019-01-14', 4766666.67, -1, NULL, 0.000, NULL, NULL, '', NULL),
('TM20180700002', 999, 7, 3, '1002', '2018-05-14', '2019-05-14', 4766666.67, -1, NULL, 0.000, NULL, NULL, '', NULL),
('TM20180700002', 999, 7, 4, '1002', '2018-05-14', '2019-09-14', 4766666.67, -1, NULL, 0.000, NULL, NULL, '', NULL),
('TM20180700002', 999, 7, 5, '1002', '2018-05-14', '2019-11-14', 2383333.33, -1, NULL, 0.000, NULL, NULL, '', NULL),
('TM20180700002', 999, 7, 6, '1001', '2018-05-14', '2019-11-14', 110000000.00, -1, NULL, 0.000, NULL, NULL, '', NULL),
('TM20180700003', 999, 32, 1, '1002', '2018-04-17', '2018-08-17', 46666666.67, 100, '2018-08-16', 46666667.000, 'TM201807000032018081732.jpg', 'image/jpeg', 'PAY TO BCA ACHMAD BAROKAH  481 911 2000, AS REQUEST RICKY ANTONIUS', '2018-08-21 10:54:09'),
('TM20180700003', 999, 32, 2, '1002', '2018-04-17', '2018-12-17', 46666666.67, 100, '2018-12-17', 46666667.000, 'TM201807000032018121732.jpg', 'image/jpeg', 'TRSF KE REK ACHMAD BAROKAH 4819112000', '2018-12-18 03:48:07'),
('TM20180700003', 999, 32, 3, '1002', '2018-04-17', '2019-04-17', 46666666.67, 100, '2019-04-17', 46666667.000, 'TM201807000032019041732.pdf', 'application/pdf', 'TRSF KE REK ACHMAD BAROKAH', '2019-06-13 11:02:39'),
('TM20180700003', 999, 32, 4, '1002', '2018-04-17', '2019-08-17', 46666666.67, 1, NULL, 0.000, NULL, NULL, NULL, NULL),
('TM20180700003', 999, 32, 5, '1002', '2018-04-17', '2019-10-17', 23333333.33, 1, NULL, 0.000, NULL, NULL, NULL, NULL),
('TM20180700003', 999, 32, 6, '1001', '2018-04-17', '2019-10-17', 1000000000.00, 1, NULL, 0.000, NULL, NULL, NULL, NULL),
('TM20180700004', 999, 31, 1, '1002', '2018-07-16', '2018-11-16', 4666666.67, -1, NULL, 0.000, NULL, NULL, NULL, NULL),
('TM20180700004', 999, 31, 2, '1002', '2018-07-16', '2019-03-16', 4666666.67, -1, NULL, 0.000, NULL, NULL, NULL, NULL),
('TM20180700004', 999, 31, 3, '1002', '2018-07-16', '2019-07-16', 4666666.67, -1, NULL, 0.000, NULL, NULL, NULL, NULL),
('TM20180700004', 999, 31, 4, '1001', '2018-07-16', '2019-07-16', 100000000.00, -1, NULL, 0.000, NULL, NULL, NULL, NULL),
('TR20180600002', 6, 7, 1, '1002', '2018-07-07', '2018-11-07', 83333.33, -1, '2018-07-01', 0.000, 'TR2018060000220181107.pdf', 'application/pdf', 'test', '2018-07-04 09:03:46'),
('TR20180600002', 6, 7, 2, '1002', '2018-07-07', '2019-03-07', 83333.33, -1, '2018-07-01', 83333.000, 'TR2018060000220190307.pdf', 'application/pdf', 'test', '2018-07-04 09:06:22'),
('TR20180600002', 6, 7, 3, '1002', '2018-07-07', '2019-07-07', 83333.33, -1, '2018-07-01', 0.000, 'TR2018060000220190707.jpg', 'image/jpeg', 'test', '2018-07-04 08:04:55'),
('TR20180600002', 6, 7, 4, '1001', '2018-07-07', '2019-07-07', 2500000.00, -1, '2018-07-01', 0.000, 'TR2018060000220190707.jpg', 'image/jpeg', 'test', '2018-07-04 08:04:55'),
('TR20180600002', 7, 7, 1, '1002', '2019-06-07', '2019-10-07', 166666.67, -1, NULL, 0.000, NULL, NULL, '', NULL),
('TR20180600002', 7, 7, 2, '1002', '2019-06-07', '2020-02-07', 166666.67, -1, '2018-07-04', 166667.000, 'TR20180600002202002077.jpg', 'image/jpeg', '', '2018-07-05 11:26:57'),
('TR20180600002', 7, 7, 3, '1002', '2019-06-07', '2020-06-07', 166666.67, -1, NULL, 0.000, NULL, NULL, '', NULL),
('TR20180600002', 7, 7, 4, '1001', '2019-06-07', '2020-06-07', 5000000.00, -1, NULL, 0.000, NULL, NULL, '', NULL),
('TR20180600003', 6, 7, 1, '1002', '2018-07-07', '2018-11-07', 27500000.00, -1, NULL, 0.000, NULL, NULL, '', NULL),
('TR20180600003', 6, 7, 2, '1002', '2018-07-07', '2019-03-07', 27500000.00, -1, NULL, 0.000, NULL, NULL, '', NULL),
('TR20180600003', 6, 7, 3, '1002', '2018-07-07', '2019-07-07', 27500000.00, -1, NULL, 0.000, NULL, NULL, '', NULL),
('TR20180600003', 6, 7, 4, '1001', '2018-07-07', '2019-07-07', 75000000.00, -1, NULL, 0.000, NULL, NULL, '', NULL),
('TR20180600010', 6, 7, 1, '1002', '2018-07-07', '2018-11-07', 19250000.00, -1, NULL, 0.000, NULL, NULL, '', NULL),
('TR20180600010', 6, 7, 2, '1002', '2018-07-07', '2019-03-07', 19250000.00, -1, NULL, 0.000, NULL, NULL, '', NULL),
('TR20180600010', 6, 7, 3, '1002', '2018-07-07', '2019-07-07', 19250000.00, -1, NULL, 0.000, NULL, NULL, '', NULL),
('TR20180600010', 6, 7, 4, '1001', '2018-07-07', '2019-07-07', 52500000.00, -1, NULL, 0.000, NULL, NULL, '', NULL),
('TR20180600010', 7, 7, 1, '1002', '2019-06-07', '2019-10-07', 83333.33, -1, NULL, 0.000, NULL, NULL, '', NULL),
('TR20180600010', 7, 7, 2, '1002', '2019-06-07', '2020-02-07', 83333.33, -1, NULL, 0.000, NULL, NULL, '', NULL),
('TR20180600010', 7, 7, 3, '1002', '2019-06-07', '2020-06-07', 83333.33, -1, NULL, 0.000, NULL, NULL, '', NULL),
('TR20180600010', 7, 7, 4, '1001', '2019-06-07', '2020-06-07', 2500000.00, -1, NULL, 0.000, NULL, NULL, '', NULL),
('TR20180600011', 6, 7, 1, '1002', '2018-07-07', '2018-11-07', 166666.67, -1, NULL, 0.000, NULL, NULL, '', NULL),
('TR20180600011', 6, 7, 2, '1002', '2018-07-07', '2019-03-07', 166666.67, -1, NULL, 0.000, NULL, NULL, '', NULL),
('TR20180600011', 6, 7, 3, '1002', '2018-07-07', '2019-07-07', 166666.67, -1, NULL, 0.000, NULL, NULL, '', NULL),
('TR20180600011', 6, 7, 4, '1001', '2018-07-07', '2019-07-07', 5000000.00, -1, NULL, 0.000, NULL, NULL, '', NULL),
('TR20180700001', 9, 32, 1, '1002', '2019-01-01', '2019-05-01', 166666.67, -2, NULL, 0.000, NULL, NULL, NULL, NULL),
('TR20180700001', 9, 32, 2, '1002', '2019-01-01', '2019-09-01', 166666.67, -2, NULL, 0.000, NULL, NULL, NULL, NULL),
('TR20180700001', 9, 32, 3, '1002', '2019-01-01', '2020-01-01', 166666.67, -2, NULL, 0.000, NULL, NULL, NULL, NULL),
('TR20180700001', 9, 32, 4, '1001', '2019-01-01', '2020-01-01', 5000000.00, -2, NULL, 0.000, NULL, NULL, NULL, NULL),
('TR20180700002', 9, 32, 1, '1002', '2019-01-01', '2019-05-01', 333333.33, -2, NULL, 0.000, NULL, NULL, NULL, NULL),
('TR20180700002', 9, 32, 2, '1002', '2019-01-01', '2019-09-01', 333333.33, -2, NULL, 0.000, NULL, NULL, NULL, NULL),
('TR20180700002', 9, 32, 3, '1002', '2019-01-01', '2020-01-01', 333333.33, -2, NULL, 0.000, NULL, NULL, NULL, NULL),
('TR20180700002', 9, 32, 4, '1001', '2019-01-01', '2020-01-01', 10000000.00, -2, NULL, 0.000, NULL, NULL, NULL, NULL),
('TR20180700003', 9, 32, 1, '1002', '2019-01-01', '2019-05-01', 333333.33, -2, NULL, 0.000, NULL, NULL, NULL, NULL),
('TR20180700003', 9, 32, 2, '1002', '2019-01-01', '2019-09-01', 333333.33, -2, NULL, 0.000, NULL, NULL, NULL, NULL),
('TR20180700003', 9, 32, 3, '1002', '2019-01-01', '2020-01-01', 333333.33, -2, NULL, 0.000, NULL, NULL, NULL, NULL),
('TR20180700003', 9, 32, 4, '1001', '2019-01-01', '2020-01-01', 10000000.00, -2, NULL, 0.000, NULL, NULL, NULL, NULL),
('TR20180700004', 9, 32, 1, '1002', '2019-01-01', '2019-05-01', 416666.67, -2, NULL, 0.000, NULL, NULL, NULL, NULL),
('TR20180700004', 9, 32, 2, '1002', '2019-01-01', '2019-09-01', 416666.67, -2, NULL, 0.000, NULL, NULL, NULL, NULL),
('TR20180700004', 9, 32, 3, '1002', '2019-01-01', '2020-01-01', 416666.67, -2, NULL, 0.000, NULL, NULL, NULL, NULL),
('TR20180700004', 9, 32, 4, '1001', '2019-01-01', '2020-01-01', 12500000.00, -2, NULL, 0.000, NULL, NULL, NULL, NULL),
('TR20180700005', 9, 32, 1, '1002', '2019-01-01', '2019-05-01', 5500000.00, -2, NULL, 0.000, NULL, NULL, NULL, NULL),
('TR20180700005', 9, 32, 2, '1002', '2019-01-01', '2019-09-01', 5500000.00, -2, NULL, 0.000, NULL, NULL, NULL, NULL),
('TR20180700005', 9, 32, 3, '1002', '2019-01-01', '2020-01-01', 5500000.00, -2, NULL, 0.000, NULL, NULL, NULL, NULL),
('TR20180700005', 9, 32, 4, '1001', '2019-01-01', '2020-01-01', 150000000.00, -2, NULL, 0.000, NULL, NULL, NULL, NULL),
('TR20180700006', 10, 32, 1, '1002', '2019-01-01', '2019-05-01', 4583333.33, -2, NULL, 0.000, NULL, NULL, NULL, NULL),
('TR20180700006', 10, 32, 2, '1002', '2019-01-01', '2019-09-01', 4583333.33, -2, NULL, 0.000, NULL, NULL, NULL, NULL),
('TR20180700006', 10, 32, 3, '1002', '2019-01-01', '2020-01-01', 4583333.33, -2, NULL, 0.000, NULL, NULL, NULL, NULL),
('TR20180700006', 10, 32, 4, '1001', '2019-01-01', '2020-01-01', 125000000.00, -2, NULL, 0.000, NULL, NULL, NULL, NULL),
('TR20180700007', 11, 32, 1, '1002', '2019-01-01', '2019-05-01', 5958333.33, -2, NULL, 0.000, NULL, NULL, NULL, NULL),
('TR20180700007', 11, 32, 2, '1002', '2019-01-01', '2019-09-01', 5958333.33, -2, NULL, 0.000, NULL, NULL, NULL, NULL),
('TR20180700007', 11, 32, 3, '1002', '2019-01-01', '2020-01-01', 5958333.33, -2, NULL, 0.000, NULL, NULL, NULL, NULL),
('TR20180700007', 11, 32, 4, '1001', '2019-01-01', '2020-01-01', 162500000.00, -2, NULL, 0.000, NULL, NULL, NULL, NULL),
('TR20180700008', 12, 32, 1, '1002', '2019-01-01', '2019-05-01', 6875000.00, -2, NULL, 0.000, NULL, NULL, NULL, NULL),
('TR20180700008', 12, 32, 2, '1002', '2019-01-01', '2019-09-01', 6875000.00, -2, NULL, 0.000, NULL, NULL, NULL, NULL),
('TR20180700008', 12, 32, 3, '1002', '2019-01-01', '2020-01-01', 6875000.00, -2, NULL, 0.000, NULL, NULL, NULL, NULL),
('TR20180700008', 12, 32, 4, '1001', '2019-01-01', '2020-01-01', 187500000.00, -2, NULL, 0.000, NULL, NULL, NULL, NULL),
('TR20180700009', 13, 32, 1, '1002', '2019-01-01', '2019-05-01', 6966666.67, -2, NULL, 0.000, NULL, NULL, NULL, NULL),
('TR20180700009', 13, 32, 2, '1002', '2019-01-01', '2019-09-01', 6966666.67, -2, NULL, 0.000, NULL, NULL, NULL, NULL),
('TR20180700009', 13, 32, 3, '1002', '2019-01-01', '2020-01-01', 6966666.67, -2, NULL, 0.000, NULL, NULL, NULL, NULL),
('TR20180700009', 13, 32, 4, '1001', '2019-01-01', '2020-01-01', 190000000.00, -2, NULL, 0.000, NULL, NULL, NULL, NULL),
('TR20180700010', 14, 32, 1, '1002', '2019-01-01', '2019-05-01', 4766666.67, -2, NULL, 0.000, NULL, NULL, NULL, NULL),
('TR20180700010', 14, 32, 2, '1002', '2019-01-01', '2019-09-01', 4766666.67, -2, NULL, 0.000, NULL, NULL, NULL, NULL),
('TR20180700010', 14, 32, 3, '1002', '2019-01-01', '2020-01-01', 4766666.67, -2, NULL, 0.000, NULL, NULL, NULL, NULL),
('TR20180700010', 14, 32, 4, '1001', '2019-01-01', '2020-01-01', 130000000.00, -2, NULL, 0.000, NULL, NULL, NULL, NULL),
('TR20180700011', 15, 32, 1, '1002', '2019-01-01', '2019-05-01', 583333.33, -2, NULL, 0.000, NULL, NULL, NULL, NULL),
('TR20180700011', 15, 32, 2, '1002', '2019-01-01', '2019-09-01', 583333.33, -2, NULL, 0.000, NULL, NULL, NULL, NULL),
('TR20180700011', 15, 32, 3, '1002', '2019-01-01', '2020-01-01', 583333.33, -2, NULL, 0.000, NULL, NULL, NULL, NULL),
('TR20180700011', 15, 32, 4, '1001', '2019-01-01', '2020-01-01', 17500000.00, -2, NULL, 0.000, NULL, NULL, NULL, NULL),
('TR20180700012', 9, 33, 1, '1002', '2019-01-01', '2019-05-01', 583333.33, -2, NULL, 0.000, NULL, NULL, NULL, NULL),
('TR20180700012', 9, 33, 2, '1002', '2019-01-01', '2019-09-01', 583333.33, -2, NULL, 0.000, NULL, NULL, NULL, NULL),
('TR20180700012', 9, 33, 3, '1002', '2019-01-01', '2020-01-01', 583333.33, -2, NULL, 0.000, NULL, NULL, NULL, NULL),
('TR20180700012', 9, 33, 4, '1001', '2019-01-01', '2020-01-01', 17500000.00, -2, NULL, 0.000, NULL, NULL, NULL, NULL),
('TR20180700013', 10, 33, 1, '1002', '2019-01-01', '2019-05-01', 416666.67, -2, NULL, 0.000, NULL, NULL, NULL, NULL),
('TR20180700013', 10, 33, 2, '1002', '2019-01-01', '2019-09-01', 416666.67, -2, NULL, 0.000, NULL, NULL, NULL, NULL),
('TR20180700013', 10, 33, 3, '1002', '2019-01-01', '2020-01-01', 416666.67, -2, NULL, 0.000, NULL, NULL, NULL, NULL),
('TR20180700013', 10, 33, 4, '1001', '2019-01-01', '2020-01-01', 12500000.00, -2, NULL, 0.000, NULL, NULL, NULL, NULL),
('TR20180700014', 11, 33, 1, '1002', '2019-01-01', '2019-05-01', 416666.67, -2, NULL, 0.000, NULL, NULL, NULL, NULL),
('TR20180700014', 11, 33, 2, '1002', '2019-01-01', '2019-09-01', 416666.67, -2, NULL, 0.000, NULL, NULL, NULL, NULL),
('TR20180700014', 11, 33, 3, '1002', '2019-01-01', '2020-01-01', 416666.67, -2, NULL, 0.000, NULL, NULL, NULL, NULL),
('TR20180700014', 11, 33, 4, '1001', '2019-01-01', '2020-01-01', 12500000.00, -2, NULL, 0.000, NULL, NULL, NULL, NULL),
('TR20180700015', 12, 33, 1, '1002', '2019-01-01', '2019-05-01', 416666.67, -2, NULL, 0.000, NULL, NULL, NULL, NULL),
('TR20180700015', 12, 33, 2, '1002', '2019-01-01', '2019-09-01', 416666.67, -2, NULL, 0.000, NULL, NULL, NULL, NULL),
('TR20180700015', 12, 33, 3, '1002', '2019-01-01', '2020-01-01', 416666.67, -2, NULL, 0.000, NULL, NULL, NULL, NULL),
('TR20180700015', 12, 33, 4, '1001', '2019-01-01', '2020-01-01', 12500000.00, -2, NULL, 0.000, NULL, NULL, NULL, NULL),
('TR20180700016', 13, 33, 1, '1002', '2019-01-01', '2019-05-01', 416666.67, -2, NULL, 0.000, NULL, NULL, NULL, NULL),
('TR20180700016', 13, 33, 2, '1002', '2019-01-01', '2019-09-01', 416666.67, -2, NULL, 0.000, NULL, NULL, NULL, NULL),
('TR20180700016', 13, 33, 3, '1002', '2019-01-01', '2020-01-01', 416666.67, -2, NULL, 0.000, NULL, NULL, NULL, NULL),
('TR20180700016', 13, 33, 4, '1001', '2019-01-01', '2020-01-01', 12500000.00, -2, NULL, 0.000, NULL, NULL, NULL, NULL),
('TR20180700017', 14, 33, 1, '1002', '2019-01-01', '2019-05-01', 416666.67, -2, NULL, 0.000, NULL, NULL, NULL, NULL),
('TR20180700017', 14, 33, 2, '1002', '2019-01-01', '2019-09-01', 416666.67, -2, NULL, 0.000, NULL, NULL, NULL, NULL),
('TR20180700017', 14, 33, 3, '1002', '2019-01-01', '2020-01-01', 416666.67, -2, NULL, 0.000, NULL, NULL, NULL, NULL),
('TR20180700017', 14, 33, 4, '1001', '2019-01-01', '2020-01-01', 12500000.00, -2, NULL, 0.000, NULL, NULL, NULL, NULL),
('TR20180700018', 15, 33, 1, '1002', '2019-01-01', '2019-05-01', 416666.67, -2, NULL, 0.000, NULL, NULL, NULL, NULL),
('TR20180700018', 15, 33, 2, '1002', '2019-01-01', '2019-09-01', 416666.67, -2, NULL, 0.000, NULL, NULL, NULL, NULL),
('TR20180700018', 15, 33, 3, '1002', '2019-01-01', '2020-01-01', 416666.67, -2, NULL, 0.000, NULL, NULL, NULL, NULL),
('TR20180700018', 15, 33, 4, '1001', '2019-01-01', '2020-01-01', 12500000.00, -2, NULL, 0.000, NULL, NULL, NULL, NULL),
('TR20180700019', 16, 33, 1, '1002', '2019-01-01', '2019-05-01', 416666.67, -2, NULL, 0.000, NULL, NULL, NULL, NULL),
('TR20180700019', 16, 33, 2, '1002', '2019-01-01', '2019-09-01', 416666.67, -2, NULL, 0.000, NULL, NULL, NULL, NULL),
('TR20180700019', 16, 33, 3, '1002', '2019-01-01', '2020-01-01', 416666.67, -2, NULL, 0.000, NULL, NULL, NULL, NULL),
('TR20180700019', 16, 33, 4, '1001', '2019-01-01', '2020-01-01', 12500000.00, -2, NULL, 0.000, NULL, NULL, NULL, NULL),
('TR20180700020', 17, 33, 1, '1002', '2019-01-01', '2019-05-01', 166666.67, -2, NULL, 0.000, NULL, NULL, NULL, NULL),
('TR20180700020', 17, 33, 2, '1002', '2019-01-01', '2019-09-01', 166666.67, -2, NULL, 0.000, NULL, NULL, NULL, NULL),
('TR20180700020', 17, 33, 3, '1002', '2019-01-01', '2020-01-01', 166666.67, -2, NULL, 0.000, NULL, NULL, NULL, NULL),
('TR20180700020', 17, 33, 4, '1001', '2019-01-01', '2020-01-01', 5000000.00, -2, NULL, 0.000, NULL, NULL, NULL, NULL),
('TR20180700021', 9, 34, 1, '1002', '2019-01-01', '2019-05-01', 833333.33, -2, NULL, 0.000, NULL, NULL, NULL, NULL),
('TR20180700021', 9, 34, 2, '1002', '2019-01-01', '2019-09-01', 833333.33, -2, NULL, 0.000, NULL, NULL, NULL, NULL),
('TR20180700021', 9, 34, 3, '1002', '2019-01-01', '2020-01-01', 833333.33, -2, NULL, 0.000, NULL, NULL, NULL, NULL),
('TR20180700021', 9, 34, 4, '1001', '2019-01-01', '2020-01-01', 25000000.00, -2, NULL, 0.000, NULL, NULL, NULL, NULL),
('TR20180700022', 10, 34, 1, '1002', '2019-01-01', '2019-05-01', 833333.33, -2, NULL, 0.000, NULL, NULL, NULL, NULL),
('TR20180700022', 10, 34, 2, '1002', '2019-01-01', '2019-09-01', 833333.33, -2, NULL, 0.000, NULL, NULL, NULL, NULL),
('TR20180700022', 10, 34, 3, '1002', '2019-01-01', '2020-01-01', 833333.33, -2, NULL, 0.000, NULL, NULL, NULL, NULL),
('TR20180700022', 10, 34, 4, '1001', '2019-01-01', '2020-01-01', 25000000.00, -2, NULL, 0.000, NULL, NULL, NULL, NULL),
('TR20180700023', 11, 34, 1, '1002', '2019-01-01', '2019-05-01', 1375000.00, -2, NULL, 0.000, NULL, NULL, NULL, NULL),
('TR20180700023', 11, 34, 2, '1002', '2019-01-01', '2019-09-01', 1375000.00, -2, NULL, 0.000, NULL, NULL, NULL, NULL),
('TR20180700023', 11, 34, 3, '1002', '2019-01-01', '2020-01-01', 1375000.00, -2, NULL, 0.000, NULL, NULL, NULL, NULL),
('TR20180700023', 11, 34, 4, '1001', '2019-01-01', '2020-01-01', 37500000.00, -2, NULL, 0.000, NULL, NULL, NULL, NULL),
('TR20180700024', 12, 34, 1, '1002', '2019-01-01', '2019-05-01', 1375000.00, -2, NULL, 0.000, NULL, NULL, NULL, NULL),
('TR20180700024', 12, 34, 2, '1002', '2019-01-01', '2019-09-01', 1375000.00, -2, NULL, 0.000, NULL, NULL, NULL, NULL),
('TR20180700024', 12, 34, 3, '1002', '2019-01-01', '2020-01-01', 1375000.00, -2, NULL, 0.000, NULL, NULL, NULL, NULL),
('TR20180700024', 12, 34, 4, '1001', '2019-01-01', '2020-01-01', 37500000.00, -2, NULL, 0.000, NULL, NULL, NULL, NULL),
('TR20180700025', 13, 34, 1, '1002', '2019-01-01', '2019-05-01', 1375000.00, -2, NULL, 0.000, NULL, NULL, NULL, NULL),
('TR20180700025', 13, 34, 2, '1002', '2019-01-01', '2019-09-01', 1375000.00, -2, NULL, 0.000, NULL, NULL, NULL, NULL),
('TR20180700025', 13, 34, 3, '1002', '2019-01-01', '2020-01-01', 1375000.00, -2, NULL, 0.000, NULL, NULL, NULL, NULL),
('TR20180700025', 13, 34, 4, '1001', '2019-01-01', '2020-01-01', 37500000.00, -2, NULL, 0.000, NULL, NULL, NULL, NULL),
('TR20180700026', 14, 34, 1, '1002', '2019-01-01', '2019-05-01', 1375000.00, -2, NULL, 0.000, NULL, NULL, NULL, NULL),
('TR20180700026', 14, 34, 2, '1002', '2019-01-01', '2019-09-01', 1375000.00, -2, NULL, 0.000, NULL, NULL, NULL, NULL),
('TR20180700026', 14, 34, 3, '1002', '2019-01-01', '2020-01-01', 1375000.00, -2, NULL, 0.000, NULL, NULL, NULL, NULL),
('TR20180700026', 14, 34, 4, '1001', '2019-01-01', '2020-01-01', 37500000.00, -2, NULL, 0.000, NULL, NULL, NULL, NULL),
('TR20180700027', 9, 35, 1, '1002', '2019-01-01', '2019-05-01', 333333.33, -2, NULL, 0.000, NULL, NULL, NULL, NULL),
('TR20180700027', 9, 35, 2, '1002', '2019-01-01', '2019-09-01', 333333.33, -2, NULL, 0.000, NULL, NULL, NULL, NULL),
('TR20180700027', 9, 35, 3, '1002', '2019-01-01', '2020-01-01', 333333.33, -2, NULL, 0.000, NULL, NULL, NULL, NULL),
('TR20180700027', 9, 35, 4, '1001', '2019-01-01', '2020-01-01', 10000000.00, -2, NULL, 0.000, NULL, NULL, NULL, NULL),
('TR20180700028', 9, 36, 1, '1002', '2019-01-01', '2019-05-01', 1100000.00, -2, NULL, 0.000, NULL, NULL, NULL, NULL),
('TR20180700028', 9, 36, 2, '1002', '2019-01-01', '2019-09-01', 1100000.00, -2, NULL, 0.000, NULL, NULL, NULL, NULL),
('TR20180700028', 9, 36, 3, '1002', '2019-01-01', '2020-01-01', 1100000.00, -2, NULL, 0.000, NULL, NULL, NULL, NULL),
('TR20180700028', 9, 36, 4, '1001', '2019-01-01', '2020-01-01', 30000000.00, -2, NULL, 0.000, NULL, NULL, NULL, NULL),
('TR20180700029', 9, 37, 1, '1002', '2019-01-01', '2019-05-01', 333333.33, -2, NULL, 0.000, NULL, NULL, NULL, NULL),
('TR20180700029', 9, 37, 2, '1002', '2019-01-01', '2019-09-01', 333333.33, -2, NULL, 0.000, NULL, NULL, NULL, NULL),
('TR20180700029', 9, 37, 3, '1002', '2019-01-01', '2020-01-01', 333333.33, -2, NULL, 0.000, NULL, NULL, NULL, NULL),
('TR20180700029', 9, 37, 4, '1001', '2019-01-01', '2020-01-01', 10000000.00, -2, NULL, 0.000, NULL, NULL, NULL, NULL),
('TR20180700030', 9, 38, 1, '1002', '2019-01-01', '2019-05-01', 333333.33, -2, NULL, 0.000, NULL, NULL, NULL, NULL),
('TR20180700030', 9, 38, 2, '1002', '2019-01-01', '2019-09-01', 333333.33, -2, NULL, 0.000, NULL, NULL, NULL, NULL),
('TR20180700030', 9, 38, 3, '1002', '2019-01-01', '2020-01-01', 333333.33, -2, NULL, 0.000, NULL, NULL, NULL, NULL),
('TR20180700030', 9, 38, 4, '1001', '2019-01-01', '2020-01-01', 10000000.00, -2, NULL, 0.000, NULL, NULL, NULL, NULL),
('TR20180700031', 10, 38, 1, '1002', '2019-01-01', '2019-05-01', 1833333.33, -2, NULL, 0.000, NULL, NULL, NULL, NULL),
('TR20180700031', 10, 38, 2, '1002', '2019-01-01', '2019-09-01', 1833333.33, -2, NULL, 0.000, NULL, NULL, NULL, NULL),
('TR20180700031', 10, 38, 3, '1002', '2019-01-01', '2020-01-01', 1833333.33, -2, NULL, 0.000, NULL, NULL, NULL, NULL),
('TR20180700031', 10, 38, 4, '1001', '2019-01-01', '2020-01-01', 50000000.00, -2, NULL, 0.000, NULL, NULL, NULL, NULL),
('TR20180700032', 10, 39, 1, '1002', '2019-01-01', '2019-05-01', 2108333.33, -2, NULL, 0.000, NULL, NULL, NULL, NULL),
('TR20180700032', 10, 39, 2, '1002', '2019-01-01', '2019-09-01', 2108333.33, -2, NULL, 0.000, NULL, NULL, NULL, NULL),
('TR20180700032', 10, 39, 3, '1002', '2019-01-01', '2020-01-01', 2108333.33, -2, NULL, 0.000, NULL, NULL, NULL, NULL),
('TR20180700032', 10, 39, 4, '1001', '2019-01-01', '2020-01-01', 57500000.00, -2, NULL, 0.000, NULL, NULL, NULL, NULL),
('TR20180700033', 11, 39, 1, '1002', '2019-01-01', '2019-05-01', 3666666.67, -2, NULL, 0.000, NULL, NULL, NULL, NULL),
('TR20180700033', 11, 39, 2, '1002', '2019-01-01', '2019-09-01', 3666666.67, -2, NULL, 0.000, NULL, NULL, NULL, NULL),
('TR20180700033', 11, 39, 3, '1002', '2019-01-01', '2020-01-01', 3666666.67, -2, NULL, 0.000, NULL, NULL, NULL, NULL),
('TR20180700033', 11, 39, 4, '1001', '2019-01-01', '2020-01-01', 100000000.00, -2, NULL, 0.000, NULL, NULL, NULL, NULL),
('TR20180700034', 12, 39, 1, '1002', '2019-01-01', '2019-05-01', 1191666.67, -2, NULL, 0.000, NULL, NULL, NULL, NULL),
('TR20180700034', 12, 39, 2, '1002', '2019-01-01', '2019-09-01', 1191666.67, -2, NULL, 0.000, NULL, NULL, NULL, NULL),
('TR20180700034', 12, 39, 3, '1002', '2019-01-01', '2020-01-01', 1191666.67, -2, NULL, 0.000, NULL, NULL, NULL, NULL),
('TR20180700034', 12, 39, 4, '1001', '2019-01-01', '2020-01-01', 32500000.00, -2, NULL, 0.000, NULL, NULL, NULL, NULL),
('TR20180700035', 10, 40, 1, '1002', '2019-01-01', '2019-05-01', 1100000.00, -2, NULL, 0.000, NULL, NULL, NULL, NULL),
('TR20180700035', 10, 40, 2, '1002', '2019-01-01', '2019-09-01', 1100000.00, -2, NULL, 0.000, NULL, NULL, NULL, NULL),
('TR20180700035', 10, 40, 3, '1002', '2019-01-01', '2020-01-01', 1100000.00, -2, NULL, 0.000, NULL, NULL, NULL, NULL),
('TR20180700035', 10, 40, 4, '1001', '2019-01-01', '2020-01-01', 30000000.00, -2, NULL, 0.000, NULL, NULL, NULL, NULL),
('TR20180700036', 12, 41, 1, '1002', '2019-01-01', '2019-05-01', 1558333.33, -2, NULL, 0.000, NULL, NULL, NULL, NULL),
('TR20180700036', 12, 41, 2, '1002', '2019-01-01', '2019-09-01', 1558333.33, -2, NULL, 0.000, NULL, NULL, NULL, NULL),
('TR20180700036', 12, 41, 3, '1002', '2019-01-01', '2020-01-01', 1558333.33, -2, NULL, 0.000, NULL, NULL, NULL, NULL),
('TR20180700036', 12, 41, 4, '1001', '2019-01-01', '2020-01-01', 42500000.00, -2, NULL, 0.000, NULL, NULL, NULL, NULL),
('TR20180700037', 15, 41, 1, '1002', '2019-01-01', '2019-05-01', 2108333.33, -2, NULL, 0.000, NULL, NULL, NULL, NULL),
('TR20180700037', 15, 41, 2, '1002', '2019-01-01', '2019-09-01', 2108333.33, -2, NULL, 0.000, NULL, NULL, NULL, NULL),
('TR20180700037', 15, 41, 3, '1002', '2019-01-01', '2020-01-01', 2108333.33, -2, NULL, 0.000, NULL, NULL, NULL, NULL),
('TR20180700037', 15, 41, 4, '1001', '2019-01-01', '2020-01-01', 57500000.00, -2, NULL, 0.000, NULL, NULL, NULL, NULL),
('TR20180700038', 15, 42, 1, '1002', '2019-01-01', '2019-05-01', 833333.33, -2, NULL, 0.000, NULL, NULL, NULL, NULL),
('TR20180700038', 15, 42, 2, '1002', '2019-01-01', '2019-09-01', 833333.33, -2, NULL, 0.000, NULL, NULL, NULL, NULL),
('TR20180700038', 15, 42, 3, '1002', '2019-01-01', '2020-01-01', 833333.33, -2, NULL, 0.000, NULL, NULL, NULL, NULL),
('TR20180700038', 15, 42, 4, '1001', '2019-01-01', '2020-01-01', 25000000.00, -2, NULL, 0.000, NULL, NULL, NULL, NULL),
('TR20180700039', 15, 43, 1, '1002', '2019-01-01', '2019-05-01', 1558333.33, -2, NULL, 0.000, NULL, NULL, NULL, NULL),
('TR20180700039', 15, 43, 2, '1002', '2019-01-01', '2019-09-01', 1558333.33, -2, NULL, 0.000, NULL, NULL, NULL, NULL),
('TR20180700039', 15, 43, 3, '1002', '2019-01-01', '2020-01-01', 1558333.33, -2, NULL, 0.000, NULL, NULL, NULL, NULL),
('TR20180700039', 15, 43, 4, '1001', '2019-01-01', '2020-01-01', 42500000.00, -2, NULL, 0.000, NULL, NULL, NULL, NULL),
('TR20180700040', 16, 43, 1, '1002', '2019-01-01', '2019-05-01', 333333.33, -2, NULL, 0.000, NULL, NULL, NULL, NULL),
('TR20180700040', 16, 43, 2, '1002', '2019-01-01', '2019-09-01', 333333.33, -2, NULL, 0.000, NULL, NULL, NULL, NULL),
('TR20180700040', 16, 43, 3, '1002', '2019-01-01', '2020-01-01', 333333.33, -2, NULL, 0.000, NULL, NULL, NULL, NULL),
('TR20180700040', 16, 43, 4, '1001', '2019-01-01', '2020-01-01', 10000000.00, -2, NULL, 0.000, NULL, NULL, NULL, NULL),
('TM20180800001', 999, 33, 1, '1002', '2018-09-14', '2019-01-14', 206555.57, -1, NULL, 0.000, NULL, NULL, NULL, NULL),
('TM20180800001', 999, 33, 2, '1002', '2018-09-14', '2019-05-14', 206555.57, -1, NULL, 0.000, NULL, NULL, NULL, NULL),
('TM20180800001', 999, 33, 3, '1002', '2018-09-14', '2019-09-14', 206555.57, -1, NULL, 0.000, NULL, NULL, NULL, NULL),
('TM20180800001', 999, 33, 4, '1002', '2018-09-14', '2020-01-14', 206555.57, -1, NULL, 0.000, NULL, NULL, NULL, NULL),
('TM20180800001', 999, 33, 5, '1002', '2018-09-14', '2020-03-14', 103277.79, -1, NULL, 0.000, NULL, NULL, NULL, NULL),
('TM20180800001', 999, 33, 6, '1001', '2018-09-14', '2020-03-14', 4766667.00, -1, NULL, 0.000, NULL, NULL, NULL, NULL),
('TM20180800002', 999, 34, 1, '1002', '2018-09-18', '2019-01-18', 375555.57, -1, NULL, 0.000, NULL, NULL, NULL, NULL),
('TM20180800002', 999, 34, 2, '1002', '2018-09-18', '2019-05-18', 375555.57, -1, NULL, 0.000, NULL, NULL, NULL, NULL),
('TM20180800002', 999, 34, 3, '1002', '2018-09-18', '2019-09-18', 375555.57, -1, NULL, 0.000, NULL, NULL, NULL, NULL),
('TM20180800002', 999, 34, 4, '1002', '2018-09-18', '2020-01-18', 375555.57, -1, NULL, 0.000, NULL, NULL, NULL, NULL),
('TM20180800002', 999, 34, 5, '1002', '2018-09-18', '2020-03-18', 187777.79, -1, NULL, 0.000, NULL, NULL, NULL, NULL),
('TM20180800002', 999, 34, 6, '1001', '2018-09-18', '2020-03-18', 8666667.00, -1, NULL, 0.000, NULL, NULL, NULL, NULL),
('TM20180800003', 999, 35, 1, '1002', '2018-05-24', '2018-09-24', 333333.33, 100, '2018-09-22', 333333.000, 'TM201808000032018092435.jpg', 'image/jpeg', 'PROSES TUNDA , TRANSAKSI  TGL 20/09/2018 ', '2018-09-22 02:45:49'),
('TM20180800003', 999, 35, 2, '1002', '2018-05-24', '2019-01-24', 333333.33, 100, '2019-01-24', 333333.000, 'TM201808000032019012435.pdf', 'application/pdf', '', '2019-06-13 11:08:08'),
('TM20180800003', 999, 35, 3, '1002', '2018-05-24', '2019-05-24', 333333.33, 100, '2019-05-24', 333333.000, 'TM201808000032019052435.pdf', 'application/pdf', '', '2019-06-13 11:06:33'),
('TM20180800003', 999, 35, 4, '1002', '2018-05-24', '2019-09-24', 333333.33, 1, NULL, 0.000, NULL, NULL, NULL, NULL),
('TM20180800003', 999, 35, 5, '1002', '2018-05-24', '2019-11-24', 166666.67, 1, NULL, 0.000, NULL, NULL, NULL, NULL),
('TM20180800003', 999, 35, 6, '1001', '2018-05-24', '2019-11-24', 10000000.00, 1, NULL, 0.000, NULL, NULL, NULL, NULL),
('TM20180800004', 999, 33, 1, '1002', '2018-05-14', '2018-09-14', 4766666.67, 100, '2018-09-14', 4766667.000, 'TM201808000042018091433.jpg', 'image/jpeg', 'TERM 1 ', '2018-09-14 10:51:49'),
('TM20180800004', 999, 33, 2, '1002', '2018-05-14', '2019-01-14', 4766666.67, 100, '2019-01-14', 4766667.000, 'TM201808000042019011433.pdf', 'application/pdf', '', '2019-06-13 15:09:09'),
('TM20180800004', 999, 33, 3, '1002', '2018-05-14', '2019-05-14', 4766666.67, 100, '2019-05-14', 4766667.000, 'TM201808000042019051433.pdf', 'application/pdf', '', '2019-06-13 15:09:46'),
('TM20180800004', 999, 33, 4, '1002', '2018-05-14', '2019-09-14', 4766666.67, 1, NULL, 0.000, NULL, NULL, NULL, NULL),
('TM20180800004', 999, 33, 5, '1002', '2018-05-14', '2019-11-14', 2383333.33, 1, NULL, 0.000, NULL, NULL, NULL, NULL),
('TM20180800004', 999, 33, 6, '1001', '2018-05-14', '2019-11-14', 110000000.00, 1, NULL, 0.000, NULL, NULL, NULL, NULL),
('TM20180800005', 999, 34, 1, '1002', '2018-05-18', '2018-09-18', 8666666.67, 100, '2018-09-18', 8666667.000, 'TM201808000052018091834.jpg', 'image/jpeg', 'via BCA ', '2018-09-19 06:05:59'),
('TM20180800005', 999, 34, 2, '1002', '2018-05-18', '2019-01-18', 8666666.67, 100, '2019-01-18', 8666667.000, 'TM201808000052019011834.pdf', 'application/pdf', '', '2019-06-13 15:15:14'),
('TM20180800005', 999, 34, 3, '1002', '2018-05-18', '2019-05-18', 8666666.67, 100, '2019-05-18', 8666667.000, 'TM201808000052019051834.pdf', 'application/pdf', '', '2019-06-13 15:15:51'),
('TM20180800005', 999, 34, 4, '1002', '2018-05-18', '2019-09-18', 8666666.67, 1, NULL, 0.000, NULL, NULL, NULL, NULL),
('TM20180800005', 999, 34, 5, '1002', '2018-05-18', '2019-11-18', 4333333.33, 1, NULL, 0.000, NULL, NULL, NULL, NULL),
('TM20180800005', 999, 34, 6, '1001', '2018-05-18', '2019-11-18', 200000000.00, 1, NULL, 0.000, NULL, NULL, NULL, NULL),
('TM20180800006', 999, 36, 1, '1002', '2018-06-04', '2018-10-04', 1100000.00, 100, '2018-10-04', 1100000.000, 'TM201808000062018100436.pdf', 'application/pdf', 'via bank Mandiri ', '2018-10-06 04:47:10'),
('TM20180800006', 999, 36, 2, '1002', '2018-06-04', '2019-02-04', 1100000.00, 100, '2019-02-04', 1100000.000, 'TM201808000062019020436.pdf', 'application/pdf', '', '2019-06-13 10:39:07'),
('TM20180800006', 999, 36, 3, '1002', '2018-06-04', '2019-06-04', 1100000.00, 100, '2019-05-31', 1100000.000, 'TM201808000062019060436.pdf', 'application/pdf', '', '2019-06-13 10:46:56'),
('TM20180800006', 999, 36, 4, '1002', '2018-06-04', '2019-10-04', 1100000.00, 1, NULL, 0.000, NULL, NULL, NULL, NULL),
('TM20180800006', 999, 36, 5, '1002', '2018-06-04', '2019-12-04', 550000.00, 1, NULL, 0.000, NULL, NULL, NULL, NULL),
('TM20180800006', 999, 36, 6, '1001', '2018-06-04', '2019-12-04', 30000000.00, 1, NULL, 0.000, NULL, NULL, NULL, NULL),
('TM20180800007', 999, 37, 1, '1002', '2018-06-05', '2018-10-05', 333333.33, 100, '2018-10-05', 333333.000, 'TM201808000072018100537.pdf', 'application/pdf', 'via bca ', '2018-10-06 04:47:42'),
('TM20180800007', 999, 37, 2, '1002', '2018-06-05', '2019-02-05', 333333.33, 100, '2019-02-05', 333333.000, 'TM201808000072019020537.pdf', 'application/pdf', '', '2019-06-13 15:29:17'),
('TM20180800007', 999, 37, 3, '1002', '2018-06-05', '2019-06-05', 333333.33, 100, '2019-06-05', 333333.000, 'TM201808000072019060537.pdf', 'application/pdf', '', '2019-06-13 15:29:48'),
('TM20180800007', 999, 37, 4, '1002', '2018-06-05', '2019-10-05', 333333.33, 1, NULL, 0.000, NULL, NULL, NULL, NULL),
('TM20180800007', 999, 37, 5, '1002', '2018-06-05', '2019-12-05', 166666.67, 1, NULL, 0.000, NULL, NULL, NULL, NULL),
('TM20180800007', 999, 37, 6, '1001', '2018-06-05', '2019-12-05', 10000000.00, 1, NULL, 0.000, NULL, NULL, NULL, NULL),
('TM20180800008', 999, 38, 1, '1002', '2018-06-21', '2018-10-21', 2600000.00, 100, '2018-10-22', 2600000.000, 'TM201808000082018102138.jpg', 'image/jpeg', '', '2018-10-22 10:26:35'),
('TM20180800008', 999, 38, 2, '1002', '2018-06-21', '2019-02-21', 2600000.00, 100, '2019-02-21', 2600000.000, 'TM201808000082019022138.pdf', 'application/pdf', '', '2019-06-13 16:28:51'),
('TM20180800008', 999, 38, 3, '1002', '2018-06-21', '2019-06-21', 2600000.00, 1, NULL, 0.000, NULL, NULL, NULL, NULL),
('TM20180800008', 999, 38, 4, '1002', '2018-06-21', '2019-10-21', 2600000.00, 1, NULL, 0.000, NULL, NULL, NULL, NULL),
('TM20180800008', 999, 38, 5, '1002', '2018-06-21', '2019-12-21', 1300000.00, 1, NULL, 0.000, NULL, NULL, NULL, NULL),
('TM20180800008', 999, 38, 6, '1001', '2018-06-21', '2019-12-21', 60000000.00, 1, NULL, 0.000, NULL, NULL, NULL, NULL),
('TM20180800009', 999, 39, 1, '1002', '2018-06-25', '2018-10-25', 4333333.33, 100, '2018-10-25', 4333333.000, 'TM201808000092018102539.jpg', 'image/jpeg', 'MANDIRI ', '2018-10-30 05:00:18'),
('TM20180800009', 999, 39, 2, '1002', '2018-06-25', '2019-02-25', 4333333.33, 100, '2019-02-25', 4333333.000, 'TM201808000092019022539.pdf', 'application/pdf', '', '2019-06-13 16:29:26'),
('TM20180800009', 999, 39, 3, '1002', '2018-06-25', '2019-06-25', 4333333.33, 1, NULL, 0.000, NULL, NULL, NULL, NULL),
('TM20180800009', 999, 39, 4, '1002', '2018-06-25', '2019-10-25', 4333333.33, 1, NULL, 0.000, NULL, NULL, NULL, NULL),
('TM20180800009', 999, 39, 5, '1002', '2018-06-25', '2019-12-25', 2166666.67, 1, NULL, 0.000, NULL, NULL, NULL, NULL),
('TM20180800009', 999, 39, 6, '1001', '2018-06-25', '2019-12-25', 100000000.00, 1, NULL, 0.000, NULL, NULL, NULL, NULL),
('TM20180800010', 999, 40, 1, '1002', '2018-07-05', '2018-11-05', 1100000.00, 100, '2018-11-05', 1100000.000, 'TM201808000102018110540.jpg', 'image/jpeg', 'BCA 5370295770', '2018-11-05 03:01:32'),
('TM20180800010', 999, 40, 2, '1002', '2018-07-05', '2019-03-05', 1100000.00, 100, '2019-03-05', 1100000.000, 'TM201808000102019030540.pdf', 'application/pdf', '', '2019-06-13 18:09:44'),
('TM20180800010', 999, 40, 3, '1002', '2018-07-05', '2019-07-05', 1100000.00, 1, NULL, 0.000, NULL, NULL, NULL, NULL),
('TM20180800010', 999, 40, 4, '1002', '2018-07-05', '2019-11-05', 1100000.00, 1, NULL, 0.000, NULL, NULL, NULL, NULL),
('TM20180800010', 999, 40, 5, '1002', '2018-07-05', '2020-01-05', 550000.00, 1, NULL, 0.000, NULL, NULL, NULL, NULL),
('TM20180800010', 999, 40, 6, '1001', '2018-07-05', '2020-01-05', 30000000.00, 1, NULL, 0.000, NULL, NULL, NULL, NULL),
('TM20180800011', 999, 39, 1, '1002', '2018-07-11', '2018-11-11', 3900000.00, 100, '2018-11-12', 3900000.000, 'TM201808000112018111139.jpg', 'image/jpeg', '', '2018-11-22 08:40:11'),
('TM20180800011', 999, 39, 2, '1002', '2018-07-11', '2019-03-11', 3900000.00, 100, '2019-03-13', 3900000.000, 'TM201808000112019031139.pdf', 'application/pdf', '', '2019-06-13 18:10:22'),
('TM20180800011', 999, 39, 3, '1002', '2018-07-11', '2019-07-11', 3900000.00, 1, NULL, 0.000, NULL, NULL, NULL, NULL),
('TM20180800011', 999, 39, 4, '1002', '2018-07-11', '2019-11-11', 3900000.00, 1, NULL, 0.000, NULL, NULL, NULL, NULL),
('TM20180800011', 999, 39, 5, '1002', '2018-07-11', '2020-01-11', 1950000.00, 1, NULL, 0.000, NULL, NULL, NULL, NULL),
('TM20180800011', 999, 39, 6, '1001', '2018-07-11', '2020-01-11', 90000000.00, 1, NULL, 0.000, NULL, NULL, NULL, NULL),
('TM20180800012', 999, 41, 1, '1002', '2018-07-23', '2018-11-23', 4333333.33, 100, '2018-11-22', 43333333.000, 'TM201808000122018112341.jpg', 'image/jpeg', '', '2018-11-22 09:05:48'),
('TM20180800012', 999, 41, 2, '1002', '2018-07-23', '2019-03-23', 4333333.33, 100, '2019-03-25', 4333333.000, 'TM201808000122019032341.pdf', 'application/pdf', '', '2019-06-13 18:11:00'),
('TM20180800012', 999, 41, 3, '1002', '2018-07-23', '2019-07-23', 4333333.33, 1, NULL, 0.000, NULL, NULL, NULL, NULL),
('TM20180800012', 999, 41, 4, '1002', '2018-07-23', '2019-11-23', 4333333.33, 1, NULL, 0.000, NULL, NULL, NULL, NULL),
('TM20180800012', 999, 41, 5, '1002', '2018-07-23', '2020-01-23', 2166666.67, 1, NULL, 0.000, NULL, NULL, NULL, NULL),
('TM20180800012', 999, 41, 6, '1001', '2018-07-23', '2020-01-23', 100000000.00, 1, NULL, 0.000, NULL, NULL, NULL, NULL),
('TM20180800013', 999, 42, 1, '1002', '2018-07-11', '2018-11-11', 953333.33, -1, NULL, 0.000, NULL, NULL, NULL, NULL),
('TM20180800013', 999, 42, 2, '1002', '2018-07-11', '2019-03-11', 953333.33, -1, NULL, 0.000, NULL, NULL, NULL, NULL),
('TM20180800013', 999, 42, 3, '1002', '2018-07-11', '2019-07-11', 953333.33, -1, NULL, 0.000, NULL, NULL, NULL, NULL),
('TM20180800013', 999, 42, 4, '1002', '2018-07-11', '2019-11-11', 953333.33, -1, NULL, 0.000, NULL, NULL, NULL, NULL),
('TM20180800013', 999, 42, 5, '1002', '2018-07-11', '2020-01-11', 476666.67, -1, NULL, 0.000, NULL, NULL, NULL, NULL),
('TM20180800013', 999, 42, 6, '1001', '2018-07-11', '2020-01-11', 26000000.00, -1, NULL, 0.000, NULL, NULL, NULL, NULL),
('TM20180800014', 999, 43, 1, '1002', '2018-07-25', '2018-11-25', 2296666.67, 100, '2018-11-24', 2296667.000, 'TM201808000142018112543.jpg', 'image/jpeg', '', '2018-11-24 02:37:12'),
('TM20180800014', 999, 43, 2, '1002', '2018-07-25', '2019-03-25', 2296666.67, 100, '2019-03-25', 2296667.000, 'TM201808000142019032543.pdf', 'application/pdf', '', '2019-06-13 18:13:35'),
('TM20180800014', 999, 43, 3, '1002', '2018-07-25', '2019-07-25', 2296666.67, 1, NULL, 0.000, NULL, NULL, NULL, NULL),
('TM20180800014', 999, 43, 4, '1002', '2018-07-25', '2019-11-25', 2296666.67, 1, NULL, 0.000, NULL, NULL, NULL, NULL),
('TM20180800014', 999, 43, 5, '1002', '2018-07-25', '2020-01-25', 1148333.33, 1, NULL, 0.000, NULL, NULL, NULL, NULL),
('TM20180800014', 999, 43, 6, '1001', '2018-07-25', '2020-01-25', 53000000.00, 1, NULL, 0.000, NULL, NULL, NULL, NULL),
('TM20180800015', 999, 42, 1, '1002', '2018-07-25', '2018-11-25', 1126666.67, -1, NULL, 0.000, NULL, NULL, NULL, NULL),
('TM20180800015', 999, 42, 2, '1002', '2018-07-25', '2019-03-25', 1126666.67, -1, NULL, 0.000, NULL, NULL, NULL, NULL),
('TM20180800015', 999, 42, 3, '1002', '2018-07-25', '2019-07-25', 1126666.67, -1, NULL, 0.000, NULL, NULL, NULL, NULL),
('TM20180800015', 999, 42, 4, '1002', '2018-07-25', '2019-11-25', 1126666.67, -1, NULL, 0.000, NULL, NULL, NULL, NULL),
('TM20180800015', 999, 42, 5, '1002', '2018-07-25', '2020-01-25', 563333.33, -1, NULL, 0.000, NULL, NULL, NULL, NULL),
('TM20180800015', 999, 42, 6, '1001', '2018-07-25', '2020-01-25', 26000000.00, -1, NULL, 0.000, NULL, NULL, NULL, NULL),
('TR20180800001', 18, 45, 1, '1002', '2018-08-30', '2018-12-30', 333333.33, 0, NULL, 0.000, NULL, NULL, NULL, NULL),
('TR20180800001', 18, 45, 2, '1002', '2018-08-30', '2019-04-30', 333333.33, 0, NULL, 0.000, NULL, NULL, NULL, NULL),
('TR20180800001', 18, 45, 3, '1002', '2018-08-30', '2019-08-30', 333333.33, 0, NULL, 0.000, NULL, NULL, NULL, NULL),
('TR20180800001', 18, 45, 4, '1001', '2018-08-30', '2019-08-30', 10000000.00, 0, NULL, 0.000, NULL, NULL, NULL, NULL),
('TR20180800002', 18, 45, 1, '1002', '2018-08-30', '2018-12-30', 166666.67, 0, NULL, 0.000, NULL, NULL, NULL, NULL),
('TR20180800002', 18, 45, 2, '1002', '2018-08-30', '2019-04-30', 166666.67, 0, NULL, 0.000, NULL, NULL, NULL, NULL),
('TR20180800002', 18, 45, 3, '1002', '2018-08-30', '2019-08-30', 166666.67, 0, NULL, 0.000, NULL, NULL, NULL, NULL),
('TR20180800002', 18, 45, 4, '1001', '2018-08-30', '2019-08-30', 5000000.00, 0, NULL, 0.000, NULL, NULL, NULL, NULL),
('TR20180800003', 18, 7, 1, '1002', '2018-08-31', '2018-12-31', 1100000.00, 0, NULL, 0.000, NULL, NULL, NULL, NULL),
('TR20180800003', 18, 7, 2, '1002', '2018-08-31', '2019-05-01', 1100000.00, 0, NULL, 0.000, NULL, NULL, NULL, NULL),
('TR20180800003', 18, 7, 3, '1002', '2018-08-31', '2019-08-31', 1100000.00, 0, NULL, 0.000, NULL, NULL, NULL, NULL),
('TR20180800003', 18, 7, 4, '1001', '2018-08-31', '2019-08-31', 30000000.00, 0, NULL, 0.000, NULL, NULL, NULL, NULL),
('TR20180800005', 18, 7, 1, '1002', '2018-08-31', '2018-12-31', 500000.00, 0, NULL, 0.000, NULL, NULL, NULL, NULL),
('TR20180800005', 18, 7, 2, '1002', '2018-08-31', '2019-05-01', 500000.00, 0, NULL, 0.000, NULL, NULL, NULL, NULL),
('TR20180800005', 18, 7, 3, '1002', '2018-08-31', '2019-08-31', 500000.00, 0, NULL, 0.000, NULL, NULL, NULL, NULL),
('TR20180800005', 18, 7, 4, '1001', '2018-08-31', '2019-08-31', 15000000.00, 0, NULL, 0.000, NULL, NULL, NULL, NULL),
('TM20181000001', 999, 42, 1, '1002', '2018-07-25', '2018-11-25', 953333.33, 100, '2018-11-24', 953333.000, 'TM201810000012018112542.jpg', 'image/jpeg', '', '2018-11-24 02:37:49'),
('TM20181000001', 999, 42, 2, '1002', '2018-07-25', '2019-03-25', 953333.33, 100, '2019-03-25', 953333.000, 'TM201810000012019032542.pdf', 'application/pdf', '', '2019-06-13 18:14:17'),
('TM20181000001', 999, 42, 3, '1002', '2018-07-25', '2019-07-25', 953333.33, 1, NULL, 0.000, NULL, NULL, NULL, NULL),
('TM20181000001', 999, 42, 4, '1002', '2018-07-25', '2019-08-25', 238333.33, 1, NULL, 0.000, NULL, NULL, NULL, NULL),
('TM20181000001', 999, 42, 5, '1001', '2018-07-25', '2019-08-25', 26000000.00, 1, NULL, 0.000, NULL, NULL, NULL, NULL),
('TM20181000002', 999, 48, 1, '1002', '2018-08-01', '2018-12-01', 2600000.00, 100, '2018-11-24', 2600000.000, 'TM201810000022018120148.jpg', 'image/jpeg', 'ditransfer tgl 30 nov ', '2018-11-24 02:39:35'),
('TM20181000002', 999, 48, 2, '1002', '2018-08-01', '2019-04-01', 2600000.00, 100, '2019-04-01', 2600000.000, 'TM201810000022019040148.pdf', 'application/pdf', '', '2019-06-13 18:38:37'),
('TM20181000002', 999, 48, 3, '1002', '2018-08-01', '2019-08-01', 2600000.00, 1, NULL, 0.000, NULL, NULL, NULL, NULL),
('TM20181000002', 999, 48, 4, '1002', '2018-08-01', '2019-09-01', 650000.00, 1, NULL, 0.000, NULL, NULL, NULL, NULL),
('TM20181000002', 999, 48, 5, '1001', '2018-08-01', '2019-09-01', 60000000.00, 1, NULL, 0.000, NULL, NULL, NULL, NULL),
('TM20181000003', 999, 49, 1, '1002', '2018-08-21', '2018-12-21', 3683333.33, 100, '2018-12-21', 3683333.000, 'TM201810000032018122149.jpg', 'image/jpeg', '', '2018-12-22 03:12:16'),
('TM20181000003', 999, 49, 2, '1002', '2018-08-21', '2019-04-21', 3683333.33, 100, '2019-04-21', 6500000.000, 'TM201810000032019042149.pdf', 'application/pdf', '', '2019-06-13 18:39:40'),
('TM20181000003', 999, 49, 3, '1002', '2018-08-21', '2019-08-21', 3683333.33, 1, NULL, 0.000, NULL, NULL, NULL, NULL),
('TM20181000003', 999, 49, 4, '1002', '2018-08-21', '2019-09-21', 920833.33, 1, NULL, 0.000, NULL, NULL, NULL, NULL),
('TM20181000003', 999, 49, 5, '1001', '2018-08-21', '2019-09-21', 85000000.00, 1, NULL, 0.000, NULL, NULL, NULL, NULL),
('TM20181000004', 999, 46, 1, '1002', '2018-08-24', '2018-12-24', 6500000.00, 100, '2018-12-21', 6500000.000, 'TM201810000042018122446.jpg', 'image/jpeg', 'jatuh tempo 24 des ', '2018-12-22 03:12:58'),
('TM20181000004', 999, 46, 2, '1002', '2018-08-24', '2019-04-24', 6500000.00, 100, '2019-04-24', 6500000.000, 'TM201810000042019042446.pdf', 'application/pdf', '', '2019-06-13 18:40:20'),
('TM20181000004', 999, 46, 3, '1002', '2018-08-24', '2019-08-24', 6500000.00, 1, NULL, 0.000, NULL, NULL, NULL, NULL),
('TM20181000004', 999, 46, 4, '1002', '2018-08-24', '2019-09-24', 1625000.00, 1, NULL, 0.000, NULL, NULL, NULL, NULL),
('TM20181000004', 999, 46, 5, '1001', '2018-08-24', '2019-09-24', 150000000.00, 1, NULL, 0.000, NULL, NULL, NULL, NULL),
('TM20181000005', 999, 47, 1, '1002', '2018-08-31', '2018-12-31', 375000000.00, 1, NULL, 0.000, NULL, NULL, NULL, NULL),
('TM20181000005', 999, 47, 2, '1002', '2018-08-31', '2019-05-01', 375000000.00, 1, NULL, 0.000, NULL, NULL, NULL, NULL),
('TM20181000005', 999, 47, 3, '1002', '2018-08-31', '2019-08-31', 375000000.00, 1, NULL, 0.000, NULL, NULL, NULL, NULL),
('TM20181000005', 999, 47, 4, '1001', '2018-08-31', '2019-08-31', 7500000000.00, 1, NULL, 0.000, NULL, NULL, NULL, NULL),
('TM20181200001', 999, 50, 1, '1002', '2018-10-01', '2019-02-01', 8666666.67, 100, '2019-02-01', 8666667.000, 'TM201812000012019020150.pdf', 'application/pdf', '', '2019-06-13 10:51:20'),
('TM20181200001', 999, 50, 2, '1002', '2018-10-01', '2019-06-01', 8666666.67, 100, '2019-05-31', 8666667.000, 'TM201812000012019060150.pdf', 'application/pdf', '', '2019-06-13 10:51:46'),
('TM20181200001', 999, 50, 3, '1002', '2018-10-01', '2019-10-01', 8666666.67, 1, NULL, 0.000, NULL, NULL, NULL, NULL),
('TM20181200001', 999, 50, 4, '1001', '2018-10-01', '2019-10-01', 200000000.00, 1, NULL, 0.000, NULL, NULL, NULL, NULL),
('TM20181200002', 999, 51, 1, '1002', '2018-10-04', '2019-02-04', 4333333.33, 100, '2019-02-04', 4333333.000, 'TM201812000022019020451.pdf', 'application/pdf', '', '2019-06-13 10:37:55'),
('TM20181200002', 999, 51, 2, '1002', '2018-10-04', '2019-06-04', 4333333.33, 100, '2019-06-04', 4333.000, 'TM201812000022019060451.pdf', 'application/pdf', '', '2019-06-13 10:30:25'),
('TM20181200002', 999, 51, 3, '1002', '2018-10-04', '2019-10-04', 4333333.33, 1, NULL, 0.000, NULL, NULL, NULL, NULL),
('TM20181200002', 999, 51, 4, '1001', '2018-10-04', '2019-10-04', 100000000.00, 1, NULL, 0.000, NULL, NULL, NULL, NULL),
('TM20181200003', 999, 52, 1, '1002', '2018-10-08', '2019-02-08', 333333.33, 100, '2019-02-08', 333333.000, 'TM201812000032019020852.pdf', 'application/pdf', '', '2019-06-13 19:18:02'),
('TM20181200003', 999, 52, 2, '1002', '2018-10-08', '2019-06-08', 333333.33, 100, '2019-06-08', 333333.000, 'TM201812000032019060852.pdf', 'application/pdf', '', '2019-06-13 19:18:58'),
('TM20181200003', 999, 52, 3, '1002', '2018-10-08', '2019-10-08', 333333.33, 1, NULL, 0.000, NULL, NULL, NULL, NULL),
('TM20181200003', 999, 52, 4, '1001', '2018-10-08', '2019-10-08', 10000000.00, 1, NULL, 0.000, NULL, NULL, NULL, NULL),
('TM20181200004', 999, 53, 1, '1002', '2018-10-09', '2019-02-09', 666666.67, 100, '2019-02-09', 666667.000, 'TM201812000042019020953.pdf', 'application/pdf', '', '2019-06-13 19:25:55'),
('TM20181200004', 999, 53, 2, '1002', '2018-10-09', '2019-06-09', 666666.67, 100, '2019-06-09', 666667.000, 'TM201812000042019060953.pdf', 'application/pdf', '', '2019-06-13 19:26:36'),
('TM20181200004', 999, 53, 3, '1002', '2018-10-09', '2019-10-09', 666666.67, 1, NULL, 0.000, NULL, NULL, NULL, NULL),
('TM20181200004', 999, 53, 4, '1001', '2018-10-09', '2019-10-09', 20000000.00, 1, NULL, 0.000, NULL, NULL, NULL, NULL),
('TM20181200005', 999, 54, 1, '1002', '2018-10-18', '2019-02-18', 21666666.67, 100, '2019-02-18', 21666667.000, 'TM201812000052019021854.pdf', 'application/pdf', '', '2019-06-13 19:27:41'),
('TM20181200005', 999, 54, 2, '1002', '2018-10-18', '2019-06-18', 21666666.67, 100, '2019-06-19', 21666667.000, 'TM201812000052019061854.pdf', 'application/pdf', '', '2019-06-19 09:59:14'),
('TM20181200005', 999, 54, 3, '1002', '2018-10-18', '2019-10-18', 21666666.67, 1, NULL, 0.000, NULL, NULL, NULL, NULL),
('TM20181200005', 999, 54, 4, '1001', '2018-10-18', '2019-10-18', 500000000.00, 1, NULL, 0.000, NULL, NULL, NULL, NULL),
('TM20181200006', 999, 37, 1, '1002', '2018-11-01', '2019-03-01', 333333.33, 100, '2019-03-01', 333333.000, 'TM201812000062019030137.pdf', 'application/pdf', '', '2019-06-13 19:28:31'),
('TM20181200006', 999, 37, 2, '1002', '2018-11-01', '2019-07-01', 333333.33, 1, NULL, 0.000, NULL, NULL, NULL, NULL),
('TM20181200006', 999, 37, 3, '1002', '2018-11-01', '2019-11-01', 333333.33, 1, NULL, 0.000, NULL, NULL, NULL, NULL),
('TM20181200006', 999, 37, 4, '1001', '2018-11-01', '2019-11-01', 10000000.00, 1, NULL, 0.000, NULL, NULL, NULL, NULL),
('TM20181200007', 999, 55, 1, '1002', '2018-11-07', '2019-03-07', 4333333.33, 100, '2019-03-07', 4333333.000, 'TM201812000072019030755.pdf', 'application/pdf', '', '2019-06-13 19:29:21'),
('TM20181200007', 999, 55, 2, '1002', '2018-11-07', '2019-07-07', 4333333.33, 1, NULL, 0.000, NULL, NULL, NULL, NULL),
('TM20181200007', 999, 55, 3, '1002', '2018-11-07', '2019-11-07', 4333333.33, 1, NULL, 0.000, NULL, NULL, NULL, NULL),
('TM20181200007', 999, 55, 4, '1001', '2018-11-07', '2019-11-07', 100000000.00, 1, NULL, 0.000, NULL, NULL, NULL, NULL),
('TM20181200008', 999, 56, 1, '1002', '2018-11-07', '2019-03-07', 4333333.33, 100, '2019-03-07', 4333333.000, 'TM201812000082019030756.pdf', 'application/pdf', '', '2019-06-13 19:30:11'),
('TM20181200008', 999, 56, 2, '1002', '2018-11-07', '2019-07-07', 4333333.33, 1, NULL, 0.000, NULL, NULL, NULL, NULL),
('TM20181200008', 999, 56, 3, '1002', '2018-11-07', '2019-11-07', 4333333.33, 1, NULL, 0.000, NULL, NULL, NULL, NULL),
('TM20181200008', 999, 56, 4, '1001', '2018-11-07', '2019-11-07', 100000000.00, 1, NULL, 0.000, NULL, NULL, NULL, NULL),
('TM20181200009', 999, 57, 1, '1002', '2018-11-07', '2019-03-07', 4333333.33, 100, '2019-03-07', 4333333.000, 'TM201812000092019030757.pdf', 'application/pdf', '', '2019-06-13 19:30:52'),
('TM20181200009', 999, 57, 2, '1002', '2018-11-07', '2019-07-07', 4333333.33, 1, NULL, 0.000, NULL, NULL, NULL, NULL),
('TM20181200009', 999, 57, 3, '1002', '2018-11-07', '2019-11-07', 4333333.33, 1, NULL, 0.000, NULL, NULL, NULL, NULL),
('TM20181200009', 999, 57, 4, '1001', '2018-11-07', '2019-11-07', 100000000.00, 1, NULL, 0.000, NULL, NULL, NULL, NULL),
('TM20181200010', 999, 39, 1, '1002', '2018-11-07', '2019-03-07', 9999999999999.99, 1, NULL, 0.000, NULL, NULL, NULL, NULL),
('TM20181200010', 999, 39, 2, '1002', '2018-11-07', '2019-07-07', 9999999999999.99, 1, NULL, 0.000, NULL, NULL, NULL, NULL),
('TM20181200010', 999, 39, 3, '1002', '2018-11-07', '2019-11-07', 9999999999999.99, 1, NULL, 0.000, NULL, NULL, NULL, NULL),
('TM20181200010', 999, 39, 4, '1001', '2018-11-07', '2019-11-07', 100000000.00, 1, NULL, 0.000, NULL, NULL, NULL, NULL),
('TM20181200011', 999, 39, 1, '1002', '2018-11-07', '2019-03-07', 4333333.33, 100, '2019-03-07', 4333333.000, 'TM201812000112019030739.pdf', 'application/pdf', '', '2019-06-13 19:31:44'),
('TM20181200011', 999, 39, 2, '1002', '2018-11-07', '2019-07-07', 4333333.33, 1, NULL, 0.000, NULL, NULL, NULL, NULL),
('TM20181200011', 999, 39, 3, '1002', '2018-11-07', '2019-11-07', 4333333.33, 1, NULL, 0.000, NULL, NULL, NULL, NULL),
('TM20181200011', 999, 39, 4, '1001', '2018-11-07', '2019-11-07', 100000000.00, 1, NULL, 0.000, NULL, NULL, NULL, NULL),
('TM20181200012', 999, 58, 1, '1002', '2018-11-15', '2019-03-15', 2275000.00, 100, '2019-04-15', 2275000.000, 'TM201812000122019031558.pdf', 'application/pdf', '', '2019-06-13 19:32:33'),
('TM20181200012', 999, 58, 2, '1002', '2018-11-15', '2019-07-15', 2275000.00, 1, NULL, 0.000, NULL, NULL, NULL, NULL),
('TM20181200012', 999, 58, 3, '1002', '2018-11-15', '2019-11-15', 2275000.00, 1, NULL, 0.000, NULL, NULL, NULL, NULL),
('TM20181200012', 999, 58, 4, '1001', '2018-11-15', '2019-11-15', 52500000.00, 1, NULL, 0.000, NULL, NULL, NULL, NULL);

-- --------------------------------------------------------

--
-- Table structure for table `tp_sp`
--

CREATE TABLE `tp_sp` (
  `sp_id` varchar(21) NOT NULL,
  `sp_date` date DEFAULT NULL,
  `sp_ref` varchar(30) DEFAULT NULL,
  `payment_type_id` varchar(50) DEFAULT NULL,
  `customer_id` int(11) NOT NULL DEFAULT 0,
  `currency_id` char(10) DEFAULT NULL,
  `bank_id` varchar(21) DEFAULT NULL,
  `bank_info_1` varchar(50) DEFAULT NULL,
  `bank_info_2` varchar(50) DEFAULT NULL,
  `bank_info_3` varchar(50) DEFAULT NULL,
  `bank_date` date DEFAULT NULL,
  `remark` varchar(100) DEFAULT NULL,
  `bank_fee` double(15,2) NOT NULL DEFAULT 0.00,
  `is_add_to_coh` smallint(6) NOT NULL DEFAULT 0,
  `status` smallint(6) NOT NULL DEFAULT 1,
  `user_etr` varchar(21) DEFAULT NULL,
  `dt_etr` datetime DEFAULT NULL,
  `sp_type` smallint(6) NOT NULL DEFAULT 0
) ENGINE=MyISAM DEFAULT CHARSET=latin1;

--
-- Dumping data for table `tp_sp`
--

INSERT INTO `tp_sp` (`sp_id`, `sp_date`, `sp_ref`, `payment_type_id`, `customer_id`, `currency_id`, `bank_id`, `bank_info_1`, `bank_info_2`, `bank_info_3`, `bank_date`, `remark`, `bank_fee`, `is_add_to_coh`, `status`, `user_etr`, `dt_etr`, `sp_type`) VALUES
('TR20180500001', '2018-05-25', NULL, '0001', 7, 'IDR', 'bca', 'e53fb3c1-bcb8-4046-a526-9cd0ad644f91', '', '', '2018-05-25', '', 0.00, 0, 1, NULL, NULL, 0),
('TR20180500015', '2018-05-28', NULL, '0001', 7, 'IDR', 'bca', '6b788ea6-8098-4f70-9f06-16a40507d53a', '', '', '2018-05-28', '', 0.00, 0, 1, NULL, NULL, 0),
('TR20180500016', '2018-05-28', NULL, '0001', 7, 'IDR', 'bca', '88e75e61-d09b-47b9-bc4e-3207a3fa7d3b', '', '', '2018-05-28', '', 0.00, 0, 1, NULL, NULL, 0),
('TR20180500014', '2018-05-28', NULL, '0001', 7, 'IDR', 'bca', 'dedd0a7a-b99e-489a-a1b7-01536ee97f39', '', '', '2018-05-28', '', 0.00, 0, 1, NULL, NULL, 0),
('SP20180600001', '2018-05-28', NULL, '0001', 7, 'IDR', 'bca', 'd377c3b8-730c-4055-8baa-0e7c19be41a8', '', '', '2018-05-28', '', 0.00, 0, 1, NULL, NULL, 0),
('SP20180600002', '2018-06-06', NULL, '0001', 7, 'IDR', 'bca', 'a99ff1d9-e2fa-4984-8690-0e9266d9e958', '', '', '2018-06-06', '', 0.00, 0, 1, NULL, NULL, 0),
('SP20180600003', '2018-06-06', NULL, '0001', 7, 'IDR', 'bca', 'a99ff1d9-e2fa-4984-8690-0e9266d9e958', '', '', '2018-06-06', '', 0.00, 0, 1, NULL, NULL, 0),
('SP20180600004', '2018-06-06', NULL, '0001', 7, 'IDR', 'bca', 'a99ff1d9-e2fa-4984-8690-0e9266d9e958', '', '', '2018-06-06', '', 0.00, 0, 1, NULL, NULL, 0),
('SP20180600005', '2018-06-06', '', '0001', 7, 'IDR', 'bca', 'a99ff1d9-e2fa-4984-8690-0e9266d9e958', '', '', '2018-06-06', '', 0.00, 0, 1, NULL, NULL, 0),
('SP20180600006', '2018-06-06', '', '0001', 7, 'IDR', 'bca', 'a99ff1d9-e2fa-4984-8690-0e9266d9e958', '', '', '2018-06-06', '', 0.00, 0, 1, NULL, NULL, 0),
('SP20180600007', '2018-06-06', '', '0001', 7, 'IDR', 'bca', 'a99ff1d9-e2fa-4984-8690-0e9266d9e958', '', '', '2018-06-06', '', 0.00, 0, 1, NULL, NULL, 0),
('SP20180600008', '2018-06-06', '', '0001', 7, 'IDR', 'bca', 'a99ff1d9-e2fa-4984-8690-0e9266d9e958', '', '', '2018-06-06', '', 0.00, 0, 1, NULL, NULL, 0),
('SP20180600009', '2018-06-06', '', '0001', 7, 'IDR', 'bca', 'a99ff1d9-e2fa-4984-8690-0e9266d9e958', '', '', '2018-06-06', '', 0.00, 0, 1, NULL, NULL, 0),
('SP20180600010', '2018-06-06', '', '0001', 7, 'IDR', 'bca', 'a99ff1d9-e2fa-4984-8690-0e9266d9e958', '', '', '2018-06-06', '', 0.00, 0, 1, NULL, NULL, 0),
('SP20180600011', '2018-06-06', '', '0001', 7, 'IDR', 'bca', 'a99ff1d9-e2fa-4984-8690-0e9266d9e958', '', '', '2018-06-06', '', 0.00, 0, 1, NULL, NULL, 0),
('SP20180600012', '2018-06-06', '', '0001', 7, 'IDR', 'bca', 'a99ff1d9-e2fa-4984-8690-0e9266d9e958', '', '', '2018-06-06', '', 0.00, 0, 1, NULL, NULL, 0),
('SP20180600013', '2018-06-07', '', '0001', 7, 'IDR', 'bca', '49a00630-cbc1-48b0-896b-c0348a019d35', '', '', '2018-06-07', '', 0.00, 0, 1, NULL, NULL, 0),
('SP20180600014', '2018-06-07', '', '0001', 7, 'IDR', 'bca', '49a00630-cbc1-48b0-896b-c0348a019d35', '', '', '2018-06-07', '', 0.00, 0, 1, NULL, NULL, 0),
('SP20180600015', '2018-06-07', '', '0001', 7, 'IDR', 'bca', '2cc4ad6a-a5c5-476d-aa28-b686d3805043 ', '', '', '2018-06-07', '', 0.00, 0, 1, NULL, NULL, 0),
('SP20180600016', '2018-06-07', '', '0001', 7, 'IDR', 'bca', '80735fc1-4212-44b6-8831-e24056af2496', '', '', '2018-06-07', '', 0.00, 0, 1, NULL, NULL, 0),
('SP20180600017', '2018-06-07', '', '0001', 7, 'IDR', 'bca', '80735fc1-4212-44b6-8831-e24056af2496', '', '', '2018-06-07', '', 0.00, 0, 1, NULL, NULL, 0),
('SP20180600018', '2018-06-07', '', '0001', 7, 'IDR', 'bca', '80735fc1-4212-44b6-8831-e24056af2496', '', '', '2018-06-07', '', 0.00, 0, 1, NULL, NULL, 0),
('SP20180700001', '2018-07-24', '', 'bank_transfer', 32, 'IDR', '', '3add96d0-36ce-4e96-910d-b5cddb942582', '', '', '2018-07-24', '', 0.00, 0, 1, NULL, NULL, 0),
('SP20180700002', '2018-07-27', '', 'bank_transfer', 32, 'IDR', '', '9da67514-20ea-43f1-afa9-b73e38dc6951', '', '', '2018-07-27', '', 0.00, 0, 1, NULL, NULL, 0),
('SP20180700003', '2018-07-27', '', 'bank_transfer', 32, 'IDR', '', '3ee54e6a-2773-4421-acf1-a8c6377148ce', '', '', '2018-07-27', '', 0.00, 0, 1, NULL, NULL, 0),
('SP20180700004', '2018-07-27', '', 'credit_card', 32, 'IDR', 'bni', '7f392c0d-8d46-4a39-85db-ac70005b70b2', '', '', '2018-07-27', '', 0.00, 0, 1, NULL, NULL, 0),
('SP20180700005', '2018-07-30', '', 'credit_card', 32, 'IDR', 'bni', 'a8413b30-a1a9-4b47-9448-cf991566bf28', '', '', '2018-07-30', '', 0.00, 0, 1, NULL, NULL, 0),
('SP20180700006', '2018-07-30', '', 'credit_card', 32, 'IDR', 'bni', '532f4c91-9755-463d-9145-f68d4b4d7639', '', '', '2018-07-30', '', 0.00, 0, 1, NULL, NULL, 0),
('SP20180700007', '2018-07-30', '', 'credit_card', 32, 'IDR', 'bni', '380a2d83-7f7c-4f64-9924-e9e2f32564d2', '', '', '2018-07-30', '', 0.00, 0, 1, NULL, NULL, 0),
('SP20180700008', '2018-07-30', '', 'credit_card', 32, 'IDR', 'bni', 'b387ea4f-f1b4-47a3-a7aa-202786b6cd08', '', '', '2018-07-30', '', 0.00, 0, 1, NULL, NULL, 0),
('SP20180700009', '2018-07-30', '', 'credit_card', 32, 'IDR', 'bni', '294e7f12-b402-4315-a6e6-eb56838cd866', '', '', '2018-07-30', '', 0.00, 0, 1, NULL, NULL, 0),
('SP20180700010', '2018-07-30', '', 'credit_card', 32, 'IDR', 'bni', '28a03cc3-2a97-4c71-a73d-42e45b8f659b', '', '', '2018-07-30', '', 0.00, 0, 1, NULL, NULL, 0),
('SP20180700011', '2018-07-30', '', 'credit_card', 32, 'IDR', 'bni', '71318207-5c90-42d7-b10c-83ad4e803834', '', '', '2018-07-30', '', 0.00, 0, 1, NULL, NULL, 0),
('SP20180700012', '2018-07-30', '', 'credit_card', 33, 'IDR', 'bni', 'e47cd837-d09f-43a5-8f39-e5ad9975c8fd', '', '', '2018-07-30', '', 0.00, 0, 1, NULL, NULL, 0),
('SP20180700013', '2018-07-30', '', 'credit_card', 33, 'IDR', 'bni', '2467f79a-227a-49bd-bf53-61a58b70a7b0', '', '', '2018-07-30', '', 0.00, 0, 1, NULL, NULL, 0),
('SP20180700014', '2018-07-30', '', 'credit_card', 33, 'IDR', 'bni', '5438de4b-df19-458e-8d26-7ca75282fcc0', '', '', '2018-07-30', '', 0.00, 0, 1, NULL, NULL, 0),
('SP20180700015', '2018-07-30', '', 'credit_card', 33, 'IDR', 'bni', '5a8a998b-81f6-4881-8110-4b6f246007db', '', '', '2018-07-30', '', 0.00, 0, 1, NULL, NULL, 0),
('SP20180700016', '2018-07-30', '', 'credit_card', 33, 'IDR', 'bni', '82732f30-7f86-4d60-afab-72c007aaddd4', '', '', '2018-07-30', '', 0.00, 0, 1, NULL, NULL, 0),
('SP20180700017', '2018-07-30', '', 'credit_card', 33, 'IDR', 'bni', 'ce8f2dea-e901-4515-aebe-3a4d6ce6242c', '', '', '2018-07-30', '', 0.00, 0, 1, NULL, NULL, 0),
('SP20180700018', '2018-07-30', '', 'credit_card', 33, 'IDR', 'bni', '62eb5896-1950-4c7d-89f8-43c5148af515', '', '', '2018-07-30', '', 0.00, 0, 1, NULL, NULL, 0),
('SP20180700019', '2018-07-30', '', 'credit_card', 33, 'IDR', 'bni', '557057c3-2021-4509-91f9-957dd42398f9', '', '', '2018-07-30', '', 0.00, 0, 1, NULL, NULL, 0),
('SP20180700020', '2018-07-30', '', 'credit_card', 33, 'IDR', 'mandiri', '8b924566-ccd4-40d3-a6bc-5788759d9d38', '', '', '2018-07-30', '', 0.00, 0, 1, NULL, NULL, 0),
('SP20180700021', '2018-07-30', '', 'credit_card', 34, 'IDR', 'bni', 'd0e6f6ac-ab35-4a73-a691-b9dcadc17075', '', '', '2018-07-30', '', 0.00, 0, 1, NULL, NULL, 0),
('SP20180700022', '2018-07-30', '', 'credit_card', 34, 'IDR', 'bni', '55be3ebb-e67e-46ac-a0d7-cfbc46a3288e', '', '', '2018-07-30', '', 0.00, 0, 1, NULL, NULL, 0),
('SP20180700023', '2018-07-30', '', 'credit_card', 34, 'IDR', 'bni', '93cec8b8-b8cf-4a2b-bf26-95a80a4a2a1d', '', '', '2018-07-30', '', 0.00, 0, 1, NULL, NULL, 0),
('SP20180700024', '2018-07-30', '', 'credit_card', 34, 'IDR', 'bni', '61e82827-499e-4497-89bd-013ee6d17b3b', '', '', '2018-07-30', '', 0.00, 0, 1, NULL, NULL, 0),
('SP20180700025', '2018-07-30', '', 'credit_card', 34, 'IDR', 'bni', 'ff0422f2-385e-497e-867d-fdc58cd2253f', '', '', '2018-07-30', '', 0.00, 0, 1, NULL, NULL, 0),
('SP20180700026', '2018-07-30', '', 'credit_card', 34, 'IDR', 'bni', '80bad40a-7b8b-4b49-b30f-209b03962160', '', '', '2018-07-30', '', 0.00, 0, 1, NULL, NULL, 0),
('SP20180700027', '2018-07-30', '', 'credit_card', 35, 'IDR', 'bni', 'd4106b15-8407-4d40-901b-95f370fbd78c', '', '', '2018-07-30', '', 0.00, 0, 1, NULL, NULL, 0),
('SP20180700028', '2018-07-30', '', 'credit_card', 36, 'IDR', 'bni', '9935b971-e0e8-420f-a80b-348ccf41c041', '', '', '2018-07-30', '', 0.00, 0, 1, NULL, NULL, 0),
('SP20180700029', '2018-07-30', '', 'credit_card', 37, 'IDR', 'bni', 'b0318385-ac67-4d7a-8505-0c7fdafe3b90', '', '', '2018-07-30', '', 0.00, 0, 1, NULL, NULL, 0),
('SP20180700030', '2018-07-30', '', 'credit_card', 38, 'IDR', 'bni', 'e11549e1-b206-4254-8d75-7cae0448d195', '', '', '2018-07-30', '', 0.00, 0, 1, NULL, NULL, 0),
('SP20180700031', '2018-07-30', '', 'credit_card', 38, 'IDR', 'bni', '4e58e4da-760c-4640-97ed-52839f0d3146', '', '', '2018-07-30', '', 0.00, 0, 1, NULL, NULL, 0),
('SP20180700032', '2018-07-30', '', 'credit_card', 39, 'IDR', 'bni', 'c51e6538-82e3-4b40-9de3-ac220e86fe2e', '', '', '2018-07-30', '', 0.00, 0, 1, NULL, NULL, 0),
('SP20180700033', '2018-07-30', '', 'credit_card', 39, 'IDR', 'bni', 'c3f90dc0-ae40-4930-a418-b709f09129cb', '', '', '2018-07-30', '', 0.00, 0, 1, NULL, NULL, 0),
('SP20180700034', '2018-07-30', '', 'credit_card', 39, 'IDR', 'bni', 'b441ad5a-da89-4a2f-8e7c-f8a286213547', '', '', '2018-07-30', '', 0.00, 0, 1, NULL, NULL, 0),
('SP20180700035', '2018-07-30', '', 'credit_card', 40, 'IDR', 'bni', '82e2e573-f1cb-4f31-a1bc-64ff049d5d86', '', '', '2018-07-30', '', 0.00, 0, 1, NULL, NULL, 0),
('SP20180700036', '2018-07-30', '', 'credit_card', 41, 'IDR', 'bni', '10afa7f2-85ea-4bc8-bc19-80651b904e12', '', '', '2018-07-30', '', 0.00, 0, 1, NULL, NULL, 0),
('SP20180700037', '2018-07-30', '', 'credit_card', 41, 'IDR', 'bni', '7efae11f-1e06-4c77-9f46-8192ea7932c1', '', '', '2018-07-30', '', 0.00, 0, 1, NULL, NULL, 0),
('SP20180700038', '2018-07-30', '', 'credit_card', 42, 'IDR', 'bni', '9e72f159-0945-4e52-911b-e48013592e04', '', '', '2018-07-30', '', 0.00, 0, 1, NULL, NULL, 0),
('SP20180700039', '2018-07-30', '', 'credit_card', 43, 'IDR', 'bni', '1d039464-b833-4821-b31a-da38fe1a9aa4', '', '', '2018-07-30', '', 0.00, 0, 1, NULL, NULL, 0),
('SP20180700040', '2018-07-30', '', 'credit_card', 43, 'IDR', 'bni', '464b27ea-9322-4d3b-8a50-07ea73e97e1e', '', '', '2018-07-30', '', 0.00, 0, 1, NULL, NULL, 0),
('SP20180800001', '2018-08-27', '', 'credit_card', 45, 'IDR', 'bni', '0ad211d2-dea9-4ac5-8b30-ca15a65e7333', '', '', '2018-08-27', '', 0.00, 0, 1, NULL, NULL, 0),
('SP20180800002', '2018-08-27', '', 'credit_card', 45, 'IDR', 'mandiri', '92328008-1c57-4d41-9a9f-9f43354f5bda', '', '', '2018-08-27', '', 0.00, 0, 1, NULL, NULL, 0),
('SP20180800003', '2018-08-30', '', 'credit_card', 7, 'IDR', 'bni', '337b0386-ebbf-40cf-b2b4-016aa7d24d95', '', '', '2018-08-30', '', 0.00, 0, 1, NULL, NULL, 0),
('SP20180800004', '2018-08-30', '', 'credit_card', 7, 'IDR', 'bni', '543fafdd-bb6a-4167-b2c5-1d1f8c0ae292', '', '', '2018-08-30', '', 0.00, 0, 1, NULL, NULL, 0);

-- --------------------------------------------------------

--
-- Table structure for table `tp_sp_det`
--

CREATE TABLE `tp_sp_det` (
  `sp_id` varchar(21) NOT NULL,
  `invoice_id` varchar(21) NOT NULL,
  `note_payment` varchar(110) DEFAULT NULL,
  `total_payment` double(15,2) NOT NULL DEFAULT 0.00,
  `cash_back` double(15,2) NOT NULL DEFAULT 0.00
) ENGINE=MyISAM DEFAULT CHARSET=latin1;

--
-- Dumping data for table `tp_sp_det`
--

INSERT INTO `tp_sp_det` (`sp_id`, `invoice_id`, `note_payment`, `total_payment`, `cash_back`) VALUES
('SP20180600018', 'TR20180600011', '80735fc1-4212-44b6-8831-e24056af2496', 5000000.00, 0.00),
('SP20180700001', 'TR20180700001', '3add96d0-36ce-4e96-910d-b5cddb942582', 5000000.00, 0.00),
('SP20180700002', 'TR20180700002', '9da67514-20ea-43f1-afa9-b73e38dc6951', 10000000.00, 0.00),
('SP20180700003', 'TR20180700003', '3ee54e6a-2773-4421-acf1-a8c6377148ce', 10000000.00, 0.00),
('SP20180700004', 'TR20180700004', '7f392c0d-8d46-4a39-85db-ac70005b70b2', 12500000.00, 0.00),
('SP20180700005', 'TR20180700005', 'a8413b30-a1a9-4b47-9448-cf991566bf28', 150000000.00, 0.00),
('SP20180700006', 'TR20180700006', '532f4c91-9755-463d-9145-f68d4b4d7639', 125000000.00, 0.00),
('SP20180700007', 'TR20180700007', '380a2d83-7f7c-4f64-9924-e9e2f32564d2', 162500000.00, 0.00),
('SP20180700008', 'TR20180700008', 'b387ea4f-f1b4-47a3-a7aa-202786b6cd08', 187500000.00, 0.00),
('SP20180700009', 'TR20180700009', '294e7f12-b402-4315-a6e6-eb56838cd866', 190000000.00, 0.00),
('SP20180700010', 'TR20180700010', '28a03cc3-2a97-4c71-a73d-42e45b8f659b', 130000000.00, 0.00),
('SP20180700011', 'TR20180700011', '71318207-5c90-42d7-b10c-83ad4e803834', 17500000.00, 0.00),
('SP20180700012', 'TR20180700012', 'e47cd837-d09f-43a5-8f39-e5ad9975c8fd', 17500000.00, 0.00),
('SP20180700013', 'TR20180700013', '2467f79a-227a-49bd-bf53-61a58b70a7b0', 12500000.00, 0.00),
('SP20180700014', 'TR20180700014', '5438de4b-df19-458e-8d26-7ca75282fcc0', 12500000.00, 0.00),
('SP20180700015', 'TR20180700015', '5a8a998b-81f6-4881-8110-4b6f246007db', 12500000.00, 0.00),
('SP20180700016', 'TR20180700016', '82732f30-7f86-4d60-afab-72c007aaddd4', 12500000.00, 0.00),
('SP20180700017', 'TR20180700017', 'ce8f2dea-e901-4515-aebe-3a4d6ce6242c', 12500000.00, 0.00),
('SP20180700018', 'TR20180700018', '62eb5896-1950-4c7d-89f8-43c5148af515', 12500000.00, 0.00),
('SP20180700019', 'TR20180700019', '557057c3-2021-4509-91f9-957dd42398f9', 12500000.00, 0.00),
('SP20180700020', 'TR20180700020', '8b924566-ccd4-40d3-a6bc-5788759d9d38', 5000000.00, 0.00),
('SP20180700021', 'TR20180700021', 'd0e6f6ac-ab35-4a73-a691-b9dcadc17075', 25000000.00, 0.00),
('SP20180700022', 'TR20180700022', '55be3ebb-e67e-46ac-a0d7-cfbc46a3288e', 25000000.00, 0.00),
('SP20180700023', 'TR20180700023', '93cec8b8-b8cf-4a2b-bf26-95a80a4a2a1d', 37500000.00, 0.00),
('SP20180700024', 'TR20180700024', '61e82827-499e-4497-89bd-013ee6d17b3b', 37500000.00, 0.00),
('SP20180700025', 'TR20180700025', 'ff0422f2-385e-497e-867d-fdc58cd2253f', 37500000.00, 0.00),
('SP20180700026', 'TR20180700026', '80bad40a-7b8b-4b49-b30f-209b03962160', 37500000.00, 0.00),
('SP20180700027', 'TR20180700027', 'd4106b15-8407-4d40-901b-95f370fbd78c', 10000000.00, 0.00),
('SP20180700028', 'TR20180700028', '9935b971-e0e8-420f-a80b-348ccf41c041', 30000000.00, 0.00),
('SP20180700029', 'TR20180700029', 'b0318385-ac67-4d7a-8505-0c7fdafe3b90', 10000000.00, 0.00),
('SP20180700030', 'TR20180700030', 'e11549e1-b206-4254-8d75-7cae0448d195', 10000000.00, 0.00),
('SP20180700031', 'TR20180700031', '4e58e4da-760c-4640-97ed-52839f0d3146', 50000000.00, 0.00),
('SP20180700032', 'TR20180700032', 'c51e6538-82e3-4b40-9de3-ac220e86fe2e', 57500000.00, 0.00),
('SP20180700033', 'TR20180700033', 'c3f90dc0-ae40-4930-a418-b709f09129cb', 100000000.00, 0.00),
('SP20180700034', 'TR20180700034', 'b441ad5a-da89-4a2f-8e7c-f8a286213547', 32500000.00, 0.00),
('SP20180700035', 'TR20180700035', '82e2e573-f1cb-4f31-a1bc-64ff049d5d86', 30000000.00, 0.00),
('SP20180700036', 'TR20180700036', '10afa7f2-85ea-4bc8-bc19-80651b904e12', 42500000.00, 0.00),
('SP20180700037', 'TR20180700037', '7efae11f-1e06-4c77-9f46-8192ea7932c1', 57500000.00, 0.00),
('SP20180700038', 'TR20180700038', '9e72f159-0945-4e52-911b-e48013592e04', 25000000.00, 0.00),
('SP20180700039', 'TR20180700039', '1d039464-b833-4821-b31a-da38fe1a9aa4', 42500000.00, 0.00),
('SP20180700040', 'TR20180700040', '464b27ea-9322-4d3b-8a50-07ea73e97e1e', 10000000.00, 0.00),
('SP20180800001', 'TR20180800001', '0ad211d2-dea9-4ac5-8b30-ca15a65e7333', 10000000.00, 0.00),
('SP20180800002', 'TR20180800002', '92328008-1c57-4d41-9a9f-9f43354f5bda', 5000000.00, 0.00),
('SP20180800003', 'TR20180800003', '337b0386-ebbf-40cf-b2b4-016aa7d24d95', 30000000.00, 0.00),
('SP20180800004', 'TR20180800005', '543fafdd-bb6a-4167-b2c5-1d1f8c0ae292', 15000000.00, 0.00);

-- --------------------------------------------------------

--
-- Table structure for table `tp_sp_old`
--

CREATE TABLE `tp_sp_old` (
  `sp_id` varchar(21) NOT NULL,
  `sp_date` date DEFAULT NULL,
  `sp_ref` varchar(30) DEFAULT NULL,
  `payment_type_id` varchar(4) DEFAULT NULL,
  `customer_id` int(11) NOT NULL DEFAULT 0,
  `currency_id` char(10) DEFAULT NULL,
  `bank_id` varchar(21) DEFAULT NULL,
  `bank_info_1` varchar(50) DEFAULT NULL,
  `bank_info_2` varchar(50) DEFAULT NULL,
  `bank_info_3` varchar(50) DEFAULT NULL,
  `bank_date` date DEFAULT NULL,
  `remark` varchar(100) DEFAULT NULL,
  `bank_fee` double(15,2) NOT NULL DEFAULT 0.00,
  `is_add_to_coh` smallint(6) NOT NULL DEFAULT 0,
  `status` smallint(6) NOT NULL DEFAULT 1,
  `user_etr` varchar(21) DEFAULT NULL,
  `dt_etr` datetime DEFAULT NULL,
  `sp_type` smallint(6) NOT NULL DEFAULT 0
) ENGINE=MyISAM DEFAULT CHARSET=latin1;

-- --------------------------------------------------------

--
-- Table structure for table `tp_transaction`
--

CREATE TABLE `tp_transaction` (
  `transaction_id` varchar(21) NOT NULL,
  `transaction_date` date NOT NULL,
  `customer_id` int(11) DEFAULT NULL,
  `transaction_type` varchar(4) NOT NULL COMMENT '1001: funding, 1002 : market place',
  `amount` double(15,2) NOT NULL DEFAULT 0.00,
  `payment_status` tinyint(4) NOT NULL DEFAULT 0 COMMENT '0: belum, 1: sudah dibayar',
  `remark` varchar(100) DEFAULT NULL,
  `status` int(11) NOT NULL DEFAULT 1,
  `created_at` timestamp NOT NULL DEFAULT '0000-00-00 00:00:00',
  `updated_at` timestamp NOT NULL DEFAULT '0000-00-00 00:00:00',
  `deleted_at` timestamp NOT NULL DEFAULT '0000-00-00 00:00:00'
) ENGINE=MyISAM DEFAULT CHARSET=latin1;

--
-- Dumping data for table `tp_transaction`
--

INSERT INTO `tp_transaction` (`transaction_id`, `transaction_date`, `customer_id`, `transaction_type`, `amount`, `payment_status`, `remark`, `status`, `created_at`, `updated_at`, `deleted_at`) VALUES
('TR20180500016', '2018-05-28', 7, '1001', 2500000.00, 1, NULL, 0, '2018-05-28 01:57:33', '0000-00-00 00:00:00', '0000-00-00 00:00:00'),
('TR20180500015', '2018-05-28', 7, '1001', 2500000.00, 1, NULL, 0, '2018-05-28 01:49:59', '0000-00-00 00:00:00', '0000-00-00 00:00:00'),
('TR20180500014', '2018-05-28', 7, '1001', 2500000.00, 1, NULL, 0, '2018-05-28 01:07:35', '0000-00-00 00:00:00', '0000-00-00 00:00:00'),
('TR20180500013', '2018-05-28', 7, '1001', 2500000.00, 0, NULL, 0, '2018-05-28 00:41:33', '0000-00-00 00:00:00', '0000-00-00 00:00:00'),
('TR20180500008', '2018-05-28', 7, '1001', 2500000.00, 0, NULL, 0, '2018-05-28 00:41:00', '0000-00-00 00:00:00', '0000-00-00 00:00:00'),
('TR20180500007', '2018-05-28', 7, '1001', 2500000.00, 0, NULL, 0, '2018-05-28 00:40:18', '0000-00-00 00:00:00', '0000-00-00 00:00:00'),
('TR20180500006', '2018-05-28', 7, '1001', 5000000.00, 0, NULL, 0, '2018-05-28 00:40:05', '0000-00-00 00:00:00', '0000-00-00 00:00:00'),
('TR20180500004', '2018-05-27', 7, '1001', 2500000.00, 0, NULL, 0, '2018-05-26 23:48:52', '0000-00-00 00:00:00', '0000-00-00 00:00:00'),
('TR20180500005', '2018-05-28', 7, '1001', 5000000.00, 0, NULL, 0, '2018-05-28 00:39:53', '0000-00-00 00:00:00', '0000-00-00 00:00:00'),
('TR20180500003', '2018-05-27', 7, '1001', 2500000.00, 0, NULL, 0, '2018-05-26 23:47:37', '0000-00-00 00:00:00', '0000-00-00 00:00:00'),
('TR20180500002', '2018-05-27', 7, '1001', 2500000.00, 0, NULL, 0, '2018-05-26 23:46:03', '0000-00-00 00:00:00', '0000-00-00 00:00:00'),
('TR20180500001', '2018-05-26', 7, '1001', 2500000.00, 1, NULL, 0, '2018-05-26 01:23:02', '0000-00-00 00:00:00', '0000-00-00 00:00:00'),
('TR20180500017', '2018-05-28', 7, '1001', 2500000.00, 0, NULL, 0, '2018-05-28 02:05:20', '0000-00-00 00:00:00', '0000-00-00 00:00:00'),
('TR20180500018', '2018-05-28', 7, '1001', 2500000.00, 0, NULL, 0, '2018-05-28 02:06:22', '0000-00-00 00:00:00', '0000-00-00 00:00:00'),
('TR20180500019', '2018-05-28', 7, '1001', 5000000.00, 0, NULL, 0, '2018-05-28 02:12:07', '0000-00-00 00:00:00', '0000-00-00 00:00:00'),
('TR20180500020', '2018-05-31', 7, '1001', 2500000.00, 0, NULL, 0, '2018-05-31 02:45:40', '0000-00-00 00:00:00', '0000-00-00 00:00:00'),
('TR20180500021', '2018-05-31', 7, '1001', 2500000.00, 0, NULL, 0, '2018-05-31 02:53:31', '0000-00-00 00:00:00', '0000-00-00 00:00:00'),
('TR20180500022', '2018-05-31', 7, '1001', 2500000.00, 0, NULL, 0, '2018-05-31 03:16:39', '0000-00-00 00:00:00', '0000-00-00 00:00:00'),
('TR20180500023', '2018-05-31', 7, '1001', 2500000.00, 0, NULL, 0, '2018-05-31 03:41:57', '0000-00-00 00:00:00', '0000-00-00 00:00:00'),
('TR20180500024', '2018-05-31', 7, '1001', 2500000.00, 0, NULL, 0, '2018-05-31 03:47:16', '0000-00-00 00:00:00', '0000-00-00 00:00:00'),
('TR20180500025', '2018-05-31', 7, '1001', 2500000.00, 0, NULL, 0, '2018-05-31 03:48:54', '0000-00-00 00:00:00', '0000-00-00 00:00:00'),
('TR20180600001', '2018-06-06', 7, '1001', 2500000.00, 0, NULL, 0, '2018-06-05 23:16:12', '0000-00-00 00:00:00', '0000-00-00 00:00:00'),
('TR20180600002', '2018-06-06', 7, '1001', 7500000.00, 1, NULL, 0, '2018-06-06 01:55:43', '0000-00-00 00:00:00', '0000-00-00 00:00:00'),
('TR20180600003', '2018-06-07', 7, '1001', 75000000.00, 1, NULL, 0, '2018-06-07 03:28:01', '0000-00-00 00:00:00', '0000-00-00 00:00:00'),
('TR20180600004', '2018-06-07', 7, '1001', 2500000.00, 0, NULL, 0, '2018-06-07 15:21:11', '0000-00-00 00:00:00', '0000-00-00 00:00:00'),
('TR20180600005', '2018-06-07', 7, '1001', 2500000.00, 0, NULL, 0, '2018-06-07 15:25:30', '0000-00-00 00:00:00', '0000-00-00 00:00:00'),
('TR20180600006', '2018-06-07', 7, '1001', 2500000.00, 0, NULL, 0, '2018-06-07 15:27:13', '0000-00-00 00:00:00', '0000-00-00 00:00:00'),
('TR20180600007', '2018-06-07', 7, '1001', 5000000.00, 0, NULL, 0, '2018-06-07 15:29:33', '0000-00-00 00:00:00', '0000-00-00 00:00:00'),
('TR20180600008', '2018-06-08', 7, '1001', 77500000.00, 0, NULL, 0, '2018-06-07 20:01:22', '0000-00-00 00:00:00', '0000-00-00 00:00:00'),
('TR20180600009', '2018-06-08', 7, '1001', 77500000.00, 0, NULL, 0, '2018-06-07 20:21:37', '0000-00-00 00:00:00', '0000-00-00 00:00:00'),
('TR20180600010', '2018-06-08', 7, '1001', 55000000.00, 1, NULL, 0, '2018-06-08 02:55:10', '0000-00-00 00:00:00', '0000-00-00 00:00:00'),
('TR20180600011', '2018-06-28', 7, '1001', 5000000.00, 1, NULL, 0, '2018-06-27 23:33:51', '0000-00-00 00:00:00', '0000-00-00 00:00:00'),
('TR20180700001', '2018-07-24', 32, '1001', 5000000.00, 1, NULL, 1, '2018-07-24 01:42:55', '0000-00-00 00:00:00', '0000-00-00 00:00:00'),
('TR20180700002', '2018-07-27', 32, '1001', 10000000.00, 1, NULL, 1, '2018-07-27 05:27:51', '0000-00-00 00:00:00', '0000-00-00 00:00:00'),
('TR20180700003', '2018-07-27', 32, '1001', 10000000.00, 1, NULL, 1, '2018-07-27 04:08:13', '0000-00-00 00:00:00', '0000-00-00 00:00:00'),
('TR20180700004', '2018-07-27', 32, '1001', 12500000.00, 1, NULL, 1, '2018-07-27 04:23:47', '0000-00-00 00:00:00', '0000-00-00 00:00:00'),
('TR20180700005', '2018-07-30', 32, '1001', 150000000.00, 1, NULL, 1, '2018-07-29 19:48:14', '0000-00-00 00:00:00', '0000-00-00 00:00:00'),
('TR20180700006', '2018-07-30', 32, '1001', 125000000.00, 1, NULL, 1, '2018-07-29 20:12:57', '0000-00-00 00:00:00', '0000-00-00 00:00:00'),
('TR20180700007', '2018-07-30', 32, '1001', 162500000.00, 1, NULL, 1, '2018-07-29 20:15:16', '0000-00-00 00:00:00', '0000-00-00 00:00:00'),
('TR20180700008', '2018-07-30', 32, '1001', 187500000.00, 1, NULL, 1, '2018-07-29 20:18:49', '0000-00-00 00:00:00', '0000-00-00 00:00:00'),
('TR20180700009', '2018-07-30', 32, '1001', 190000000.00, 1, NULL, 1, '2018-07-29 20:21:21', '0000-00-00 00:00:00', '0000-00-00 00:00:00'),
('TR20180700010', '2018-07-30', 32, '1001', 130000000.00, 1, NULL, 1, '2018-07-29 20:23:49', '0000-00-00 00:00:00', '0000-00-00 00:00:00'),
('TR20180700011', '2018-07-30', 32, '1001', 17500000.00, 1, NULL, 1, '2018-07-29 20:28:42', '0000-00-00 00:00:00', '0000-00-00 00:00:00'),
('TR20180700012', '2018-07-30', 33, '1001', 17500000.00, 1, NULL, 1, '2018-07-29 20:32:03', '0000-00-00 00:00:00', '0000-00-00 00:00:00'),
('TR20180700013', '2018-07-30', 33, '1001', 12500000.00, 1, NULL, 1, '2018-07-29 20:37:21', '0000-00-00 00:00:00', '0000-00-00 00:00:00'),
('TR20180700014', '2018-07-30', 33, '1001', 12500000.00, 1, NULL, 1, '2018-07-29 20:41:14', '0000-00-00 00:00:00', '0000-00-00 00:00:00'),
('TR20180700015', '2018-07-30', 33, '1001', 12500000.00, 1, NULL, 1, '2018-07-29 20:44:03', '0000-00-00 00:00:00', '0000-00-00 00:00:00'),
('TR20180700016', '2018-07-30', 33, '1001', 12500000.00, 1, NULL, 1, '2018-07-29 20:45:30', '0000-00-00 00:00:00', '0000-00-00 00:00:00'),
('TR20180700017', '2018-07-30', 33, '1001', 12500000.00, 1, NULL, 1, '2018-07-29 20:46:35', '0000-00-00 00:00:00', '0000-00-00 00:00:00'),
('TR20180700018', '2018-07-30', 33, '1001', 12500000.00, 1, NULL, 1, '2018-07-29 20:48:15', '0000-00-00 00:00:00', '0000-00-00 00:00:00'),
('TR20180700019', '2018-07-30', 33, '1001', 12500000.00, 1, NULL, 1, '2018-07-29 20:49:24', '0000-00-00 00:00:00', '0000-00-00 00:00:00'),
('TR20180700020', '2018-07-30', 33, '1001', 5000000.00, 1, NULL, 1, '2018-07-29 20:51:44', '0000-00-00 00:00:00', '0000-00-00 00:00:00'),
('TR20180700021', '2018-07-30', 34, '1001', 25000000.00, 1, NULL, 1, '2018-07-29 21:47:13', '0000-00-00 00:00:00', '0000-00-00 00:00:00'),
('TR20180700022', '2018-07-30', 34, '1001', 25000000.00, 1, NULL, 1, '2018-07-29 21:48:52', '0000-00-00 00:00:00', '0000-00-00 00:00:00'),
('TR20180700023', '2018-07-30', 34, '1001', 37500000.00, 1, NULL, 1, '2018-07-29 21:50:49', '0000-00-00 00:00:00', '0000-00-00 00:00:00'),
('TR20180700024', '2018-07-30', 34, '1001', 37500000.00, 1, NULL, 1, '2018-07-29 21:54:12', '0000-00-00 00:00:00', '0000-00-00 00:00:00'),
('TR20180700025', '2018-07-30', 34, '1001', 37500000.00, 1, NULL, 1, '2018-07-29 21:55:29', '0000-00-00 00:00:00', '0000-00-00 00:00:00'),
('TR20180700026', '2018-07-30', 34, '1001', 37500000.00, 1, NULL, 1, '2018-07-29 22:19:02', '0000-00-00 00:00:00', '0000-00-00 00:00:00'),
('TR20180700027', '2018-07-30', 35, '1001', 10000000.00, 1, NULL, 1, '2018-07-30 00:36:00', '0000-00-00 00:00:00', '0000-00-00 00:00:00'),
('TR20180700028', '2018-07-30', 36, '1001', 30000000.00, 1, NULL, 1, '2018-07-30 00:54:25', '0000-00-00 00:00:00', '0000-00-00 00:00:00'),
('TR20180700029', '2018-07-30', 37, '1001', 10000000.00, 1, NULL, 1, '2018-07-30 01:34:43', '0000-00-00 00:00:00', '0000-00-00 00:00:00'),
('TR20180700030', '2018-07-30', 38, '1001', 10000000.00, 1, NULL, 1, '2018-07-30 01:37:11', '0000-00-00 00:00:00', '0000-00-00 00:00:00'),
('TR20180700031', '2018-07-30', 38, '1001', 50000000.00, 1, NULL, 1, '2018-07-30 01:41:13', '0000-00-00 00:00:00', '0000-00-00 00:00:00'),
('TR20180700032', '2018-07-30', 39, '1001', 57500000.00, 1, NULL, 1, '2018-07-30 01:43:33', '0000-00-00 00:00:00', '0000-00-00 00:00:00'),
('TR20180700033', '2018-07-30', 39, '1001', 100000000.00, 1, NULL, 1, '2018-07-30 01:46:32', '0000-00-00 00:00:00', '0000-00-00 00:00:00'),
('TR20180700034', '2018-07-30', 39, '1001', 32500000.00, 1, NULL, 1, '2018-07-30 01:51:04', '0000-00-00 00:00:00', '0000-00-00 00:00:00'),
('TR20180700035', '2018-07-30', 40, '1001', 30000000.00, 1, NULL, 1, '2018-07-30 01:53:12', '0000-00-00 00:00:00', '0000-00-00 00:00:00'),
('TR20180700036', '2018-07-30', 41, '1001', 42500000.00, 1, NULL, 1, '2018-07-30 01:56:56', '0000-00-00 00:00:00', '0000-00-00 00:00:00'),
('TR20180700037', '2018-07-30', 41, '1001', 57500000.00, 1, NULL, 1, '2018-07-30 01:58:17', '0000-00-00 00:00:00', '0000-00-00 00:00:00'),
('TR20180700038', '2018-07-30', 42, '1001', 25000000.00, 1, NULL, 1, '2018-07-30 02:01:34', '0000-00-00 00:00:00', '0000-00-00 00:00:00'),
('TR20180700039', '2018-07-30', 43, '1001', 42500000.00, 1, NULL, 1, '2018-07-30 02:03:46', '0000-00-00 00:00:00', '0000-00-00 00:00:00'),
('TR20180700040', '2018-07-30', 43, '1001', 10000000.00, 1, NULL, 1, '2018-07-30 02:04:55', '0000-00-00 00:00:00', '0000-00-00 00:00:00'),
('TR20180800001', '2018-08-27', 45, '1001', 10000000.00, 1, NULL, 1, '2018-08-27 01:17:21', '0000-00-00 00:00:00', '0000-00-00 00:00:00'),
('TR20180800002', '2018-08-27', 45, '1001', 5000000.00, 1, NULL, 1, '2018-08-27 01:22:15', '0000-00-00 00:00:00', '0000-00-00 00:00:00'),
('TR20180800003', '2018-08-30', 7, '1001', 30000000.00, 1, NULL, 1, '2018-08-29 21:07:31', '0000-00-00 00:00:00', '0000-00-00 00:00:00'),
('TR20180800004', '2018-08-30', 7, '1001', 10000000.00, 0, NULL, 1, '2018-08-29 21:13:32', '0000-00-00 00:00:00', '0000-00-00 00:00:00'),
('TR20180800005', '2018-08-30', 7, '1001', 15000000.00, 1, NULL, 1, '2018-08-29 21:18:36', '0000-00-00 00:00:00', '0000-00-00 00:00:00');

-- --------------------------------------------------------

--
-- Table structure for table `tp_transaction_old`
--

CREATE TABLE `tp_transaction_old` (
  `transaction_id` varchar(21) NOT NULL,
  `transaction_date` date NOT NULL,
  `customer_id` int(11) DEFAULT NULL,
  `transaction_type` varchar(4) NOT NULL COMMENT '1001: funding, 1002 : market place',
  `amount` double(15,2) NOT NULL DEFAULT 0.00,
  `payment_status` tinyint(4) NOT NULL DEFAULT 0 COMMENT '0: belum, 1: sudah dibayar',
  `status` int(11) NOT NULL DEFAULT 1,
  `created_at` timestamp NOT NULL DEFAULT '0000-00-00 00:00:00',
  `updated_at` timestamp NOT NULL DEFAULT '0000-00-00 00:00:00',
  `deleted_at` timestamp NOT NULL DEFAULT '0000-00-00 00:00:00'
) ENGINE=MyISAM DEFAULT CHARSET=latin1;

--
-- Dumping data for table `tp_transaction_old`
--

INSERT INTO `tp_transaction_old` (`transaction_id`, `transaction_date`, `customer_id`, `transaction_type`, `amount`, `payment_status`, `status`, `created_at`, `updated_at`, `deleted_at`) VALUES
('TR20180500001', '2018-05-07', 7, '1001', 7500000.00, 0, 1, '2018-05-07 01:21:26', '0000-00-00 00:00:00', '0000-00-00 00:00:00'),
('TR20180500002', '2018-05-14', 30, '1001', 2500000.00, 0, 1, '2018-05-13 23:24:28', '0000-00-00 00:00:00', '0000-00-00 00:00:00'),
('TR20180500003', '2018-05-14', 7, '1001', 70000000.00, 0, 1, '2018-05-14 08:25:38', '0000-00-00 00:00:00', '0000-00-00 00:00:00'),
('TR20180500004', '2018-05-16', 7, '1001', 7500000.00, 0, 1, '2018-05-16 02:39:18', '0000-00-00 00:00:00', '0000-00-00 00:00:00');

-- --------------------------------------------------------

--
-- Table structure for table `uploads`
--

CREATE TABLE `uploads` (
  `id` int(10) UNSIGNED NOT NULL,
  `name` varchar(250) COLLATE utf8_unicode_ci NOT NULL DEFAULT '',
  `path` varchar(250) COLLATE utf8_unicode_ci NOT NULL,
  `extension` varchar(20) COLLATE utf8_unicode_ci NOT NULL,
  `caption` varchar(250) COLLATE utf8_unicode_ci NOT NULL,
  `user_id` int(10) UNSIGNED NOT NULL DEFAULT 1,
  `hash` varchar(250) COLLATE utf8_unicode_ci NOT NULL,
  `public` tinyint(1) NOT NULL DEFAULT 0,
  `deleted_at` timestamp NULL DEFAULT NULL,
  `created_at` timestamp NULL DEFAULT NULL,
  `updated_at` timestamp NULL DEFAULT NULL
) ENGINE=MyISAM DEFAULT CHARSET=utf8 COLLATE=utf8_unicode_ci;

--
-- Dumping data for table `uploads`
--

INSERT INTO `uploads` (`id`, `name`, `path`, `extension`, `caption`, `user_id`, `hash`, `public`, `deleted_at`, `created_at`, `updated_at`) VALUES
(1, 'merenung.jpg', 'C:\\xampp\\htdocs\\app.panel\\storage\\uploads\\2018-03-16-043459-merenung.jpg', 'jpg', '', 1, 'qgivk3esb8objvn4siy8', 0, '2018-07-08 20:39:18', '2018-03-15 21:34:59', '2018-07-08 20:39:18'),
(2, 'tutorial-slim-framework.png', 'C:\\xampp\\htdocs\\app.panel\\storage\\uploads\\2018-03-16-043459-tutorial-slim-framework.png', 'png', '', 1, 'a7ggozbt4pbzsapfxecr', 1, '2018-03-27 07:40:08', '2018-03-15 21:34:59', '2018-03-27 07:40:08'),
(3, 'sorgum7.png', 'C:\\xampp\\htdocs\\app.panel\\storage\\uploads\\2018-03-16-055513-sorgum7.png', 'png', '', 1, 'zntvrzjkyuatml3pv1as', 1, '2018-03-27 07:40:14', '2018-03-15 22:55:13', '2018-03-27 07:40:14'),
(4, 'gula.png', 'C:\\xampp\\htdocs\\app.panel\\storage\\uploads\\2018-03-16-075035-gula.png', 'png', '', 1, 'mgmdrumck77nhtlgchau', 1, '2018-03-27 07:40:20', '2018-03-16 00:50:35', '2018-03-27 07:40:20'),
(5, 'Penggemukan.png', 'C:\\xampp\\htdocs\\app.panel\\storage\\uploads\\2018-03-16-091619-Penggemukan.png', 'png', '', 1, 'iqo3kivx0htesmuyzrdp', 1, '2018-03-27 07:40:31', '2018-03-16 02:16:19', '2018-03-27 07:40:31'),
(6, 'Bakalan.png', 'C:\\xampp\\htdocs\\app.panel\\storage\\uploads\\2018-03-16-091720-Bakalan.png', 'png', '', 1, 'de2cvdekresnltwyhpek', 1, '2018-03-27 07:40:37', '2018-03-16 02:17:20', '2018-03-27 07:40:37'),
(7, 'sorgumfoods.png', 'C:\\xampp\\htdocs\\app.panel\\storage\\uploads\\2018-03-16-091755-sorgumfoods.png', 'png', '', 1, 'a21t1kwekucmj8dqgluw', 1, '2018-03-27 07:40:25', '2018-03-16 02:17:55', '2018-03-27 07:40:25'),
(8, 'sorgump2.png', 'C:\\xampp\\htdocs\\app.panel\\storage\\uploads\\2018-03-27-144121-sorgump2.png', 'png', 'asd', 1, '3zkyyo61puoxgnx3lhmf', 1, NULL, '2018-03-27 07:41:21', '2021-02-19 04:31:04'),
(9, 'sorgump1.png', 'C:\\xampp\\htdocs\\app.panel\\storage\\uploads\\2018-03-27-144121-sorgump1.png', 'png', '', 1, 'cmvhkofopx9ki5h5jh2e', 1, NULL, '2018-03-27 07:41:21', '2018-03-27 07:41:21'),
(10, 'pakan2.png', 'C:\\xampp\\htdocs\\app.panel\\storage\\uploads\\2018-03-27-144124-pakan2.png', 'png', '', 1, '73jjppcheh6l0wufbwrs', 1, NULL, '2018-03-27 07:41:24', '2018-03-27 07:41:24'),
(11, 'bakalan2.png', 'C:\\xampp\\htdocs\\app.panel\\storage\\uploads\\2018-03-27-144125-bakalan2.png', 'png', '', 1, 'y0jcz606egahxvsroobp', 1, NULL, '2018-03-27 07:41:25', '2018-03-27 07:41:25'),
(12, 'sapip2.png', 'C:\\xampp\\htdocs\\app.panel\\storage\\uploads\\2018-03-27-144132-sapip2.png', 'png', '', 1, 'cbfp1ns5kn6mxbfjofb4', 1, NULL, '2018-03-27 07:41:32', '2018-03-27 07:41:32'),
(13, 'sirup.png', 'C:\\xampp\\htdocs\\app.panel\\storage\\uploads\\2018-03-27-144136-sirup.png', 'png', '', 1, 'ppr9ngxsrbcwoxnv7ikr', 1, NULL, '2018-03-27 07:41:36', '2018-03-27 07:41:36'),
(14, 'sapip1.png', 'C:\\xampp\\htdocs\\app.panel\\storage\\uploads\\2018-03-27-144136-sapip1.png', 'png', '', 1, 'nsmdokt4s5i2tvzsklhx', 1, NULL, '2018-03-27 07:41:36', '2018-03-27 07:41:36'),
(15, 'sorgumfoods.png', 'C:\\xampp\\htdocs\\app.panel\\storage\\uploads\\2018-03-27-144146-sorgumfoods.png', 'png', '', 1, 'a5nrdtew3zzm9ynm14yi', 1, NULL, '2018-03-27 07:41:46', '2018-03-27 07:41:47'),
(16, 'gula.png', 'C:\\xampp\\htdocs\\app.panel\\storage\\uploads\\2018-03-27-144147-gula.png', 'png', '', 1, 'sukm6qtejsv5jkcolni5', 1, NULL, '2018-03-27 07:41:47', '2018-03-27 07:41:47'),
(17, 'sorgum7.png', 'C:\\xampp\\htdocs\\app.panel\\storage\\uploads\\2018-03-27-144153-sorgum7.png', 'png', '', 1, 'arbk3d9rhmergyccdpjg', 1, NULL, '2018-03-27 07:41:53', '2018-03-27 07:41:53'),
(18, 'sorgum6.png', 'C:\\xampp\\htdocs\\app.panel\\storage\\uploads\\2018-03-27-144154-sorgum6.png', 'png', '', 1, 'm2wwqd60vuq3vjeb12pt', 1, NULL, '2018-03-27 07:41:54', '2018-03-27 07:41:54'),
(19, 'Bakalan.png', 'C:\\xampp\\htdocs\\app.panel\\storage\\uploads\\2018-03-27-144156-Bakalan.png', 'png', '', 1, 'ubgabs1jdc7dxekie6hu', 1, NULL, '2018-03-27 07:41:56', '2018-03-27 07:41:56'),
(20, 'Pakan.png', 'C:\\xampp\\htdocs\\app.panel\\storage\\uploads\\2018-03-27-144157-Pakan.png', 'png', '', 1, 'eblucvtshjtxbncib7cl', 1, NULL, '2018-03-27 07:41:57', '2018-03-27 07:41:57'),
(21, 'Penggemukan.png', 'C:\\xampp\\htdocs\\app.panel\\storage\\uploads\\2018-03-27-144157-Penggemukan.png', 'png', '', 1, 'h9uugixnh3kfbeo0hsft', 1, NULL, '2018-03-27 07:41:57', '2018-03-27 07:41:57'),
(22, 'Pengembangbiakan.png', 'C:\\xampp\\htdocs\\app.panel\\storage\\uploads\\2018-03-27-144158-Pengembangbiakan.png', 'png', '', 1, 'f3x9ebiptslb9k1nzgvq', 1, NULL, '2018-03-27 07:41:58', '2018-03-27 07:41:58'),
(23, 'sapi2.png', 'C:\\xampp\\htdocs\\app.panel\\storage\\uploads\\2018-03-27-144158-sapi2.png', 'png', '', 1, 'nmh6e9gdnnryirecq9gs', 1, NULL, '2018-03-27 07:41:58', '2018-03-27 07:41:58'),
(24, 'sapi1.png', 'C:\\xampp\\htdocs\\app.panel\\storage\\uploads\\2018-03-27-144159-sapi1.png', 'png', '', 1, 'gyk7iev5o8lsneagripd', 1, NULL, '2018-03-27 07:41:59', '2018-03-27 07:41:59'),
(25, 'sapilimosin.png', 'C:\\xampp\\htdocs\\app.panel\\storage\\uploads\\2018-03-27-144159-sapilimosin.png', 'png', '', 1, 'hnl7ovvkdtuz8py1np6d', 1, NULL, '2018-03-27 07:41:59', '2018-03-27 07:41:59'),
(26, 'sutera2.png', 'C:\\xampp\\htdocs\\app.panel\\storage\\uploads\\2018-03-27-144200-sutera2.png', 'png', '', 1, 'b8cjn8lhmxbbcawzw8ds', 1, NULL, '2018-03-27 07:42:00', '2018-03-27 07:42:00'),
(27, 'corn2.png', 'C:\\xampp\\htdocs\\app.panel\\storage\\uploads\\2018-03-27-144200-corn2.png', 'png', '', 1, 'd21yiurmv0fwyaj7telg', 1, NULL, '2018-03-27 07:42:00', '2018-03-27 07:42:00'),
(28, 'sutera.png', 'C:\\xampp\\htdocs\\app.panel\\storage\\uploads\\2018-03-27-144201-sutera.png', 'png', '', 1, 'g1fjzlwnwbjlq9bosc7u', 1, NULL, '2018-03-27 07:42:01', '2018-03-27 07:42:01'),
(29, 'corn.png', 'C:\\xampp\\htdocs\\app.panel\\storage\\uploads\\2018-03-27-144210-corn.png', 'png', '', 1, '61gzcjlbykfwwtfdcnpr', 1, NULL, '2018-03-27 07:42:10', '2018-03-27 07:42:10'),
(30, 'avatar.png', 'C:\\xampp\\htdocs\\app.panel\\storage\\uploads\\2018-03-27-144218-avatar.png', 'png', '', 1, 'tdrwe2aa1492iu6fs0z4', 1, '2018-03-27 07:43:56', '2018-03-27 07:42:18', '2018-03-27 07:43:56'),
(31, 'yogya.png', 'C:\\xampp\\htdocs\\app.panel\\storage\\uploads\\2018-03-27-144226-yogya.png', 'png', '', 1, 'r92klb0lgksod58g7qmi', 1, NULL, '2018-03-27 07:42:26', '2018-03-27 07:42:26'),
(32, 'malang.png', 'C:\\xampp\\htdocs\\app.panel\\storage\\uploads\\2018-03-27-144228-malang.png', 'png', '', 1, 'pllzuurwwqobxnieetrw', 1, NULL, '2018-03-27 07:42:28', '2018-03-27 07:42:28'),
(33, 'bandung.png', 'C:\\xampp\\htdocs\\app.panel\\storage\\uploads\\2018-03-27-144236-bandung.png', 'png', '', 1, 'plynmg3nylxgz0pzeu55', 1, NULL, '2018-03-27 07:42:36', '2018-03-27 07:42:36'),
(34, 'jombang.png', 'C:\\xampp\\htdocs\\app.panel\\storage\\uploads\\2018-03-27-144241-jombang.png', 'png', '', 1, '3wodjfpjcowgzhhmmbcb', 1, NULL, '2018-03-27 07:42:41', '2018-03-27 07:42:41'),
(35, 'jakarta.png', 'C:\\xampp\\htdocs\\app.panel\\storage\\uploads\\2018-03-27-144241-jakarta.png', 'png', '', 1, 'blcgisjhnbbwagolqi5r', 1, NULL, '2018-03-27 07:42:41', '2018-03-27 07:42:41'),
(36, 'sorgum4.png', 'C:\\xampp\\htdocs\\app.panel\\storage\\uploads\\2018-03-27-144248-sorgum4.png', 'png', '', 1, '9fvslfacdwfjqjxqwclc', 1, NULL, '2018-03-27 07:42:48', '2018-03-27 07:42:48'),
(37, 'tanjungbalai.png', 'C:\\xampp\\htdocs\\app.panel\\storage\\uploads\\2018-03-27-144250-tanjungbalai.png', 'png', '', 1, 'uklnnstt0p8eup1kvtqi', 1, NULL, '2018-03-27 07:42:50', '2018-03-27 07:42:50'),
(38, 'sorgum3.png', 'C:\\xampp\\htdocs\\app.panel\\storage\\uploads\\2018-03-27-144253-sorgum3.png', 'png', '', 1, 'qyedecbcxund88myz2a1', 1, NULL, '2018-03-27 07:42:53', '2018-03-27 07:42:53'),
(39, 'sorgum2.png', 'C:\\xampp\\htdocs\\app.panel\\storage\\uploads\\2018-03-27-144253-sorgum2.png', 'png', '', 1, 'ofzsdypdvxy0022kjc90', 1, NULL, '2018-03-27 07:42:53', '2018-03-27 07:42:53'),
(40, '1920x220.png', 'C:\\xampp\\htdocs\\app.panel\\storage\\uploads\\2018-03-27-144257-1920x220.png', 'png', '', 1, 'bheyqml800ptjxisoglx', 1, NULL, '2018-03-27 07:42:57', '2018-03-27 07:42:57'),
(41, 'sorgum1.png', 'C:\\xampp\\htdocs\\app.panel\\storage\\uploads\\2018-03-27-144257-sorgum1.png', 'png', '', 1, 'l1tgedy2cxcspkj5h5g6', 1, NULL, '2018-03-27 07:42:57', '2018-03-27 07:42:57'),
(42, 'ikanhias.png', 'C:\\xampp\\htdocs\\app.panel\\storage\\uploads\\2018-03-27-144303-ikanhias.png', 'png', '', 1, '1ajvf6fcyceecpdwau7l', 1, NULL, '2018-03-27 07:43:03', '2018-03-27 07:43:03'),
(43, 'sosis.png', 'C:\\xampp\\htdocs\\app.panel\\storage\\uploads\\2018-03-27-144303-sosis.png', 'png', '', 1, 'vgwxkz170mbjgzhzfbxb', 1, NULL, '2018-03-27 07:43:03', '2018-03-27 07:43:03'),
(44, '35x35.png', 'C:\\xampp\\htdocs\\app.panel\\storage\\uploads\\2018-03-27-144306-35x35.png', 'png', '', 1, 'mipbzmjwsgtkdphnmpjt', 1, NULL, '2018-03-27 07:43:06', '2018-03-27 07:43:06'),
(45, '40x40.png', 'C:\\xampp\\htdocs\\app.panel\\storage\\uploads\\2018-03-27-144306-40x40.png', 'png', '', 1, 'zokmvgks35a0eoumfbpp', 1, NULL, '2018-03-27 07:43:06', '2018-03-27 07:43:06'),
(46, 'durian.png', 'C:\\xampp\\htdocs\\app.panel\\storage\\uploads\\2018-03-27-144309-durian.png', 'png', '', 1, 'qrukmupd0vg9ngev6fn0', 1, NULL, '2018-03-27 07:43:09', '2018-03-27 07:43:09'),
(47, 'bebek.png', 'C:\\xampp\\htdocs\\app.panel\\storage\\uploads\\2018-03-27-144309-bebek.png', 'png', '', 1, '1dzfnqryjrgksylhpdec', 1, NULL, '2018-03-27 07:43:10', '2018-03-27 07:43:11'),
(48, 'salmon.png', 'C:\\xampp\\htdocs\\app.panel\\storage\\uploads\\2018-03-27-144311-salmon.png', 'png', '', 1, 'm3jnrqcxmslra1gnxkvn', 1, NULL, '2018-03-27 07:43:11', '2018-03-27 07:43:11'),
(49, 'kopiluwak.png', 'C:\\xampp\\htdocs\\app.panel\\storage\\uploads\\2018-03-27-144313-kopiluwak.png', 'png', '', 1, 'lwrbrsbr1toaytcnvsps', 1, NULL, '2018-03-27 07:43:13', '2018-03-27 07:43:13'),
(50, 'semangkakotak.png', 'C:\\xampp\\htdocs\\app.panel\\storage\\uploads\\2018-03-27-144313-semangkakotak.png', 'png', '', 1, '6ttjexta69pyewxiuzfo', 1, NULL, '2018-03-27 07:43:14', '2018-03-27 07:43:14'),
(51, 'ayamhitam.png', 'C:\\xampp\\htdocs\\app.panel\\storage\\uploads\\2018-03-27-144314-ayamhitam.png', 'png', '', 1, 'wnkqvyewnv6uitg4rtxv', 1, NULL, '2018-03-27 07:43:15', '2018-03-27 07:43:15'),
(52, 'riset.png', 'C:\\xampp\\htdocs\\app.panel\\storage\\uploads\\2018-03-27-144318-riset.png', 'png', '', 1, '2vtrqwjpcom4z2ok5uqq', 1, NULL, '2018-03-27 07:43:18', '2018-03-27 07:43:18'),
(53, 'makanankaleng.png', 'C:\\xampp\\htdocs\\app.panel\\storage\\uploads\\2018-03-27-144320-makanankaleng.png', 'png', '', 1, 'gup6zzkj7ro3jhemrzsx', 1, NULL, '2018-03-27 07:43:20', '2018-03-27 07:43:20'),
(54, 'distribusi.png', 'C:\\xampp\\htdocs\\app.panel\\storage\\uploads\\2018-03-27-144320-distribusi.png', 'png', '', 1, 'zq4dp3ewplajq2gxxuog', 1, NULL, '2018-03-27 07:43:20', '2018-03-27 07:43:20'),
(55, 'pelatihan.png', 'C:\\xampp\\htdocs\\app.panel\\storage\\uploads\\2018-03-27-144322-pelatihan.png', 'png', '', 1, 'nac2gh7dhdqrlzhklmpl', 1, NULL, '2018-03-27 07:43:22', '2018-03-27 07:43:22'),
(56, 'tenun.png', 'C:\\xampp\\htdocs\\app.panel\\storage\\uploads\\2018-03-27-144322-tenun.png', 'png', '', 1, 'gklvm0wd03xfxptqgotb', 1, NULL, '2018-03-27 07:43:22', '2018-03-27 07:43:22'),
(57, 'perikanan.png', 'C:\\xampp\\htdocs\\app.panel\\storage\\uploads\\2018-03-27-144324-perikanan.png', 'png', '', 1, 'ammzv4yc1h2zwmrwv3v9', 1, NULL, '2018-03-27 07:43:24', '2018-03-27 07:43:24'),
(58, 'perkebunan.png', 'C:\\xampp\\htdocs\\app.panel\\storage\\uploads\\2018-03-27-144324-perkebunan.png', 'png', '', 1, 'is6dmrmbrmrguosb1wl5', 1, NULL, '2018-03-27 07:43:24', '2018-03-27 07:43:24'),
(59, 'sapi.png', 'C:\\xampp\\htdocs\\app.panel\\storage\\uploads\\2018-03-27-144325-sapi.png', 'png', '', 1, 'idui401pi9vcr9bzmd1t', 1, NULL, '2018-03-27 07:43:25', '2018-03-27 07:43:25'),
(60, 'pertanian.png', 'C:\\xampp\\htdocs\\app.panel\\storage\\uploads\\2018-03-27-144325-pertanian.png', 'png', '', 1, 'a6mzgb6g1nm6bi8vyett', 1, NULL, '2018-03-27 07:43:25', '2018-03-27 07:43:25'),
(61, 'sorghum.png', 'C:\\xampp\\htdocs\\app.panel\\storage\\uploads\\2018-03-27-144326-sorghum.png', 'png', '', 1, '7gciuwzw3ljj2x7viapa', 1, NULL, '2018-03-27 07:43:26', '2018-03-27 07:43:26'),
(62, 'ikanairderas.png', 'C:\\xampp\\htdocs\\app.panel\\storage\\uploads\\2018-03-27-144326-ikanairderas.png', 'png', '', 1, 'wsjbzd77lnruuwmwswdg', 1, NULL, '2018-03-27 07:43:26', '2018-03-27 07:43:26'),
(63, 'jinyul.jpg', 'C:\\xampp\\htdocs\\app.panel\\storage\\uploads\\2018-04-04-062010-jinyul.jpg', 'jpg', '', 3, 'jjyvpmb3jocgqszu5lzn', 1, NULL, '2018-04-03 23:20:10', '2018-04-03 23:20:10'),
(64, 'pedet_1.jpg', 'C:\\xampp\\htdocs\\app.panel\\storage\\uploads\\2018-07-09-031831-pedet_1.jpg', 'jpg', '', 1, 'hgi1qo1skriskyunyifh', 0, '2018-07-08 20:18:51', '2018-07-08 20:18:31', '2018-07-08 20:18:51'),
(65, 'pedet_1.jpg', 'C:\\xampp\\htdocs\\app.panel\\storage\\uploads\\2018-07-09-032112-pedet_1.jpg', 'jpg', 'Pedet 1', 1, 'dnfuunqnw8zmoxj3vpf5', 1, NULL, '2018-07-08 20:21:12', '2018-07-08 20:39:32'),
(66, 'pedet_2.jpg', 'C:\\xampp\\htdocs\\app.panel\\storage\\uploads\\2018-07-09-033948-pedet_2.jpg', 'jpg', '', 1, 'r4ii8rapup3yygavtk77', 1, NULL, '2018-07-08 20:39:48', '2018-07-08 21:08:51'),
(67, 'pedet_3.jpg', 'C:\\xampp\\htdocs\\app.panel\\storage\\uploads\\2018-07-09-034011-pedet_3.jpg', 'jpg', '', 1, 'su1l7ccdhoudixw2icnl', 1, NULL, '2018-07-08 20:40:11', '2018-07-08 21:06:59'),
(68, 'pedet_4.png', 'C:\\xampp\\htdocs\\app.panel\\storage\\uploads\\2018-07-09-034029-pedet_4.png', 'png', '', 1, 'movml9gagz8ncwymkgch', 1, NULL, '2018-07-08 20:40:29', '2018-07-08 21:07:08'),
(69, 'pedet_5.jpg', 'C:\\xampp\\htdocs\\app.panel\\storage\\uploads\\2018-07-09-034035-pedet_5.jpg', 'jpg', '', 1, 'cb4cfjreycjjejhoxwj7', 1, NULL, '2018-07-08 20:40:35', '2018-07-08 21:07:14'),
(70, 'pedet_6.jpg', 'C:\\xampp\\htdocs\\app.panel\\storage\\uploads\\2018-07-09-034039-pedet_6.jpg', 'jpg', '', 1, 'lkcr3kcjtr7ke6iy06j0', 1, NULL, '2018-07-08 20:40:39', '2018-07-08 21:07:23'),
(71, 'pedet_7.jpg', 'C:\\xampp\\htdocs\\app.panel\\storage\\uploads\\2018-07-09-034044-pedet_7.jpg', 'jpg', '', 1, 'jplpycycktq0hog3nqpp', 1, NULL, '2018-07-08 20:40:44', '2018-07-08 20:40:44'),
(72, 'pedet_8.jpg', 'C:\\xampp\\htdocs\\app.panel\\storage\\uploads\\2018-07-09-034050-pedet_8.jpg', 'jpg', '', 1, 'qt7zmzuxaotlrydicvny', 1, NULL, '2018-07-08 20:40:50', '2018-07-08 20:40:50'),
(73, 'pedet_9.jpg', 'C:\\xampp\\htdocs\\app.panel\\storage\\uploads\\2018-07-09-034056-pedet_9.jpg', 'jpg', '', 1, 'hy3ilantaac7l9grqspm', 1, NULL, '2018-07-08 20:40:56', '2018-07-08 20:40:56'),
(74, 'Tomat.png', 'C:\\xampp\\htdocs\\app.panel\\storage\\uploads\\2021-02-05-065844-Tomat.png', 'png', '', 1, 'gczwhftzrcefcgti8zl2', 0, NULL, '2021-02-04 23:58:44', '2021-02-04 23:58:44'),
(75, 'test.png', 'D:/xampp/htdocs/sedana_admin/assets/uploads/images/test.png', 'image/png', '', 5, 'FAlyOJWS7916ED8J7ahD', 0, NULL, '2021-02-19 03:06:46', NULL),
(76, 'test.png', 'D:/xampp/htdocs/sedana_admin/assets/uploads/images/test.png', 'png', '', 5, 'Z64kulQBrEPsWsNyy8Z7', 0, NULL, '2021-02-19 03:08:22', NULL);

-- --------------------------------------------------------

--
