INSERT INTO `tm_hclaim_diagnosis_cat` (`hclaim_diagnosis_id`, `hclaim_diagnosis_cat_id`, `hclaim_diagnosis_desc`, `hclaim_diagnosis_desc_ind`) VALUES
('Y53.9', 'Y4x', 'Adverse effects in the therapeutic use of agent primarily affecting the gastrointestinal system, unspecified', 'Efek samping dalam penggunaan terapi agen terutama mempengaruhi sistem pencernaan , tidak spesifik'),
('Y54.0', 'Y4x', 'Adverse effects in the therapeutic use of mineralocorticoids', 'Efek samping dalam penggunaan terapi mineralokortikoid'),
('Y54.1', 'Y4x', 'Adverse effects in the therapeutic use of mineralocorticoid antagonists [aldosterone antagonists]', 'Efek samping dalam penggunaan terapi antagonis mineralokortikoid [ antagonis aldosteron ]'),
('Y54.2', 'Y4x', 'Adverse effects in the therapeutic use of carbonic-anhydrase inhibitors', 'Efek samping dalam penggunaan terapi inhibitor karbonat anhidrase -'),
('Y54.3', 'Y4x', 'Adverse effects in the therapeutic use of benzothiadiazine derivatives', 'Efek samping dalam penggunaan terapi derivatif benzothiadiazine'),
('Y54.4', 'Y4x', 'Adverse effects in the therapeutic use of loop [high-ceiling] diuretics', 'Efek samping dalam penggunaan terapi loop [ tinggi langit-langit ] diuretik'),
('Y54.5', 'Y4x', 'Adverse effects in the therapeutic use of other diuretics', 'Efek samping dalam penggunaan terapi diuretik lain'),
('Y54.6', 'Y4x', 'Adverse effects in the therapeutic use of electrolytic, caloric and water-balance agents', 'Efek samping dalam penggunaan terapi agen elektrolit , kalori dan air -balance'),
('Y54.7', 'Y4x', 'Adverse effects in the therapeutic use of agents affecting calcification', 'Efek samping dalam penggunaan terapi agen yang mempengaruhi kalsifikasi'),
('Y54.8', 'Y4x', 'Adverse effects in the therapeutic use of agents affecting uric acid metabolism', 'Efek samping dalam penggunaan terapi agen yang mempengaruhi metabolisme asam urat'),
('Y54.9', 'Y4x', 'Adverse effects in the therapeutic use of mineral salts, not elsewhere classified', 'Efek samping dalam penggunaan terapi garam mineral , tidak diklasifikasikan di tempat lain'),
('Y55.0', 'Y4x', 'Adverse effects in the therapeutic use of oxytocic drugs', 'Efek samping dalam penggunaan terapi obat sitotoksik'),
('Y55.1', 'Y4x', 'Adverse effects in the therapeutic use of skeletal muscle relaxants [neuromuscular blocking agents]', 'Efek samping dalam penggunaan terapi relaksan otot rangka [ neuromuscular blocking agen ]'),
('Y55.2', 'Y4x', 'Adverse effects in the therapeutic use of other and unspecified agents primarily acting on muscles', 'Efek samping dalam penggunaan terapi agen lain dan tidak spesifik terutama bertindak pada otot'),
('Y55.3', 'Y4x', 'Adverse effects in the therapeutic use of antitussives', 'Efek samping dalam penggunaan terapi antitusif'),
('Y55.4', 'Y4x', 'Adverse effects in the therapeutic use of expectorants', 'Efek samping dalam penggunaan terapi ekspektoran'),
('Y55.5', 'Y4x', 'Adverse effects in the therapeutic use of anti-common-cold drugs', 'Efek samping dalam penggunaan terapi obat anti - common- cold'),
('Y55.6', 'Y4x', 'Adverse effects in the therapeutic use of antiasthmatics, not elsewhere classified', 'Efek samping dalam penggunaan terapi antiasthmatics , tidak diklasifikasikan di tempat lain'),
('Y55.7', 'Y4x', 'Adverse effects in the therapeutic use of other and unspecified agents primarily acting on the respiratory system', 'Efek samping dalam penggunaan terapi agen lain dan tidak spesifik terutama bekerja pada sistem pernapasan'),
('Y56.0', 'Y4x', 'Adverse effects in the therapeutic use of local antifungal, anti-infective and anti-inflammatory drugs, not elsewhere classified', 'Efek samping dalam penggunaan terapi antijamur lokal , anti - infeksi dan obat anti - inflamasi , tidak diklasifikasikan di tempat lain'),
('Y56.1', 'Y4x', 'Adverse effects in the therapeutic use of antipruritics', 'Efek samping dalam penggunaan terapi antipruritus'),
('Y56.2', 'Y4x', 'Adverse effects in the therapeutic use of local astringents and local detergents', 'Efek samping dalam penggunaan terapi astringents lokal dan deterjen lokal'),
('Y56.3', 'Y4x', 'Adverse effects in the therapeutic use of emollients, demulcents and protectants', 'Efek samping dalam penggunaan terapi emolien , demulcents dan protectants'),
('Y56.4', 'Y4x', 'Adverse effects in the therapeutic use of keratolytics, keratoplastics and other hair treatment drugs and preparations', 'Efek samping dalam penggunaan terapi keratolitik , keratoplastics dan pengobatan obat rambut lainnya dan preparat'),
('Y56.5', 'Y4x', 'Adverse effects in the therapeutic use of ophthalmological drugs and preparations', 'Efek samping dalam penggunaan terapi obat oftalmologi dan persiapan'),
('Y56.6', 'Y4x', 'Adverse effects in the therapeutic use of otorhinolaryngological drugs and preparations', 'Efek samping dalam penggunaan terapi obat otorhinolaryngological dan persiapan'),
('Y56.7', 'Y4x', 'Adverse effects in the therapeutic use of dental drugs, topically applied', 'Efek samping dalam penggunaan terapi obat gigi , dioleskan'),
('Y56.8', 'Y4x', 'Adverse effects in the therapeutic use of other topical agents', 'Efek samping dalam penggunaan terapi agen topikal lain'),
('Y56.9', 'Y4x', 'Adverse effects in the therapeutic use of topical agent, unspecified', 'Efek samping dalam penggunaan terapi agen topikal , tidak spesifik'),
('Y57.0', 'Y4x', 'Adverse effects in the therapeutic use of appetite depressants [anorectics]', 'Efek samping dalam penggunaan terapi nafsu makan depresan [ anorectics ]'),
('Y57.1', 'Y4x', 'Adverse effects in the therapeutic use of lipotropic drugs', 'Efek samping dalam penggunaan terapi obat lipotropic'),
('Y57.2', 'Y4x', 'Adverse effects in the therapeutic use of antidotes and chelating agents, not elsewhere classified', 'Efek samping dalam penggunaan terapi penangkal dan agen chelating , tidak diklasifikasikan di tempat lain'),
('Y57.3', 'Y4x', 'Adverse effects in the therapeutic use of alcohol deterrents', 'Efek samping dalam penggunaan terapi pencegah alkohol'),
('Y57.4', 'Y4x', 'Adverse effects in the therapeutic use of pharmaceutical excipients', 'Efek samping dalam penggunaan terapi eksipien farmasi'),
('Y57.5', 'Y4x', 'Adverse effects in the therapeutic use of x-ray contrast media', 'Efek samping dalam penggunaan terapi x - ray media kontras'),
('Y57.6', 'Y4x', 'Adverse effects in the therapeutic use of other diagnostic agents', 'Efek samping dalam penggunaan terapi agen diagnostik lainnya'),
('Y57.7', 'Y4x', 'Adverse effects in the therapeutic use of vitamins, not elsewhere classified', 'Efek samping dalam penggunaan terapi vitamin , tidak diklasifikasikan di tempat lain'),
('Y57.8', 'Y4x', 'Adverse effects in the therapeutic use of other drugs and medicaments', 'Efek samping dalam penggunaan terapi obat lain dan obat-obatan'),
('Y57.9', 'Y4x', 'Adverse effects in the therapeutic use of drug or medicament, unspecified', 'Efek samping dalam penggunaan terapi obat atau obat , tidak spesifik'),
('Y58.0', 'Y4x', 'Adverse effects in the therapeutic use of BCG vaccine', 'Efek samping dalam penggunaan terapi vaksin BCG'),
('Y58.1', 'Y4x', 'Adverse effects in the therapeutic use of typhoid and paratyphoid vaccine', 'Efek samping dalam penggunaan terapi vaksin tifoid dan paratifoid'),
('Y58.2', 'Y4x', 'Adverse effects in the therapeutic use of cholera vaccine', 'Efek samping dalam penggunaan terapi vaksin kolera'),
('Y58.3', 'Y4x', 'Adverse effects in the therapeutic use of plague vaccine', 'Efek samping dalam penggunaan terapi vaksin wabah'),
('Y58.4', 'Y4x', 'Adverse effects in the therapeutic use of tetanus vaccine', 'Efek samping dalam penggunaan terapi vaksin tetanus'),
('Y58.5', 'Y4x', 'Adverse effects in the therapeutic use of diphtheria vaccine', 'Efek samping dalam penggunaan terapi vaksin difteri'),
('Y58.6', 'Y4x', 'Adverse effects in the therapeutic use of pertussis vaccine, including combinations with a pertussis component', 'Efek samping dalam penggunaan terapi vaksin pertusis , termasuk kombinasi dengan komponen pertusis'),
('Y58.8', 'Y4x', 'Adverse effects in the therapeutic use of mixed bacterial vaccines, except combinations with a pertussis component', 'Efek samping dalam penggunaan terapi vaksin bakteri campuran , kecuali kombinasi dengan komponen pertusis'),
('Y58.9', 'Y4x', 'Adverse effects in the therapeutic use of other and unspecified bacterial vaccines', 'Efek samping dalam penggunaan terapi vaksin bakteri lain dan tidak spesifik'),
('Y59.0', 'Y4x', 'Adverse effects in the therapeutic use of viral vaccines', 'Efek samping dalam penggunaan terapi vaksin virus'),
('Y59.1', 'Y4x', 'Adverse effects in the therapeutic use of rickettsial vaccines', 'Efek samping dalam penggunaan terapi vaksin riketsia'),
('Y59.2', 'Y4x', 'Adverse effects in the therapeutic use of protozoal vaccines', 'Efek samping dalam penggunaan terapi vaksin protozoa'),
('Y59.3', 'Y4x', 'Adverse effects in the therapeutic use of immunoglobulin', 'Efek samping dalam penggunaan terapi imunoglobulin'),
('Y59.8', 'Y4x', 'Adverse effects in the therapeutic use of other specified vaccines and biological substances', 'Efek samping dalam penggunaan terapi vaksin tertentu lainnya dan bahan biologi'),
('Y59.9', 'Y4x', 'Adverse effects in the therapeutic use of vaccine or biological substance, unspecified', 'Efek samping dalam penggunaan terapi vaksin atau zat biologis , tidak spesifik'),
('Y60.0', 'Y6x', 'Injury due to unintentional cut, puncture, perforation or haemorrhage during surgical operation', 'Cedera karena disengaja cut , tusuk, perforasi atau perdarahan selama operasi bedah'),
('Y60.1', 'Y6x', 'Injury due to unintentional cut, puncture, perforation or haemorrhage during infusion or transfusion', 'Cedera karena disengaja cut , tusuk, perforasi atau perdarahan selama infus atau transfusi'),
('Y60.2', 'Y6x', 'Injury due to unintentional cut, puncture, perforation or haemorrhage during kidney dialysis or other perfusion', 'Cedera karena disengaja cut , tusuk, perforasi atau perdarahan selama dialisis ginjal atau perfusi lainnya'),
('Y60.3', 'Y6x', 'Injury due to unintentional cut, puncture, perforation or haemorrhage during injection or immunization', 'Cedera karena disengaja cut , tusuk, perforasi atau perdarahan selama suntikan atau imunisasi'),
('Y60.4', 'Y6x', 'Injury due to unintentional cut, puncture, perforation or haemorrhage during endoscopic examination', 'Cedera karena disengaja cut , tusuk, perforasi atau perdarahan selama pemeriksaan endoskopi'),
('Y60.5', 'Y6x', 'Injury due to unintentional cut, puncture, perforation or haemorrhage during heart catheterization', 'Cedera karena disengaja cut , tusuk, perforasi atau perdarahan selama kateterisasi jantung'),
('Y60.6', 'Y6x', 'Injury due to unintentional cut, puncture, perforation or haemorrhage during aspiration, puncture and other catheterization', 'Cedera karena disengaja cut , tusuk, perforasi atau perdarahan selama aspirasi , tusukan dan kateterisasi lainnya'),
('Y60.7', 'Y6x', 'Injury due to unintentional cut, puncture, perforation or haemorrhage during administration of enema', 'Cedera karena disengaja cut , tusuk, perforasi atau perdarahan selama pemberian enema'),
('Y60.8', 'Y6x', 'Injury due to unintentional cut, puncture, perforation or haemorrhage during other surgical and medical care', 'Cedera karena disengaja cut , tusuk, perforasi atau perdarahan selama perawatan bedah dan medis lainnya'),
('Y60.9', 'Y6x', 'Injury due to unintentional cut, puncture, perforation or haemorrhage during unspecified surgical and medical care', 'Cedera karena disengaja cut , tusuk, perforasi atau perdarahan selama perawatan bedah dan medis yang tidak spesifik'),
('Y61.0', 'Y6x', 'Injury due to foreign object accidentally left in body during surgical operation', 'Cedera akibat benda asing sengaja meninggalkan di dalam tubuh selama operasi bedah'),
('Y61.1', 'Y6x', 'Injury due to foreign object accidentally left in body during infusion or transfusion', 'Cedera akibat benda asing sengaja meninggalkan di dalam tubuh selama infus atau transfusi'),
('Y61.2', 'Y6x', 'Injury due to foreign object accidentally left in body during kidney dialysis or other perfusion', 'Cedera akibat benda asing sengaja meninggalkan di dalam tubuh selama dialisis ginjal atau perfusi lainnya'),
('Y61.3', 'Y6x', 'Injury due to foreign object accidentally left in body during injection or immunization', 'Cedera akibat benda asing sengaja meninggalkan di dalam tubuh selama suntikan atau imunisasi'),
('Y61.4', 'Y6x', 'Injury due to foreign object accidentally left in body during endoscopic examination', 'Cedera akibat benda asing sengaja meninggalkan di dalam tubuh selama pemeriksaan endoskopi'),
('Y61.5', 'Y6x', 'Injury due to foreign object accidentally left in body during heart catheterization', 'Cedera akibat benda asing sengaja meninggalkan di dalam tubuh selama kateterisasi jantung'),
('Y61.6', 'Y6x', 'Injury due to foreign object accidentally left in body during aspiration, puncture and other catheterization', 'Cedera akibat benda asing sengaja meninggalkan di dalam tubuh selama aspirasi , tusukan dan kateterisasi lainnya'),
('Y61.7', 'Y6x', 'Injury due to foreign object accidentally left in body during removal of catheter or packing', 'Cedera akibat benda asing sengaja meninggalkan di dalam tubuh selama penghapusan kateter atau packing'),
('Y61.8', 'Y6x', 'Injury due to foreign object accidentally left in body during other surgical and medical care', 'Cedera akibat benda asing sengaja meninggalkan di dalam tubuh selama perawatan bedah dan medis lainnya'),
('Y61.9', 'Y6x', 'Injury due to foreign object accidentally left in body during unspecified surgical and medical care', 'Cedera akibat benda asing sengaja meninggalkan di dalam tubuh selama perawatan bedah dan medis yang tidak spesifik'),
('Y62.0', 'Y6x', 'Injury due to failure of sterile precautions during surgical operation', 'Cedera akibat kegagalan tindakan pencegahan steril selama operasi bedah'),
('Y62.1', 'Y6x', 'Injury due to failure of sterile precautions during infusion or transfusion', 'Cedera akibat kegagalan tindakan pencegahan steril selama infus atau transfusi'),
('Y62.2', 'Y6x', 'Injury due to failure of sterile precautions during kidney dialysis or other perfusion', 'Cedera akibat kegagalan tindakan pencegahan steril selama dialisis ginjal atau perfusi lainnya'),
('Y62.3', 'Y6x', 'Injury due to failure of sterile precautions during injection or immunization', 'Cedera akibat kegagalan tindakan pencegahan steril selama suntikan atau imunisasi'),
('Y62.4', 'Y6x', 'Injury due to failure of sterile precautions during endoscopic examination', 'Cedera akibat kegagalan tindakan pencegahan steril selama pemeriksaan endoskopi'),
('Y62.5', 'Y6x', 'Injury due to failure of sterile precautions during heart catheterization', 'Cedera akibat kegagalan tindakan pencegahan steril selama kateterisasi jantung'),
('Y62.6', 'Y6x', 'Injury due to failure of sterile precautions during aspiration, puncture and other catheterization', 'Cedera akibat kegagalan tindakan pencegahan steril selama aspirasi , tusukan dan kateterisasi lainnya'),
('Y62.8', 'Y6x', 'Injury due to failure of sterile precautions during other surgical and medical care', 'Cedera akibat kegagalan tindakan pencegahan steril selama perawatan bedah dan medis lainnya'),
('Y62.9', 'Y6x', 'Injury due to failure of sterile precautions during unspecified surgical and medical care', 'Cedera akibat kegagalan tindakan pencegahan steril selama perawatan bedah dan medis yang tidak spesifik'),
('Y63.0', 'Y6x', 'Injury due to excessive amount of blood or other fluid given during transfusion or infusion', 'Cedera karena jumlah berlebihan darah atau cairan lain yang diberikan selama transfusi atau infus'),
('Y63.1', 'Y6x', 'Injury due to incorrect dilution of fluid used during infusion', 'Cedera akibat pengenceran yang salah cairan yang digunakan selama infus'),
('Y63.2', 'Y6x', 'Injury due to overdose of radiation given during therapy', 'Cedera akibat overdosis radiasi diberikan selama terapi'),
('Y63.3', 'Y6x', 'Injury due to inadvertent exposure of patient to radiation during medical care', 'Cedera akibat eksposur sengaja pasien untuk radiasi selama perawatan medis'),
('Y63.4', 'Y6x', 'Injury due to failure in dosage in electroshock or insulin-shock therapy', 'Cedera akibat kegagalan dalam dosis dalam kejut listrik atau terapi insulin -shock'),
('Y63.5', 'Y6x', 'Injury due to inappropriate temperature in local application and packing', 'Cedera akibat suhu yang tidak pantas dalam aplikasi lokal dan packing'),
('Y63.6', 'Y6x', 'Injury due to nonadministration of necessary drug, medicament or biological substance', 'Cedera akibat nonadministration obat yang diperlukan , obat atau zat biologis'),
('Y63.8', 'Y6x', 'Injury due to failure in dosage during other surgical and medical care', 'Cedera akibat kegagalan dalam dosis selama perawatan bedah dan medis lainnya'),
('Y63.9', 'Y6x', 'Injury due to failure in dosage during unspecified surgical and medical care', 'Cedera akibat kegagalan dalam dosis selama perawatan bedah dan medis yang tidak spesifik'),
('Y64.0', 'Y6x', 'Injury due to contaminated medical or biological substance, transfused or infused', 'Cedera akibat zat medis atau biologis yang terkontaminasi , transfusi atau infus'),
('Y64.1', 'Y6x', 'Injury due to contaminated medical or biological substance, injected or used for immunization', 'Cedera akibat zat medis atau biologis yang terkontaminasi , disuntikkan atau digunakan untuk imunisasi'),
('Y64.8', 'Y6x', 'Injury due to contaminated medical or biological substance administered by other means', 'Cedera akibat zat medis atau biologis yang terkontaminasi dikelola dengan cara lain'),
('Y64.9', 'Y6x', 'Injury due to contaminated medical or biological substance administered by unspecified means', 'Cedera akibat zat medis atau biologis yang terkontaminasi dikelola dengan cara yang tidak spesifik'),
('Y65.0', 'Y6x', 'Injury due to mismatched blood used in transfusion', 'Cedera karena darah yang tidak cocok digunakan dalam transfusi'),
('Y65.1', 'Y6x', 'Injury due to wrong fluid used in infusion', 'Cedera akibat cairan yang salah digunakan dalam infus'),
('Y65.2', 'Y6x', 'Injury due to failure in suture or ligature during surgical operation', 'Cedera akibat kegagalan dalam jahitan atau ligatur selama operasi bedah'),
('Y65.3', 'Y6x', 'Injury due to endotracheal tube wrongly placed during anaesthetic procedure', 'Cedera akibat tabung endotrakeal salah ditempatkan selama prosedur anestesi'),
('Y65.4', 'Y6x', 'Injury due to failure to introduce or to remove other tube or instrument', 'Cedera karena kegagalan untuk memperkenalkan atau menghapus tabung atau instrumen lain'),
('Y65.5', 'Y6x', 'Injury due to performance of inappropriate operation', 'Cedera karena kinerja operasi yang tidak pantas'),
('Y65.8', 'Y6x', 'Injury due to other specified misadventures during surgical and medical care', 'Cedera karena kesialan tertentu lainnya selama perawatan bedah dan medis'),
('Y66', 'Y6x', 'Injury due to nonadministration of surgical and medical care', 'Cedera akibat nonadministration perawatan bedah dan medis'),
('Y69', 'Y6x', 'Injury due to unspecified misadventure during surgical and medical care', 'Cedera akibat kecelakaan yang tidak spesifik selama perawatan bedah dan medis'),
('Y70.0', 'Y7x', 'Anaesthesiology devices associated with adverse incidents, diagnostic and monitoring devices', 'Perangkat Anestesiologi terkait dengan insiden yang merugikan , perangkat diagnostik dan pemantauan'),
('Y70.1', 'Y7x', 'Anaesthesiology devices associated with adverse incidents, therapeutic (nonsurgical) and rehabilitative devices', 'Perangkat Anestesiologi terkait dengan insiden yang merugikan , terapi ( tanpa pembedahan ) dan perangkat rehabilitatif'),
('Y70.2', 'Y7x', 'Anaesthesiology devices associated with adverse incidents, prosthetic and other implants, materials and accessory devices', 'Perangkat Anestesiologi terkait dengan insiden yang merugikan , prostetik dan lainnya implan , bahan dan perangkat aksesori'),
('Y70.3', 'Y7x', 'Anaesthesiology devices associated with adverse incidents, surgical instruments, materials and devices (including sutures)', 'Perangkat Anestesiologi terkait dengan insiden yang merugikan , instrumen bedah , bahan dan perangkat ( termasuk jahitan )'),
('Y70.8', 'Y7x', 'Anaesthesiology devices associated with adverse incidents, miscellaneous devices, not elsewhere classified', 'Perangkat Anestesiologi terkait dengan insiden yang merugikan , perangkat lain-lain , tidak diklasifikasikan di tempat lain'),
('Y71.0', 'Y7x', 'Cardiovascular devices associated with adverse incidents, diagnostic and monitoring devices', 'Perangkat kardiovaskular terkait dengan insiden yang merugikan , perangkat diagnostik dan pemantauan'),
('Y71.1', 'Y7x', 'Cardiovascular devices associated with adverse incidents, therapeutic (nonsurgical) and rehabilitative devices', 'Perangkat kardiovaskular terkait dengan insiden yang merugikan , terapi ( tanpa pembedahan ) dan perangkat rehabilitatif'),
('Y71.2', 'Y7x', 'Cardiovascular devices associated with adverse incidents, prosthetic and other implants, materials and accessory devices', 'Perangkat kardiovaskular terkait dengan insiden yang merugikan , prostetik dan lainnya implan , bahan dan perangkat aksesori'),
('Y71.3', 'Y7x', 'Cardiovascular devices associated with adverse incidents, surgical instruments, materials and devices (including sutures)', 'Perangkat kardiovaskular terkait dengan insiden yang merugikan , instrumen bedah , bahan dan perangkat ( termasuk jahitan )'),
('Y71.8', 'Y7x', 'Cardiovascular devices associated with adverse incidents, miscellaneous devices, not elsewhere classified', 'Perangkat kardiovaskular terkait dengan insiden yang merugikan , perangkat lain-lain , tidak diklasifikasikan di tempat lain'),
('Y72.0', 'Y7x', 'Otorhinolaryngological devices associated with adverse incidents, diagnostic and monitoring devices', 'Perangkat Otorhinolaryngological terkait dengan insiden yang merugikan , perangkat diagnostik dan pemantauan'),
('Y72.1', 'Y7x', 'Otorhinolaryngological devices associated with adverse incidents, therapeutic (nonsurgical) and rehabilitative devices', 'Perangkat Otorhinolaryngological terkait dengan insiden yang merugikan , terapi ( tanpa pembedahan ) dan perangkat rehabilitatif'),
('Y72.2', 'Y7x', 'Otorhinolaryngological devices associated with adverse incidents, prosthetic and other implants, materials and accessory devices', 'Perangkat Otorhinolaryngological terkait dengan insiden yang merugikan , prostetik dan lainnya implan , bahan dan perangkat aksesori'),
('Y72.3', 'Y7x', 'Otorhinolaryngological devices associated with adverse incidents, surgical instruments, materials and devices (including sutures)', 'Perangkat Otorhinolaryngological terkait dengan insiden yang merugikan , instrumen bedah , bahan dan perangkat ( termasuk jahitan )'),
('Y72.8', 'Y7x', 'Otorhinolaryngological devices associated with adverse incidents, miscellaneous devices, not elsewhere classified', 'Perangkat Otorhinolaryngological terkait dengan insiden yang merugikan , perangkat lain-lain , tidak diklasifikasikan di tempat lain'),
('Y73.0', 'Y7x', 'Gastroenterology and urology devices associated with adverse incidents, diagnostic and monitoring devices', 'Gastroenterologi dan urologi perangkat yang terkait dengan insiden yang merugikan , perangkat diagnostik dan pemantauan'),
('Y73.1', 'Y7x', 'Gastroenterology and urology devices associated with adverse incidents, therapeutic (nonsurgical) and rehabilitative devices', 'Gastroenterologi dan urologi perangkat yang terkait dengan insiden yang merugikan , terapi ( tanpa pembedahan ) dan perangkat rehabilitatif'),
('Y73.2', 'Y7x', 'Gastroenterology and urology devices associated with adverse incidents, prosthetic and other implants, materials and accessory devices', 'Gastroenterologi dan urologi perangkat yang terkait dengan insiden yang merugikan , prostetik dan lainnya implan , bahan dan perangkat aksesori'),
('Y73.3', 'Y7x', 'Gastroenterology and urology devices associated with adverse incidents, surgical instruments, materials and devices (including sutures)', 'Gastroenterologi dan urologi perangkat yang terkait dengan insiden yang merugikan , instrumen bedah , bahan dan perangkat ( termasuk jahitan )'),
('Y73.8', 'Y7x', 'Gastroenterology and urology devices associated with adverse incidents, miscellaneous devices, not elsewhere classified', 'Gastroenterologi dan urologi perangkat yang terkait dengan insiden yang merugikan , perangkat lain-lain , tidak diklasifikasikan di tempat lain'),
('Y74.0', 'Y7x', 'General hospital and personal-use devices associated with adverse incidents, diagnostic and monitoring devices', 'Rumah sakit dan pribadi menggunakan perangkat umum yang terkait dengan insiden yang merugikan , perangkat diagnostik dan pemantauan'),
('Y74.1', 'Y7x', 'General hospital and personal-use devices associated with adverse incidents, therapeutic (nonsurgical) and rehabilitative devices', 'Rumah sakit dan pribadi menggunakan perangkat umum yang terkait dengan insiden yang merugikan , terapi ( tanpa pembedahan ) dan perangkat rehabilitatif'),
('Y74.2', 'Y7x', 'General hospital and personal-use devices associated with adverse incidents, prosthetic and other implants, materials and accessory devices', 'Rumah sakit umum dan perangkat pribadi digunakan terkait dengan insiden yang merugikan , prostetik dan lainnya implan , bahan dan perangkat aksesori'),
('Y74.3', 'Y7x', 'General hospital and personal-use devices associated with adverse incidents, surgical instruments, materials and devices (including sutures)', 'Rumah sakit umum dan pribadi menggunakan perangkat yang terkait dengan insiden yang merugikan , instrumen bedah , bahan dan perangkat ( termasuk jahitan )'),
('Y74.8', 'Y7x', 'General hospital and personal-use devices associated with adverse incidents, miscellaneous devices, not elsewhere classified', 'Rumah sakit dan pribadi menggunakan perangkat umum yang terkait dengan insiden yang merugikan , perangkat lain-lain , tidak diklasifikasikan di tempat lain'),
('Y75.0', 'Y7x', 'Neurological devices associated with adverse incidents, diagnostic and monitoring devices', 'Perangkat neurologis terkait dengan insiden yang merugikan , perangkat diagnostik dan pemantauan'),
('Y75.1', 'Y7x', 'Neurological devices associated with adverse incidents, therapeutic (nonsurgical) and rehabilitative devices', 'Perangkat neurologis terkait dengan insiden yang merugikan , terapi ( tanpa pembedahan ) dan perangkat rehabilitatif'),
('Y75.2', 'Y7x', 'Neurological devices associated with adverse incidents, prosthetic and other implants, materials and accessory devices', 'Perangkat neurologis terkait dengan insiden yang merugikan , prostetik dan lainnya implan , bahan dan perangkat aksesori'),
('Y75.3', 'Y7x', 'Neurological devices associated with adverse incidents, surgical instruments, materials and devices (including sutures)', 'Perangkat neurologis terkait dengan insiden yang merugikan , instrumen bedah , bahan dan perangkat ( termasuk jahitan )'),
('Y75.8', 'Y7x', 'Neurological devices associated with adverse incidents, miscellaneous devices, not elsewhere classified', 'Perangkat neurologis terkait dengan insiden yang merugikan , perangkat lain-lain , tidak diklasifikasikan di tempat lain'),
('Y76.0', 'Y7x', 'Obstetric and gynaecological devices associated with adverse incidents, diagnostic and monitoring devices', 'Perangkat Obstetri dan ginekologi terkait dengan insiden yang merugikan , perangkat diagnostik dan pemantauan'),
('Y76.1', 'Y7x', 'Obstetric and gynaecological devices associated with adverse incidents, therapeutic (nonsurgical) and rehabilitative devices', 'Perangkat Obstetri dan ginekologi terkait dengan insiden yang merugikan , terapi ( tanpa pembedahan ) dan perangkat rehabilitatif'),
('Y76.2', 'Y7x', 'Obstetric and gynaecological devices associated with adverse incidents, prosthetic and other implants, materials and accessory devices', 'Perangkat Obstetri dan ginekologi terkait dengan insiden yang merugikan , prostetik dan lainnya implan , bahan dan perangkat aksesori'),
('Y76.3', 'Y7x', 'Obstetric and gynaecological devices associated with adverse incidents, surgical instruments, materials and devices (including sutures)', 'Perangkat Obstetri dan ginekologi terkait dengan insiden yang merugikan , instrumen bedah , bahan dan perangkat ( termasuk jahitan )'),
('Y76.8', 'Y7x', 'Obstetric and gynaecological devices associated with adverse incidents, miscellaneous devices, not elsewhere classified', 'Perangkat Obstetri dan ginekologi terkait dengan insiden yang merugikan , perangkat lain-lain , tidak diklasifikasikan di tempat lain'),
('Y77.0', 'Y7x', 'Ophthalmic devices associated with adverse incidents, diagnostic and monitoring devices', 'Perangkat oftalmik terkait dengan insiden yang merugikan , perangkat diagnostik dan pemantauan'),
('Y77.1', 'Y7x', 'Ophthalmic devices associated with adverse incidents, therapeutic (nonsurgical) and rehabilitative devices', 'Perangkat oftalmik terkait dengan insiden yang merugikan , terapi ( tanpa pembedahan ) dan perangkat rehabilitatif'),
('Y77.2', 'Y7x', 'Ophthalmic devices associated with adverse incidents, prosthetic and other implants, materials and accessory devices', 'Perangkat oftalmik terkait dengan insiden yang merugikan , prostetik dan lainnya implan , bahan dan perangkat aksesori'),
('Y77.3', 'Y7x', 'Ophthalmic devices associated with adverse incidents, surgical instruments, materials and devices (including sutures)', 'Perangkat oftalmik terkait dengan insiden yang merugikan , instrumen bedah , bahan dan perangkat ( termasuk jahitan )'),
('Y77.8', 'Y7x', 'Ophthalmic devices associated with adverse incidents, miscellaneous devices, not elsewhere classified', 'Perangkat oftalmik terkait dengan insiden yang merugikan , perangkat lain-lain , tidak diklasifikasikan di tempat lain'),
('Y78.0', 'Y7x', 'Radiological devices associated with adverse incidents, diagnostic and monitoring devices', 'Perangkat Radiologi terkait dengan insiden yang merugikan , perangkat diagnostik dan pemantauan'),
('Y78.1', 'Y7x', 'Radiological devices associated with adverse incidents, therapeutic (nonsurgical) and rehabilitative devices', 'Perangkat Radiologi terkait dengan insiden yang merugikan , terapi ( tanpa pembedahan ) dan perangkat rehabilitatif'),
('Y78.2', 'Y7x', 'Radiological devices associated with adverse incidents, prosthetic and other implants, materials and accessory devices', 'Perangkat Radiologi terkait dengan insiden yang merugikan , prostetik dan lainnya implan , bahan dan perangkat aksesori'),
('Y78.3', 'Y7x', 'Radiological devices associated with adverse incidents, surgical instruments, materials and devices (including sutures)', 'Perangkat Radiologi terkait dengan insiden yang merugikan , instrumen bedah , bahan dan perangkat ( termasuk jahitan )'),
('Y78.8', 'Y7x', 'Radiological devices associated with adverse incidents, miscellaneous devices, not elsewhere classified', 'Perangkat Radiologi terkait dengan insiden yang merugikan , perangkat lain-lain , tidak diklasifikasikan di tempat lain'),
('Y79.0', 'Y7x', 'Orthopaedic devices associated with adverse incidents, diagnostic and monitoring devices', 'Perangkat ortopedi terkait dengan insiden yang merugikan , perangkat diagnostik dan pemantauan'),
('Y79.1', 'Y7x', 'Orthopaedic devices associated with adverse incidents, therapeutic (nonsurgical) and rehabilitative devices', 'Perangkat ortopedi terkait dengan insiden yang merugikan , terapi ( tanpa pembedahan ) dan perangkat rehabilitatif'),
('Y79.2', 'Y7x', 'Orthopaedic devices associated with adverse incidents, prosthetic and other implants, materials and accessory devices', 'Perangkat ortopedi terkait dengan insiden yang merugikan , prostetik dan lainnya implan , bahan dan perangkat aksesori'),
('Y79.3', 'Y7x', 'Orthopaedic devices associated with adverse incidents, surgical instruments, materials and devices (including sutures)', 'Perangkat ortopedi terkait dengan insiden yang merugikan , instrumen bedah , bahan dan perangkat ( termasuk jahitan )'),
('Y79.8', 'Y7x', 'Orthopaedic devices associated with adverse incidents, miscellaneous devices, not elsewhere classified', 'Perangkat ortopedi terkait dengan insiden yang merugikan , perangkat lain-lain , tidak diklasifikasikan di tempat lain'),
('Y80.0', 'Y7x', 'Physical medicine devices associated with adverse incidents, diagnostic and monitoring devices', 'Perangkat kedokteran fisik yang terkait dengan insiden yang merugikan , perangkat diagnostik dan pemantauan'),
('Y80.1', 'Y7x', 'Physical medicine devices associated with adverse incidents, therapeutic (nonsurgical) and rehabilitative devices', 'Perangkat kedokteran fisik yang terkait dengan insiden yang merugikan , terapi ( tanpa pembedahan ) dan perangkat rehabilitatif'),
('Y80.2', 'Y7x', 'Physical medicine devices associated with adverse incidents, prosthetic and other implants, materials and accessory devices', 'Perangkat kedokteran fisik yang terkait dengan insiden yang merugikan , prostetik dan lainnya implan , bahan dan perangkat aksesori'),
('Y80.3', 'Y7x', 'Physical medicine devices associated with adverse incidents, surgical instruments, materials and devices (including sutures)', 'Perangkat kedokteran fisik yang terkait dengan insiden yang merugikan , instrumen bedah , bahan dan perangkat ( termasuk jahitan )'),
('Y80.8', 'Y7x', 'Physical medicine devices associated with adverse incidents, miscellaneous devices, not elsewhere classified', 'Perangkat kedokteran fisik yang terkait dengan insiden yang merugikan , perangkat lain-lain , tidak diklasifikasikan di tempat lain'),
('Y81.0', 'Y7x', 'General- and plastic-surgery devices associated with adverse incidents, diagnostic and monitoring devices', 'Perangkat umum dan bedah plastik terkait dengan insiden yang merugikan , perangkat diagnostik dan pemantauan'),
('Y81.1', 'Y7x', 'General- and plastic-surgery devices associated with adverse incidents, therapeutic (nonsurgical) and rehabilitative devices', 'Perangkat umum dan bedah plastik terkait dengan insiden yang merugikan , terapi ( tanpa pembedahan ) dan perangkat rehabilitatif'),
('Y81.2', 'Y7x', 'General- and plastic-surgery devices associated with adverse incidents, prosthetic and other implants, materials and accessory devices', 'Perangkat umum dan bedah plastik terkait dengan insiden yang merugikan , prostetik dan lainnya implan , bahan dan perangkat aksesori'),
('Y81.3', 'Y7x', 'General- and plastic-surgery devices associated with adverse incidents, surgical instruments, materials and devices (including sutures)', 'Perangkat umum dan bedah plastik terkait dengan insiden yang merugikan , instrumen bedah , bahan dan perangkat ( termasuk jahitan )'),
('Y81.8', 'Y7x', 'General- and plastic-surgery devices associated with adverse incidents, miscellaneous devices, not elsewhere classified', 'Perangkat umum dan bedah plastik terkait dengan insiden yang merugikan , perangkat lain-lain , tidak diklasifikasikan di tempat lain'),
('Y82.0', 'Y7x', 'Other and unspecified medical devices associated with adverse incidents, diagnostic and monitoring devices', 'Perangkat medis lainnya dan tidak spesifik terkait dengan insiden yang merugikan , perangkat diagnostik dan pemantauan'),
('Y82.1', 'Y7x', 'Other and unspecified medical devices associated with adverse incidents, therapeutic (nonsurgical) and rehabilitative devices', 'Perangkat medis lainnya dan tidak spesifik terkait dengan insiden yang merugikan , terapi ( tanpa pembedahan ) dan perangkat rehabilitatif'),
('Y82.2', 'Y7x', 'Other and unspecified medical devices associated with adverse incidents, prosthetic and other implants, materials and accessory devices', 'Perangkat medis lainnya dan tidak spesifik terkait dengan insiden yang merugikan , prostetik dan lainnya implan , bahan dan perangkat aksesori'),
('Y82.3', 'Y7x', 'Other and unspecified medical devices associated with adverse incidents, surgical instruments, materials and devices (including sutures)', 'Perangkat medis lainnya dan tidak spesifik terkait dengan insiden yang merugikan , instrumen bedah , bahan dan perangkat ( termasuk jahitan )'),
('Y82.8', 'Y7x', 'Other and unspecified medical devices associated with adverse incidents, miscellaneous devices, not elsewhere classified', 'Perangkat medis lainnya dan tidak spesifik terkait dengan insiden yang merugikan , perangkat lain-lain , tidak diklasifikasikan di tempat lain'),
('Y83.0', 'Y8z', 'Surgical operation with transplant of whole organ', 'Operasi bedah dengan transplantasi seluruh organ'),
('Y83.1', 'Y8z', 'Surgical operation with implant of artificial internal device', 'Operasi bedah dengan implan perangkat internal yang buatan'),
('Y83.2', 'Y8z', 'Surgical operation with anastomosis, bypass or graft', 'Operasi bedah dengan anastomosis , bypass atau graft'),
('Y83.3', 'Y8z', 'Surgical operation with formation of external stoma', 'Operasi bedah dengan pembentukan stoma eksternal'),
('Y83.4', 'Y8z', 'Other reconstructive surgery', 'Bedah rekonstruksi lainnya'),
('Y83.5', 'Y8z', 'Amputation of limb(s)', 'Amputasi ekstremitas ( s )'),
('Y83.6', 'Y8z', 'Removal of other organ (partial) (total)', 'Penghapusan organ lain ( parsial ) ( total)'),
('Y83.8', 'Y8z', 'Other surgical procedures', 'Prosedur bedah lainnya'),
('Y83.9', 'Y8z', 'Surgical procedure, unspecified', 'Prosedur bedah , tidak spesifik'),
('Y84.0', 'Y8z', 'Cardiac catheterization as the cause of abnormal reaction of the patient, or of later complication, without mention of misadventure at the time of the procedure', 'Kateterisasi jantung sebagai penyebab reaksi abnormal pasien , atau komplikasi kemudian, tanpa menyebutkan kecelakaan pada saat prosedur'),
('Y84.1', 'Y8z', 'Kidney dialysis as the cause of abnormal reaction of the patient, or of later complication, without mention of misadventure at the time of the procedure', 'Ginjal dialisis sebagai penyebab reaksi abnormal pasien , atau komplikasi kemudian, tanpa menyebutkan kecelakaan pada saat prosedur'),
('Y84.2', 'Y8z', 'Radiological procedure and radiotherapy as the cause of abnormal reaction of the patient, or of later complication, without mention of misadventure at the time of the procedure', 'Prosedur Radiologi dan radioterapi sebagai penyebab reaksi abnormal pasien , atau komplikasi kemudian, tanpa menyebutkan kecelakaan pada saat prosedur'),
('Y84.3', 'Y8z', 'Shock therapy as the cause of abnormal reaction of the patient, or of later complication, without mention of misadventure at the time of the procedure', 'Shock therapy sebagai penyebab reaksi abnormal pasien , atau komplikasi kemudian, tanpa menyebutkan kecelakaan pada saat prosedur'),
('Y84.4', 'Y8z', 'Aspiration of fluid as the cause of abnormal reaction of the patient, or of later complication, without mention of misadventure at the time of the procedure', 'Aspirasi cairan sebagai penyebab reaksi abnormal pasien , atau komplikasi kemudian, tanpa menyebutkan kecelakaan pada saat prosedur'),
('Y84.5', 'Y8z', 'Insertion of gastric or duodenal sound as the cause of abnormal reaction of the patient, or of later complication, without mention of misadventure at the time of the procedure', 'Penyisipan suara lambung atau duodenum sebagai penyebab reaksi abnormal pasien , atau komplikasi kemudian, tanpa menyebutkan kecelakaan pada saat prosedur'),
('Y84.6', 'Y8z', 'Urinary catheterization as the cause of abnormal reaction of the patient, or of later complication, without mention of misadventure at the time of the procedure', 'Kateterisasi urin sebagai penyebab reaksi abnormal pasien , atau komplikasi kemudian, tanpa menyebutkan kecelakaan pada saat prosedur'),
('Y84.7', 'Y8z', 'Blood-sampling as the cause of abnormal reaction of the patient, or of later complication, without mention of misadventure at the time of the procedure', 'Darah - sampel sebagai penyebab reaksi abnormal pasien , atau komplikasi kemudian, tanpa menyebutkan kecelakaan pada saat prosedur'),
('Y84.8', 'Y8z', 'Other medical procedures as the cause of abnormal reaction of the patient, or of later complication, without mention of misadventure at the time of the procedure', 'Prosedur medis lainnya sebagai penyebab reaksi abnormal pasien , atau komplikasi kemudian, tanpa menyebutkan kecelakaan pada saat prosedur'),
('Y84.9', 'Y8z', 'Medical procedure, unspecified as the cause of abnormal reaction of the patient, or of later complication, without mention of misadventure at the time of the procedure', 'Prosedur medis , tidak spesifik sebagai penyebab reaksi abnormal pasien , atau komplikasi kemudian, tanpa menyebutkan kecelakaan pada saat prosedur'),
('Y85.0', 'Y8y', 'Sequelae of motor-vehicle accident', 'Gejala sisa kecelakaan kendaraan bermotor'),
('Y85.9', 'Y8y', 'Sequelae of other and unspecified transport accidents', 'Gejala sisa kecelakaan transportasi lainnya dan tidak spesifik'),
('Y86', 'Y8y', 'Sequelae of other accidents', 'Gejala sisa kecelakaan lainnya'),
('Y87.0', 'Y8y', 'Sequelae of intentional self-harm', 'Sequelae sengaja menyakiti diri'),
('Y87.1', 'Y8y', 'Sequelae of assault', 'Gejala sisa dari serangan'),
('Y87.2', 'Y8y', 'Sequelae of events of undetermined intent', 'Sequelae peristiwa niat belum spesifik'),
('Y88.0', 'Y8y', 'Sequelae of adverse effects caused by drugs, medicaments and biological substances in therapeutic use', 'Gejala sisa efek samping yang disebabkan oleh obat-obatan , obat-obatan dan bahan biologi digunakan terapi'),
('Y88.1', 'Y8y', 'Sequelae of misadventures to patients during surgical and medical procedures', 'Gejala sisa dari kesialan kepada pasien selama prosedur bedah dan medis'),
('Y88.2', 'Y8y', 'Sequelae of adverse incidents associated with medical devices in diagnostic and therapeutic use', 'Sequelae insiden buruk yang terkait dengan peralatan medis yang digunakan diagnostik dan terapeutik'),
('Y88.3', 'Y8y', 'Sequelae of surgical and medical procedures as the cause of abnormal reaction of the patient, or of later complication, without mention of misadventure at the time of the procedure', 'Gejala sisa dari prosedur bedah dan medis sebagai penyebab reaksi abnormal pasien , atau komplikasi kemudian, tanpa menyebutkan kecelakaan pada saat prosedur'),
('Y89.0', 'Y8y', 'Sequelae of legal intervention', 'Sequelae intervensi hukum'),
('Y89.1', 'Y8y', 'Sequelae of war operations', 'Gejala sisa operasi perang'),
('Y89.9', 'Y8y', 'Sequelae of unspecified external cause', 'Sequelae penyebab eksternal spesifik'),
('Y90.0', 'Y9x', 'Blood alcohol level of less than 20 mg/100 ml', 'Tingkat alkohol dalam darah kurang dari 20 mg/100 ml'),
('Y90.1', 'Y9x', 'Blood alcohol level of 20-39 mg/100 ml', 'Tingkat alkohol darah dari 20-39 mg/100 ml'),
('Y90.2', 'Y9x', 'Blood alcohol level of 40-59 mg/100 ml', 'Tingkat alkohol darah dari 40-59 mg/100 ml'),
('Y90.3', 'Y9x', 'Blood alcohol level of 60-79 mg/100 ml', 'Tingkat alkohol darah dari 60-79 mg/100 ml'),
('Y90.4', 'Y9x', 'Blood alcohol level of 80-99 mg/100 ml', 'Tingkat alkohol darah dari 80-99 mg/100 ml'),
('Y90.5', 'Y9x', 'Blood alcohol level of 100-119 mg/100 ml', 'Tingkat alkohol darah dari 100-119 mg/100 ml'),
('Y90.6', 'Y9x', 'Blood alcohol level of 120-199 mg/100 ml', 'Tingkat alkohol darah dari 120-199 mg/100 ml'),
('Y90.7', 'Y9x', 'Blood alcohol level of 200-239 mg/100 ml', 'Tingkat alkohol darah dari 200-239 mg/100 ml'),
('Y90.8', 'Y9x', 'Blood alcohol level of 240 mg/100 ml or more', 'Tingkat alkohol dalam darah dari 240 mg/100 ml atau lebih'),
('Y90.9', 'Y9x', 'Presence of alcohol in blood, level not specified', 'Kehadiran alkohol dalam darah , tingkat tidak spesifik'),
('Y91.0', 'Y9x', 'Mild alcohol intoxication', 'Mild keracunan alkohol'),
('Y91.1', 'Y9x', 'Moderate alcohol intoxication', 'Sedang keracunan alkohol'),
('Y91.2', 'Y9x', 'Severe alcohol intoxication', 'Parah keracunan alkohol'),
('Y91.3', 'Y9x', 'Very severe alcohol intoxication', 'Intoksikasi alkohol yang sangat parah'),
('Y91.9', 'Y9x', 'Alcohol involvement, not otherwise specified', 'Keterlibatan alkohol , tidak disebutkan secara spesifik'),
('Y95', 'Y9x', 'Nosocomial condition', 'kondisi nosokomial'),
('Y96', 'Y9x', 'Work-related condition', 'Kondisi Pekerjaan yang berhubungan'),
('Y97', 'Y9x', 'Environmental-pollution-related condition', 'Kondisi lingkungan polusi yang berhubungan dengan'),
('Y98', 'Y9x', 'Lifestyle-related condition', 'Kondisi yang berhubungan dengan gaya hidup'),
('Z00.0', 'Z0x', 'General medical examination', 'Pemeriksaan kesehatan umum'),
('Z00.1', 'Z0x', 'Routine child health examination', 'Rutin Pemeriksaan kesehatan anak'),
('Z00.2', 'Z0x', 'Examination for period of rapid growth in childhood', 'Pemeriksaan untuk periode pertumbuhan yang cepat di masa kanak-kanak'),
('Z00.3', 'Z0x', 'Examination for adolescent development state', 'Pemeriksaan untuk negara perkembangan remaja'),
('Z00.4', 'Z0x', 'General psychiatric examination, not elsewhere classified', 'Pemeriksaan kejiwaan umum , tidak diklasifikasikan di tempat lain'),
('Z00.5', 'Z0x', 'Examination of potential donor of organ and tissue', 'Pemeriksaan donor potensial organ dan jaringan'),
('Z00.6', 'Z0x', 'Examination for normal comparison and control in clinical research programme', 'Pemeriksaan untuk perbandingan normal dan kontrol dalam program penelitian klinis'),
('Z00.8', 'Z0x', 'Other general examinations', 'Pemeriksaan umum lainnya'),
('Z01.0', 'Z0x', 'Examination of eyes and vision', 'Pemeriksaan mata dan visi'),
('Z01.1', 'Z0x', 'Examination of ears and hearing', 'Pemeriksaan telinga dan pendengaran'),
('Z01.2', 'Z0x', 'Dental examination', 'pemeriksaan gigi'),
('Z01.3', 'Z0x', 'Examination of blood pressure', 'Pemeriksaan tekanan darah'),
('Z01.4', 'Z0x', 'Gynaecological examination (general) (routine)', 'Pemeriksaan Ginekologi (umum ) ( rutin )'),
('Z01.5', 'Z0x', 'Diagnostic skin and sensitization tests', 'Kulit diagnostik dan tes kepekaan'),
('Z01.6', 'Z0x', 'Radiological examination, not elsewhere classified', 'Pemeriksaan radiologi , tidak diklasifikasikan di tempat lain'),
('Z01.7', 'Z0x', 'Laboratory examination', 'pemeriksaan Laboratorium'),
('Z01.8', 'Z0x', 'Other specified special examinations', 'Pemeriksaan khusus lainnya yang spesifik'),
('Z01.9', 'Z0x', 'Special examination, unspecified', 'Pemeriksaan khusus , tidak spesifik'),
('Z02.0', 'Z0x', 'Examination for admission to educational institution', 'Pemeriksaan untuk masuk ke lembaga pendidikan'),
('Z02.1', 'Z0x', 'Pre-employment examination', 'Pemeriksaan pra-kerja'),
('Z02.2', 'Z0x', 'Examination for admission to residential institutions', 'Pemeriksaan untuk masuk ke lembaga-lembaga perumahan'),
('Z02.3', 'Z0x', 'Examination for recruitment to armed forces', 'Pemeriksaan untuk perekrutan untuk angkatan bersenjata'),
('Z02.4', 'Z0x', 'Examination for driving licence', 'Pemeriksaan untuk SIM'),
('Z02.5', 'Z0x', 'Examination for participation in sport', 'Pemeriksaan untuk berpartisipasi dalam olahraga'),
('Z02.6', 'Z0x', 'Examination for insurance purposes', 'Pemeriksaan untuk tujuan asuransi'),
('Z02.7', 'Z0x', 'Issue of medical certificate', 'Masalah sertifikat kesehatan'),
('Z02.8', 'Z0x', 'Other examinations for administrative purposes', 'Pemeriksaan lainnya untuk tujuan administratif'),
('Z02.9', 'Z0x', 'Examination for administrative purposes, unspecified', 'Pemeriksaan untuk tujuan administratif , tidak spesifik'),
('Z03.0', 'Z0x', 'Observation for suspected tuberculosis', 'Pengamatan untuk tersangka tuberkulosis'),
('Z03.1', 'Z0x', 'Observation for suspected malignant neoplasm', 'Pengamatan untuk tersangka neoplasma ganas'),
('Z03.2', 'Z0x', 'Observation for suspected mental and behavioural disorders', 'Pengamatan untuk dicurigai gangguan mental dan perilaku'),
('Z03.3', 'Z0x', 'Observation for suspected nervous system disorder', 'Pengamatan untuk tersangka gangguan sistem saraf'),
('Z03.4', 'Z0x', 'Observation for suspected myocardial infarction', 'Pengamatan untuk dicurigai infark miokard'),
('Z03.5', 'Z0x', 'Observation for other suspected cardiovascular diseases', 'Pengamatan untuk penyakit kardiovaskular lainnya diduga'),
('Z03.6', 'Z0x', 'Observation for suspected toxic effect from ingested substance', 'Pengamatan untuk tersangka efek toksik dari zat tertelan'),
('Z03.8', 'Z0x', 'Observation for other suspected diseases and conditions', 'Pengamatan untuk penyakit lain yang dicurigai dan kondisi'),
('Z03.9', 'Z0x', 'Observation for suspected disease or condition, unspecified', 'Pengamatan untuk tersangka penyakit atau kondisi , tidak spesifik'),
('Z04.0', 'Z0x', 'Blood-alcohol and blood-drug test', 'Darah - alkohol dan tes darah - obat'),
('Z04.1', 'Z0x', 'Examination and observation following transport accident', 'Pemeriksaan dan observasi setelah kecelakaan transportasi'),
('Z04.2', 'Z0x', 'Examination and observation following work accident', 'Pemeriksaan dan observasi setelah kecelakaan kerja'),
('Z04.3', 'Z0x', 'Examination and observation following other accident', 'Pemeriksaan dan observasi setelah kecelakaan lain'),
('Z04.4', 'Z0x', 'Examination and observation following alleged rape and seduction', 'Pemeriksaan dan observasi berikut dugaan pemerkosaan dan rayuan'),
('Z04.5', 'Z0x', 'Examination and observation following other inflicted injury', 'Pemeriksaan dan observasi berikut cedera ditimpakan lainnya'),
('Z04.6', 'Z0x', 'General psychiatric examination, requested by authority', 'Pemeriksaan kejiwaan Umum , yang diminta oleh otoritas'),
('Z04.8', 'Z0x', 'Examination and observation for other specified reasons', 'Pemeriksaan dan observasi untuk alasan tertentu lainnya'),
('Z04.9', 'Z0x', 'Examination and observation for unspecified reason', 'Pemeriksaan dan observasi untuk alasan yang tidak spesifik'),
('Z08.0', 'Z0x', 'Follow-up examination after surgery for malignant neoplasm', 'Pemeriksaan tindak lanjut setelah operasi untuk neoplasma ganas'),
('Z08.1', 'Z0x', 'Follow-up examination after radiotherapy for malignant neoplasm', 'Pemeriksaan tindak lanjut setelah radioterapi untuk neoplasma ganas'),
('Z08.2', 'Z0x', 'Follow-up examination after chemotherapy for malignant neoplasm', 'Pemeriksaan tindak lanjut setelah kemoterapi untuk neoplasma ganas'),
('Z08.7', 'Z0x', 'Follow-up examination after combined treatment for malignant neoplasm', 'Pemeriksaan tindak lanjut setelah pengobatan gabungan untuk neoplasma ganas');
INSERT INTO `tm_hclaim_diagnosis_cat` (`hclaim_diagnosis_id`, `hclaim_diagnosis_cat_id`, `hclaim_diagnosis_desc`, `hclaim_diagnosis_desc_ind`) VALUES
('Z08.8', 'Z0x', 'Follow-up examination after other treatment for malignant neoplasm', 'Pemeriksaan tindak lanjut setelah pengobatan lain untuk neoplasma ganas'),
('Z08.9', 'Z0x', 'Follow-up examination after unspecified treatment for malignant neoplasm', 'Pemeriksaan tindak lanjut setelah pengobatan yang tidak spesifik untuk neoplasma ganas'),
('Z09.0', 'Z0x', 'Follow-up examination after surgery for other conditions', 'Tindak lanjut pemeriksaan setelah operasi untuk kondisi lain'),
('Z09.1', 'Z0x', 'Follow-up examination after radiotherapy for other conditions', 'Tindak lanjut pemeriksaan setelah radioterapi untuk kondisi lain'),
('Z09.2', 'Z0x', 'Follow-up examination after chemotherapy for other conditions', 'Pemeriksaan tindak lanjut setelah kemoterapi untuk kondisi lain'),
('Z09.3', 'Z0x', 'Follow-up examination after psychotherapy', 'Pemeriksaan tindak lanjut setelah psikoterapi'),
('Z09.4', 'Z0x', 'Follow-up examination after treatment of fracture', 'Pemeriksaan tindak lanjut setelah perawatan fraktur'),
('Z09.7', 'Z0x', 'Follow-up examination after combined treatment for other conditions', 'Pemeriksaan tindak lanjut setelah pengobatan gabungan untuk kondisi lain'),
('Z09.8', 'Z0x', 'Follow-up examination after other treatment for other conditions', 'Pemeriksaan tindak lanjut setelah perawatan lainnya untuk kondisi lain'),
('Z09.9', 'Z0x', 'Follow-up examination after unspecified treatment for other conditions', 'Pemeriksaan tindak lanjut setelah pengobatan yang tidak spesifik untuk kondisi lain'),
('Z10.0', 'Z0x', 'Occupational health examination', 'Pemeriksaan kesehatan kerja'),
('Z10.1', 'Z0x', 'Routine general health check-up of inhabitants of institutions', 'Rutin kesehatan general check - up dari penduduk lembaga'),
('Z10.2', 'Z0x', 'Routine general health check-up of armed forces', 'Rutin kesehatan general check - up dari angkatan bersenjata'),
('Z10.3', 'Z0x', 'Routine general health check-up of sports teams', 'Rutin kesehatan general check - up dari tim olahraga'),
('Z10.8', 'Z0x', 'Routine general health check-up of other defined subpopulations', 'Rutin kesehatan general check - up dari sub-populasi lainnya didefinisikan'),
('Z11.0', 'Z0x', 'Special screening examination for intestinal infectious diseases', 'Pemeriksaan skrining khusus untuk penyakit menular usus'),
('Z11.1', 'Z0x', 'Special screening examination for respiratory tuberculosis', 'Pemeriksaan skrining khusus untuk tuberkulosis pernapasan'),
('Z11.2', 'Z0x', 'Special screening examination for other bacterial diseases', 'Pemeriksaan skrining khusus untuk penyakit bakteri lainnya'),
('Z11.3', 'Z0x', 'Special screening examination for infections with a predominantly sexual mode of transmission', 'Pemeriksaan skrining khusus untuk infeksi dengan modus dominan seksual penularan'),
('Z11.4', 'Z0x', 'Special screening examination for human immunodeficiency virus [HIV]', 'Pemeriksaan skrining khusus untuk human immunodeficiency virus [ HIV ]'),
('Z11.5', 'Z0x', 'Special screening examination for other viral diseases', 'Pemeriksaan skrining khusus untuk penyakit virus lainnya'),
('Z11.6', 'Z0x', 'Special screening examination for other protozoal diseases and helminthiases', 'Pemeriksaan skrining khusus untuk penyakit protozoa lainnya dan helminthiases'),
('Z11.8', 'Z0x', 'Special screening examination for other infectious and parasitic diseases', 'Pemeriksaan skrining khusus untuk penyakit infeksi dan parasit lainnya'),
('Z11.9', 'Z0x', 'Special screening examination for infectious and parasitic diseases, unspecified', 'Pemeriksaan skrining khusus untuk penyakit infeksi dan parasit , tidak spesifik'),
('Z12.0', 'Z0x', 'Special screening examination for neoplasm of stomach', 'Pemeriksaan skrining khusus untuk neoplasma perut'),
('Z12.1', 'Z0x', 'Special screening examination for neoplasm of intestinal tract', 'Pemeriksaan skrining khusus untuk neoplasma dari saluran usus'),
('Z12.2', 'Z0x', 'Special screening examination for neoplasm of respiratory organs', 'Pemeriksaan skrining khusus untuk neoplasma organ pernapasan'),
('Z12.3', 'Z0x', 'Special screening examination for neoplasm of breast', 'Pemeriksaan skrining khusus untuk neoplasma payudara'),
('Z12.4', 'Z0x', 'Special screening examination for neoplasm of cervix', 'Pemeriksaan skrining khusus untuk neoplasma serviks'),
('Z12.5', 'Z0x', 'Special screening examination for neoplasm of prostate', 'Pemeriksaan skrining khusus untuk neoplasma prostat'),
('Z12.6', 'Z0x', 'Special screening examination for neoplasm of bladder', 'Pemeriksaan skrining khusus untuk neoplasma kandung kemih'),
('Z12.8', 'Z0x', 'Special screening examination for neoplasms of other sites', 'Pemeriksaan skrining khusus untuk neoplasma dari situs lain'),
('Z12.9', 'Z0x', 'Special screening examination for neoplasm, unspecified', 'Pemeriksaan skrining khusus untuk neoplasma , tidak spesifik'),
('Z13.0', 'Z0x', 'Special screening examination for diseases of the blood and blood-forming organs and certain disorders involving the immune mechanism', 'Pemeriksaan skrining khusus untuk penyakit darah dan organ pembentuk darah dan gangguan tertentu yang melibatkan mekanisme kekebalan'),
('Z13.1', 'Z0x', 'Special screening examination for diabetes mellitus', 'Pemeriksaan skrining khusus untuk diabetes mellitus'),
('Z13.2', 'Z0x', 'Special screening examination for nutritional disorders', 'Pemeriksaan skrining khusus untuk gangguan gizi'),
('Z13.3', 'Z0x', 'Special screening examination for mental and behavioural disorders', 'Pemeriksaan skrining khusus untuk gangguan mental dan perilaku'),
('Z13.4', 'Z0x', 'Special screening examination for certain developmental disorders in childhood', 'Pemeriksaan skrining khusus untuk gangguan perkembangan tertentu di masa kecil'),
('Z13.5', 'Z0x', 'Special screening examination for eye and ear disorders', 'Pemeriksaan skrining khusus untuk gangguan mata dan telinga'),
('Z13.6', 'Z0x', 'Special screening examination for cardiovascular disorders', 'Pemeriksaan skrining khusus untuk gangguan kardiovaskular'),
('Z13.7', 'Z0x', 'Special screening examination for congenital malformations, deformations and chromosomal abnormalities', 'Pemeriksaan skrining khusus untuk malformasi kongenital , deformasi dan kelainan kromosom'),
('Z13.8', 'Z0x', 'Special screening examination for other specified diseases and disorders', 'Pemeriksaan skrining khusus untuk penyakit tertentu lainnya dan gangguan'),
('Z13.9', 'Z0x', 'Special screening examination, unspecified', 'Pemeriksaan skrining khusus , tidak spesifik'),
('Z20.0', 'Z2x', 'Contact with and exposure to intestinal infectious diseases', 'Kontak dengan dan paparan usus penyakit menular'),
('Z20.1', 'Z2x', 'Contact with and exposure to tuberculosis', 'Kontak dengan dan paparan tuberkulosis'),
('Z20.2', 'Z2x', 'Contact with and exposure to infections with a predominantly sexual mode of transmission', 'Kontak dengan dan paparan terhadap infeksi dengan modus dominan seksual penularan'),
('Z20.3', 'Z2x', 'Contact with and exposure to rabies', 'Kontak dengan dan paparan rabies'),
('Z20.4', 'Z2x', 'Contact with and exposure to rubella', 'Kontak dengan dan paparan rubella'),
('Z20.5', 'Z2x', 'Contact with and exposure to viral hepatitis', 'Kontak dengan dan paparan virus hepatitis'),
('Z20.6', 'Z2x', 'Contact with and exposure to human immunodeficiency virus [HIV]', 'Kontak dengan dan paparan human immunodeficiency virus [ HIV ]'),
('Z20.7', 'Z2x', 'Contact with and exposure to pediculosis, acariasis and other infestations', 'Kontak dengan dan paparan pediculosis , acariasis dan infestasi lainnya'),
('Z20.8', 'Z2x', 'Contact with and exposure to other communicable diseases', 'Kontak dengan dan paparan penyakit menular lainnya'),
('Z20.9', 'Z2x', 'Contact with and exposure to unspecified communicable disease', 'Kontak dengan dan terkena penyakit menular yang tidak spesifik'),
('Z21', 'Z2x', 'Asymptomatic human immunodeficiency virus [HIV] infection status', 'Asimtomatik human immunodeficiency virus [ HIV ] status infeksi'),
('Z22.0', 'Z2x', 'Carrier of typhoid', 'Pembawa tifoid'),
('Z22.1', 'Z2x', 'Carrier of other intestinal infectious diseases', 'Pembawa penyakit menular usus lainnya'),
('Z22.2', 'Z2x', 'Carrier of diphtheria', 'Pembawa difteri'),
('Z22.3', 'Z2x', 'Carrier of other specified bacterial diseases', 'Pembawa penyakit bakteri lainnya yang spesifik'),
('Z22.4', 'Z2x', 'Carrier of infections with a predominantly sexual mode of transmission', 'Pembawa infeksi dengan modus dominan seksual penularan'),
('Z22.5', 'Z2x', 'Carrier of viral hepatitis', 'Pembawa virus hepatitis'),
('Z22.6', 'Z2x', 'Carrier of human T-lymphotropic virus type- 1 [HTLV-1] infection', 'Pembawa manusia T - lymphotropic virus tipe - 1 [ HTLV - 1 ] infeksi'),
('Z22.8', 'Z2x', 'Carrier of other infectious diseases', 'Pembawa penyakit menular lainnya'),
('Z22.9', 'Z2x', 'Carrier of infectious disease, unspecified', 'Pembawa penyakit menular , tidak spesifik'),
('Z23.0', 'Z2x', 'Need for immunization against cholera alone', 'Perlu untuk imunisasi terhadap kolera saja'),
('Z23.1', 'Z2x', 'Need for immunization against typhoid-paratyphoid alone [TAB]', 'Perlu untuk imunisasi tifoid - paratifoid saja [ TAB ]'),
('Z23.2', 'Z2x', 'Need for immunization against tuberculosis [BCG]', 'Perlu untuk imunisasi terhadap TBC [ BCG ]'),
('Z23.3', 'Z2x', 'Need for immunization against plague', 'Perlu untuk imunisasi terhadap wabah'),
('Z23.4', 'Z2x', 'Need for immunization against tularaemia', 'Perlu untuk imunisasi terhadap tularaemia'),
('Z23.5', 'Z2x', 'Need for immunization against tetanus alone', 'Perlu untuk imunisasi tetanus saja'),
('Z23.6', 'Z2x', 'Need for immunization against diphtheria alone', 'Perlu untuk imunisasi terhadap difteri saja'),
('Z23.7', 'Z2x', 'Need for immunization against pertussis alone', 'Perlu untuk imunisasi terhadap pertusis saja'),
('Z23.8', 'Z2x', 'Need for immunization against other single bacterial diseases', 'Perlu untuk imunisasi terhadap penyakit bakteri tunggal lainnya'),
('Z24.0', 'Z2x', 'Need for immunization against poliomyelitis', 'Perlu untuk imunisasi polio'),
('Z24.1', 'Z2x', 'Need for immunization against arthropod-borne viral encephalitis', 'Perlu untuk imunisasi terhadap arthropoda -borne ensefalitis viral'),
('Z24.2', 'Z2x', 'Need for immunization against rabies', 'Perlu untuk imunisasi terhadap rabies'),
('Z24.3', 'Z2x', 'Need for immunization against yellow fever', 'Perlu untuk imunisasi terhadap demam kuning'),
('Z24.4', 'Z2x', 'Need for immunization against measles alone', 'Perlu untuk imunisasi campak saja'),
('Z24.5', 'Z2x', 'Need for immunization against rubella alone', 'Perlu untuk imunisasi terhadap rubella saja'),
('Z24.6', 'Z2x', 'Need for immunization against viral hepatitis', 'Perlu untuk imunisasi terhadap hepatitis virus'),
('Z25.0', 'Z2x', 'Need for immunization against mumps alone', 'Perlu untuk imunisasi melawan gondok saja'),
('Z25.1', 'Z2x', 'Need for immunization against influenza', 'Perlu untuk imunisasi terhadap influenza'),
('Z25.8', 'Z2x', 'Need for immunization against other specified single viral diseases', 'Perlu untuk imunisasi terhadap penyakit virus tunggal tertentu lainnya'),
('Z26.0', 'Z2x', 'Need for immunization against leishmaniasis', 'Perlu untuk imunisasi terhadap leishmaniasis'),
('Z26.8', 'Z2x', 'Need for immunization against other specified single infectious diseases', 'Perlu untuk imunisasi terhadap penyakit menular tunggal tertentu lainnya'),
('Z26.9', 'Z2x', 'Need for immunization against unspecified infectious disease', 'Perlu untuk imunisasi terhadap penyakit menular yang tidak spesifik'),
('Z27.0', 'Z2x', 'Need for immunization against cholera with typhoid-paratyphoid [cholera + TAB]', 'Perlu untuk imunisasi terhadap kolera dengan tifoid - paratifoid [ kolera + TAB ]'),
('Z27.1', 'Z2x', 'Need for immunization against diphtheria-tetanus-pertussis, combined [DTP]', 'Perlu untuk imunisasi terhadap difteri tetanus-pertussis , dikombinasikan [ DTP ]'),
('Z27.2', 'Z2x', 'Need for immunization against diphtheria-tetanus-pertussis with typhoid-paratyphoid [DTP + TAB]', 'Perlu untuk imunisasi terhadap difteri tetanus-pertussis dengan tifoid - paratifoid [ DTP + TAB ]'),
('Z27.3', 'Z2x', 'Need for immunization against diphtheria-tetanus-pertussis with poliomyelitis [DTP + polio]', 'Perlu untuk imunisasi terhadap difteri tetanus-pertussis dengan poliomyelitis [ DTP + polio ]'),
('Z27.4', 'Z2x', 'Need for immunization against measles-mumps-rubella [MMR]', 'Perlu untuk imunisasi campak - gondong - rubela [ MMR ]'),
('Z27.8', 'Z2x', 'Need for immunization against other combinations of infectious diseases', 'Perlu untuk imunisasi kombinasi lain dari penyakit menular'),
('Z27.9', 'Z2x', 'Need for immunization against unspecified combinations of infectious diseases', 'Perlu untuk imunisasi kombinasi yang tidak spesifik penyakit menular'),
('Z28.0', 'Z2x', 'Immunization not carried out because of contraindication', 'Imunisasi tidak dilakukan karena kontraindikasi'),
('Z28.1', 'Z2x', 'Immunization not carried out because of patients decision for reasons of belief and group pressure', 'Imunisasi tidak dilakukan karena pasien keputusan untuk alasan keyakinan dan tekanan kelompok'),
('Z28.2', 'Z2x', 'Immunization not carried out because of patients decision for other and unspecified reasons', 'Imunisasi tidak dilakukan karena pasien keputusan untuk alasan lain dan tidak spesifik'),
('Z28.8', 'Z2x', 'Immunization not carried out for other reasons', 'Imunisasi tidak dilakukan karena alasan lain'),
('Z28.9', 'Z2x', 'Immunization not carried out for unspecified reason', 'Imunisasi tidak dilakukan untuk alasan yang tidak spesifik'),
('Z29.0', 'Z2x', 'Isolation', 'isolasi'),
('Z29.1', 'Z2x', 'Prophylactic immunotherapy', 'immunotherapy profilaksis'),
('Z29.2', 'Z2x', 'Other prophylactic chemotherapy', 'Kemoterapi profilaksis lainnya'),
('Z29.8', 'Z2x', 'Other specified prophylactic measures', 'Tindakan profilaksis lainnya yang spesifik'),
('Z29.9', 'Z2x', 'Prophylactic measure, unspecified', 'Tindakan pencegahan , tidak spesifik'),
('Z30.0', 'Z3x', 'General counselling and advice on contraception', 'Konseling umum dan saran mengenai kontrasepsi'),
('Z30.1', 'Z3x', 'Insertion of (intrauterine) contraceptive device', 'Penyisipan ( intrauterine ) alat kontrasepsi'),
('Z30.2', 'Z3x', 'Sterilization', 'sterilisasi'),
('Z30.3', 'Z3x', 'Menstrual extraction', 'ekstraksi menstruasi'),
('Z30.4', 'Z3x', 'Surveillance of contraceptive drugs', 'Pengawasan obat kontrasepsi'),
('Z30.5', 'Z3x', 'Surveillance of (intrauterine) contraceptive device', 'Pengawasan ( intrauterine ) alat kontrasepsi'),
('Z30.8', 'Z3x', 'Other contraceptive management', 'Manajemen kontrasepsi lain'),
('Z30.9', 'Z3x', 'Contraceptive management, unspecified', 'Manajemen Kontrasepsi , tidak spesifik'),
('Z31.0', 'Z3x', 'Tuboplasty or vasoplasty after previous sterilization', 'Tuboplasty atau vasoplasty setelah sterilisasi sebelumnya'),
('Z31.1', 'Z3x', 'Artificial insemination', 'inseminasi buatan'),
('Z31.2', 'Z3x', 'In vitro fertilization', 'Fertilisasi in vitro'),
('Z31.3', 'Z3x', 'Other assisted fertilization methods', 'Metode pemupukan dibantu Lainnya'),
('Z31.4', 'Z3x', 'Procreative investigation and testing', 'Investigasi prokreasi dan pengujian'),
('Z31.5', 'Z3x', 'Genetic counselling', 'konseling genetik'),
('Z31.6', 'Z3x', 'General counselling and advice on procreation', 'Konseling umum dan rekomendasi untuk prokreasi'),
('Z31.8', 'Z3x', 'Other procreative management', 'Manajemen prokreasi lainnya'),
('Z31.9', 'Z3x', 'Procreative management, unspecified', 'Manajemen prokreasi , tidak spesifik'),
('Z32.0', 'Z3x', 'Pregnancy, not (yet) confirmed', 'Kehamilan , tidak (belum ) dikonfirmasi'),
('Z32.1', 'Z3x', 'Pregnancy confirmed', 'kehamilan dikonfirmasi'),
('Z33', 'Z3x', 'Pregnant state, incidental', 'Negara Hamil , insidental'),
('Z34.0', 'Z3x', 'Supervision of normal first pregnancy', 'Pengawasan normal pertama kehamilan'),
('Z34.8', 'Z3x', 'Supervision of other normal pregnancy', 'Pengawasan kehamilan normal lainnya'),
('Z34.9', 'Z3x', 'Supervision of normal pregnancy, unspecified', 'Pengawasan kehamilan normal , tidak spesifik'),
('Z35.0', 'Z3x', 'Supervision of pregnancy with history of infertility', 'Pengawasan kehamilan dengan riwayat infertilitas'),
('Z35.1', 'Z3x', 'Supervision of pregnancy with history of abortive outcome', 'Pengawasan kehamilan dengan riwayat hasil gagal'),
('Z35.2', 'Z3x', 'Supervision of pregnancy with other poor reproductive or obstetric history', 'Pengawasan kehamilan dengan riwayat reproduksi atau kebidanan miskin lainnya'),
('Z35.3', 'Z3x', 'Supervision of pregnancy with history of insufficient antenatal care', 'Pengawasan kehamilan dengan riwayat perawatan antenatal yang tidak memadai'),
('Z35.4', 'Z3x', 'Supervision of pregnancy with grand multiparity', 'Pengawasan kehamilan dengan besar multiparitas'),
('Z35.5', 'Z3x', 'Supervision of elderly primigravida', 'Pengawasan primigravida tua'),
('Z35.6', 'Z3x', 'Supervision of very young primigravida', 'Pengawasan primigravida sangat muda'),
('Z35.7', 'Z3x', 'Supervision of high-risk pregnancy due to social problems', 'Pengawasan kehamilan berisiko tinggi karena masalah sosial'),
('Z35.8', 'Z3x', 'Supervision of other high-risk pregnancies', 'Pengawasan kehamilan berisiko tinggi lainnya'),
('Z35.9', 'Z3x', 'Supervision of high-risk pregnancy, unspecified', 'Pengawasan kehamilan berisiko tinggi , tidak spesifik'),
('Z36.0', 'Z3x', 'Antenatal screening for chromosomal anomalies', 'Skrining antenatal untuk anomali kromosom'),
('Z36.1', 'Z3x', 'Antenatal screening for raised alphafetoprotein level', 'Skrining antenatal untuk tingkat alphafetoprotein mengangkat'),
('Z36.2', 'Z3x', 'Other antenatal screening based on amniocentesis', 'Skrining antenatal lainnya berdasarkan amniosentesis'),
('Z36.3', 'Z3x', 'Antenatal screening for malformations using ultrasound and other physical methods', 'Skrining antenatal untuk malformasi menggunakan ultrasound dan metode fisik lainnya'),
('Z36.4', 'Z3x', 'Antenatal screening for fetal growth retardation using ultrasound and other physical methods', 'Skrining antenatal untuk retardasi pertumbuhan janin dengan menggunakan ultrasound dan metode fisik lainnya'),
('Z36.5', 'Z3x', 'Antenatal screening for isoimmunization', 'Skrining antenatal untuk isoimunisasi'),
('Z36.8', 'Z3x', 'Other antenatal screening', 'Skrining antenatal lainnya'),
('Z36.9', 'Z3x', 'Antenatal screening, unspecified', 'Skrining antenatal , tidak spesifik'),
('Z37.0', 'Z3x', 'Single live birth', 'Kelahiran hidup tunggal'),
('Z37.1', 'Z3x', 'Single stillbirth', 'lahir mati tunggal'),
('Z37.2', 'Z3x', 'Twins, both liveborn', 'Twins , baik lahir hidup'),
('Z37.3', 'Z3x', 'Twins, one liveborn and one stillborn', 'Twins , satu lahir hidup dan lahir mati satu'),
('Z37.4', 'Z3x', 'Twins, both stillborn', 'Twins , baik lahir mati'),
('Z37.5', 'Z3x', 'Other multiple births, all liveborn', 'Kelahiran ganda lainnya , semua lahir hidup'),
('Z37.6', 'Z3x', 'Other multiple births, some liveborn', 'Kelahiran ganda lainnya , beberapa lahir hidup'),
('Z37.7', 'Z3x', 'Other multiple births, all stillborn', 'Kelahiran ganda lainnya , semua lahir mati'),
('Z37.9', 'Z3x', 'Outcome of delivery, unspecified', 'Hasil pengiriman , tidak spesifik'),
('Z38.0', 'Z3x', 'Singleton, born in hospital', 'Singleton , lahir di rumah sakit'),
('Z38.1', 'Z3x', 'Singleton, born outside hospital', 'Singleton , lahir di luar rumah sakit'),
('Z38.2', 'Z3x', 'Singleton, unspecified as to place of birth', 'Singleton , tidak spesifik untuk tempat lahir'),
('Z38.3', 'Z3x', 'Twin, born in hospital', 'Twin , lahir di rumah sakit'),
('Z38.4', 'Z3x', 'Twin, born outside hospital', 'Twin , lahir di luar rumah sakit'),
('Z38.5', 'Z3x', 'Twin, unspecified as to place of birth', 'Twin , tidak spesifik untuk tempat lahir'),
('Z38.6', 'Z3x', 'Other multiple, born in hospital', 'Beberapa lainnya , yang lahir di rumah sakit'),
('Z38.7', 'Z3x', 'Other multiple, born outside hospital', 'Lain beberapa , lahir di rumah sakit di luar'),
('Z38.8', 'Z3x', 'Other multiple, unspecified as to place of birth', 'Beberapa lainnya , yang tidak spesifik untuk tempat lahir'),
('Z39.0', 'Z3x', 'Care and examination immediately after delivery', 'Perawatan dan pemeriksaan segera setelah melahirkan'),
('Z39.1', 'Z3x', 'Care and examination of lactating mother', 'Perawatan dan pemeriksaan ibu menyusui'),
('Z39.2', 'Z3x', 'Routine postpartum follow-up', 'Rutin postpartum tindak lanjut'),
('Z40.0', 'Z4x', 'Prophylactic surgery for risk-factors related to malignant neoplasms', 'Operasi profilaksis untuk risiko - faktor yang berhubungan dengan neoplasma ganas'),
('Z40.8', 'Z4x', 'Other prophylactic surgery', 'Operasi profilaksis lainnya'),
('Z40.9', 'Z4x', 'Prophylactic surgery, unspecified', 'Operasi profilaksis , tidak spesifik'),
('Z41.0', 'Z4x', 'Hair transplant', 'transplantasi rambut'),
('Z41.1', 'Z4x', 'Other plastic surgery for unacceptable cosmetic appearance', 'Operasi plastik lainnya untuk penampilan kosmetik tidak dapat diterima'),
('Z41.2', 'Z4x', 'Routine and ritual circumcision', 'Rutin dan ritual sunat'),
('Z41.3', 'Z4x', 'Ear piercing', 'tindik telinga'),
('Z41.8', 'Z4x', 'Other procedures for purposes other than remedying health state', 'Prosedur lain untuk tujuan selain menanggulangi keadaan kesehatan'),
('Z41.9', 'Z4x', 'Procedure for purposes other than remedying health state, unspecified', 'Prosedur untuk tujuan selain menanggulangi keadaan kesehatan , tidak spesifik'),
('Z42.0', 'Z4x', 'Follow-up care involving plastic surgery of head and neck', 'Perawatan tindak lanjut yang melibatkan operasi plastik dari kepala dan leher'),
('Z42.1', 'Z4x', 'Follow-up care involving plastic surgery of breast', 'Perawatan tindak lanjut yang melibatkan operasi plastik payudara'),
('Z42.2', 'Z4x', 'Follow-up care involving plastic surgery of other parts of trunk', 'Tindak lanjut perawatan yang melibatkan operasi plastik dari bagian lain dari batang'),
('Z42.3', 'Z4x', 'Follow-up care involving plastic surgery of upper extremity', 'Tindak lanjut perawatan yang melibatkan operasi plastik dari ekstremitas atas'),
('Z42.4', 'Z4x', 'Follow-up care involving plastic surgery of lower extremity', 'Tindak lanjut perawatan yang melibatkan operasi plastik dari ekstremitas bawah'),
('Z42.8', 'Z4x', 'Follow-up care involving plastic surgery of other body part', 'Tindak lanjut perawatan yang melibatkan operasi plastik dari bagian tubuh lainnya'),
('Z42.9', 'Z4x', 'Follow-up care involving plastic surgery, unspecified', 'Tindak lanjut perawatan yang melibatkan operasi plastik , tidak spesifik'),
('Z43.0', 'Z4x', 'Attention to tracheostomy', 'Perhatian terhadap trakeostomi'),
('Z43.1', 'Z4x', 'Attention to gastrostomy', 'Perhatian terhadap gastrostomy'),
('Z43.2', 'Z4x', 'Attention to ileostomy', 'Perhatian terhadap ileostomy'),
('Z43.3', 'Z4x', 'Attention to colostomy', 'Perhatian terhadap kolostomi'),
('Z43.4', 'Z4x', 'Attention to other artificial openings of digestive tract', 'Perhatian terhadap bukaan buatan lainnya dari saluran pencernaan'),
('Z43.5', 'Z4x', 'Attention to cystostomy', 'Perhatian terhadap cystostomy'),
('Z43.6', 'Z4x', 'Attention to other artificial openings of urinary tract', 'Perhatian terhadap bukaan buatan lainnya dari saluran kemih'),
('Z43.7', 'Z4x', 'Attention to artificial vagina', 'Perhatian terhadap vagina buatan'),
('Z43.8', 'Z4x', 'Attention to other artificial openings', 'Perhatian terhadap bukaan buatan lainnya'),
('Z43.9', 'Z4x', 'Attention to unspecified artificial opening', 'Perhatian terhadap pembukaan buatan yang tidak spesifik'),
('Z44.0', 'Z4x', 'Fitting and adjustment of artificial arm (complete) (partial)', 'Fitting dan penyesuaian lengan buatan (lengkap ) ( parsial )'),
('Z44.1', 'Z4x', 'Fitting and adjustment of artificial leg (complete) (partial)', 'Fitting dan penyesuaian kaki palsu (lengkap ) ( parsial )'),
('Z44.2', 'Z4x', 'Fitting and adjustment of artificial eye', 'Fitting dan penyesuaian mata buatan'),
('Z44.3', 'Z4x', 'Fitting and adjustment of external breast prosthesis', 'Fitting dan penyesuaian prostesis payudara eksternal'),
('Z44.8', 'Z4x', 'Fitting and adjustment of other external prosthetic devices', 'Fitting dan penyesuaian perangkat palsu eksternal lainnya'),
('Z44.9', 'Z4x', 'Fitting and adjustment of unspecified external prosthetic device', 'Fitting dan penyesuaian perangkat palsu eksternal tidak spesifik'),
('Z45.0', 'Z4x', 'Adjustment and management of cardiac pacemaker', 'Penyesuaian dan pengelolaan alat pacu jantung'),
('Z45.1', 'Z4x', 'Adjustment and management of infusion pump', 'Penyesuaian dan pengelolaan pompa infus'),
('Z45.2', 'Z4x', 'Adjustment and management of vascular access device', 'Penyesuaian dan manajemen perangkat akses vaskular'),
('Z45.3', 'Z4x', 'Adjustment and management of implanted hearing device', 'Penyesuaian dan pengelolaan perangkat dengar implan'),
('Z45.8', 'Z4x', 'Adjustment and management of other implanted devices', 'Penyesuaian dan manajemen perangkat ditanamkan lainnya'),
('Z45.9', 'Z4x', 'Adjustment and management of unspecified implanted device', 'Penyesuaian dan manajemen perangkat ditanamkan tidak spesifik'),
('Z46.0', 'Z4x', 'Fitting and adjustment of spectacles and contact lenses', 'Fitting dan penyesuaian kacamata dan lensa kontak'),
('Z46.1', 'Z4x', 'Fitting and adjustment of hearing aid', 'Fitting dan penyesuaian alat bantu dengar'),
('Z46.2', 'Z4x', 'Fitting and adjustment of other devices related to nervous system and special senses', 'Fitting dan penyesuaian perangkat lain yang berhubungan dengan sistem saraf dan indera khusus'),
('Z46.3', 'Z4x', 'Fitting and adjustment of dental prosthetic device', 'Fitting dan penyesuaian perangkat prostetik gigi'),
('Z46.4', 'Z4x', 'Fitting and adjustment of orthodontic device', 'Fitting dan penyesuaian perangkat ortodontik'),
('Z46.5', 'Z4x', 'Fitting and adjustment of ileostomy and other intestinal appliances', 'Fitting dan penyesuaian ileostomy dan peralatan usus lainnya'),
('Z46.6', 'Z4x', 'Fitting and adjustment of urinary device', 'Fitting dan penyesuaian perangkat kemih'),
('Z46.7', 'Z4x', 'Fitting and adjustment of orthopaedic device', 'Fitting dan penyesuaian perangkat ortopedi'),
('Z46.8', 'Z4x', 'Fitting and adjustment of other specified devices', 'Fitting dan penyesuaian perangkat tertentu lainnya'),
('Z46.9', 'Z4x', 'Fitting and adjustment of unspecified device', 'Fitting dan penyesuaian perangkat yang tidak spesifik'),
('Z47.0', 'Z4x', 'Follow-up care involving removal of fracture plate and other internal fixation device', 'Tindak lanjut perawatan yang melibatkan penghapusan plat fraktur dan perangkat fiksasi internal lainnya'),
('Z47.8', 'Z4x', 'Other specified orthopaedic follow-up care', 'Tindak lanjut perawatan ortopedi tertentu lainnya'),
('Z47.9', 'Z4x', 'Orthopaedic follow-up care, unspecified', 'Tindak lanjut perawatan ortopedi , tidak spesifik'),
('Z48.0', 'Z4x', 'Attention to surgical dressings and sutures', 'Perhatian terhadap dressing bedah dan jahitan'),
('Z48.8', 'Z4x', 'Other specified surgical follow-up care', 'Tindak lanjut perawatan bedah tertentu lainnya'),
('Z48.9', 'Z4x', 'Surgical follow-up care, unspecified', 'Tindak lanjut perawatan bedah , tidak spesifik'),
('Z49.0', 'Z4x', 'Preparatory care for dialysis', 'Perawatan Persiapan dialisis'),
('Z49.1', 'Z4x', 'Extracorporeal dialysis', 'dialisis extracorporeal'),
('Z49.2', 'Z4x', 'Other dialysis', 'dialisis lainnya'),
('Z50.0', 'Z4x', 'Cardiac rehabilitation', 'rehabilitasi jantung'),
('Z50.1', 'Z4x', 'Other physical therapy', 'Terapi fisik lainnya'),
('Z50.2', 'Z4x', 'Alcohol rehabilitation', 'rehabilitasi alkohol'),
('Z50.3', 'Z4x', 'Drug rehabilitation', 'rehabilitasi narkoba'),
('Z50.4', 'Z4x', 'Psychotherapy, not elsewhere classified', 'Psikoterapi , tidak diklasifikasikan di tempat lain'),
('Z50.5', 'Z4x', 'Speech therapy', 'terapi wicara'),
('Z50.6', 'Z4x', 'Orthoptic training', 'pelatihan Orthoptic'),
('Z50.7', 'Z4x', 'Occupational therapy and vocational rehabilitation, not elsewhere classified', 'Terapi okupasi dan rehabilitasi kejuruan , tidak diklasifikasikan di tempat lain'),
('Z50.8', 'Z4x', 'Care involving use of other rehabilitation procedures', 'Perawatan melibatkan penggunaan prosedur rehabilitasi lainnya'),
('Z50.9', 'Z4x', 'Care involving use of rehabilitation procedure, unspecified', 'Perawatan melibatkan penggunaan prosedur rehabilitasi , tidak spesifik'),
('Z51.0', 'Z4x', 'Radiotherapy session', 'sesi radioterapi'),
('Z51.1', 'Z4x', 'Chemotherapy session for neoplasm', 'Sesi kemoterapi untuk neoplasma'),
('Z51.2', 'Z4x', 'Other chemotherapy', 'kemoterapi lain'),
('Z51.3', 'Z4x', 'Blood transfusion without reported diagnosis', 'Transfusi darah tanpa diagnosis dilaporkan'),
('Z51.4', 'Z4x', 'Preparatory care for subsequent treatment, not elsewhere classified', 'Perawatan persiapan untuk pengobatan selanjutnya , tidak diklasifikasikan di tempat lain'),
('Z51.5', 'Z4x', 'Palliative care', 'perawatan paliatif'),
('Z51.6', 'Z4x', 'Desensitization to allergens', 'Desensitisasi terhadap alergen'),
('Z51.8', 'Z4x', 'Other specified medical care', 'Perawatan medis lainnya yang spesifik'),
('Z51.9', 'Z4x', 'Medical care, unspecified', 'Perawatan medis , tidak spesifik'),
('Z52.0', 'Z4x', 'Blood donor', 'donor darah'),
('Z52.1', 'Z4x', 'Skin donor', 'donor kulit'),
('Z52.2', 'Z4x', 'Bone donor', 'donor tulang'),
('Z52.3', 'Z4x', 'Bone marrow donor', 'Donor sumsum tulang'),
('Z52.4', 'Z4x', 'Kidney donor', 'donor ginjal'),
('Z52.5', 'Z4x', 'Cornea donor', 'kornea donor'),
('Z52.6', 'Z4x', 'Liver donor', 'donor hati'),
('Z52.7', 'Z4x', 'Heart donor', 'donor jantung'),
('Z52.8', 'Z4x', 'Donor of other organs and tissues', 'Donor organ dan jaringan lain'),
('Z52.9', 'Z4x', 'Donor of unspecified organ or tissue', 'Donor organ atau jaringan yang tidak spesifik'),
('Z53.0', 'Z4x', 'Procedure not carried out because of contraindication', 'Prosedur tidak dilakukan karena kontraindikasi'),
('Z53.1', 'Z4x', 'Procedure not carried out because of patients decision for reasons of belief and group pressure', 'Prosedur tidak dilakukan karena pasien keputusan untuk alasan keyakinan dan tekanan kelompok'),
('Z53.2', 'Z4x', 'Procedure not carried out because of patients decision for other and unspecified reasons', 'Prosedur tidak dilakukan karena pasien keputusan untuk alasan lain dan tidak spesifik'),
('Z53.8', 'Z4x', 'Procedure not carried out for other reasons', 'Prosedur tidak dilakukan karena alasan lain'),
('Z53.9', 'Z4x', 'Procedure not carried out, unspecified reason', 'Prosedur tidak dilakukan , alasan yang tidak spesifik'),
('Z54.0', 'Z4x', 'Convalescence following surgery', 'Pemulihan setelah operasi'),
('Z54.1', 'Z4x', 'Convalescence following radiotherapy', 'Pemulihan radioterapi berikut'),
('Z54.2', 'Z4x', 'Convalescence following chemotherapy', 'Kemoterapi setelah pemulihan'),
('Z54.3', 'Z4x', 'Convalescence following psychotherapy', 'Pemulihan berikut psikoterapi'),
('Z54.4', 'Z4x', 'Convalescence following treatment of fracture', 'Pemulihan setelah pengobatan fraktur'),
('Z54.7', 'Z4x', 'Convalescence following combined treatment', 'Pemulihan setelah pengobatan gabungan'),
('Z54.8', 'Z4x', 'Convalescence following other treatment', 'Pemulihan setelah pengobatan lain'),
('Z54.9', 'Z4x', 'Convalescence following unspecified treatment', 'Pemulihan setelah pengobatan yang tidak spesifik'),
('Z55.0', 'Z5y', 'Illiteracy and low-level literacy', 'Buta huruf dan tingkat rendah melek huruf'),
('Z55.1', 'Z5y', 'Schooling unavailable and unattainable', 'Sekolah tidak tersedia dan tak terjangkau'),
('Z55.2', 'Z5y', 'Failed examinations', 'pemeriksaan gagal'),
('Z55.3', 'Z5y', 'Underachievement in school', 'Prestasi di sekolah'),
('Z55.4', 'Z5y', 'Educational maladjustment and discord with teachers and classmates', 'Ketidakmampuan pendidikan dan perselisihan dengan para guru dan teman sekelas'),
('Z55.8', 'Z5y', 'Other problems related to education and literacy', 'Masalah lain terkait dengan pendidikan dan keaksaraan'),
('Z55.9', 'Z5y', 'Problem related to education and literacy, unspecified', 'Masalah yang berkaitan dengan pendidikan dan melek huruf , tidak spesifik'),
('Z56.0', 'Z5y', 'Unemployment, unspecified', 'Pengangguran , tidak spesifik'),
('Z56.1', 'Z5y', 'Change of job', 'Perubahan pekerjaan'),
('Z56.2', 'Z5y', 'Threat of job loss', 'Ancaman kehilangan pekerjaan'),
('Z56.3', 'Z5y', 'Stressful work schedule', 'Jadwal kerja Stres'),
('Z56.4', 'Z5y', 'Discord with boss and workmates', 'Perselisihan dengan bos dan rekan kerja'),
('Z56.5', 'Z5y', 'Uncongenial work', 'pekerjaan uncongenial'),
('Z56.6', 'Z5y', 'Other physical and mental strain related to work', 'Ketegangan fisik dan mental lainnya yang berhubungan dengan pekerjaan'),
('Z56.7', 'Z5y', 'Other and unspecified problems related to employment', 'Masalah lain dan tidak spesifik berkaitan dengan pekerjaan'),
('Z57.0', 'Z5y', 'Occupational exposure to noise', 'Pajanan kebisingan'),
('Z57.1', 'Z5y', 'Occupational exposure to radiation', 'Pajanan radiasi'),
('Z57.2', 'Z5y', 'Occupational exposure to dust', 'Pajanan debu'),
('Z57.3', 'Z5y', 'Occupational exposure to other air contaminants', 'Pajanan kontaminan udara lainnya'),
('Z57.4', 'Z5y', 'Occupational exposure to toxic agents in agriculture', 'Pajanan agen beracun di bidang pertanian'),
('Z57.5', 'Z5y', 'Occupational exposure to toxic agents in other industries', 'Pajanan agen beracun di industri lain'),
('Z57.6', 'Z5y', 'Occupational exposure to extreme temperature', 'Pajanan suhu ekstrim'),
('Z57.7', 'Z5y', 'Occupational exposure to vibration', 'Pajanan getaran'),
('Z57.8', 'Z5y', 'Occupational exposure to other risk-factors', 'Pajanan faktor risiko lain'),
('Z57.9', 'Z5y', 'Occupational exposure to unspecified risk-factor', 'Pajanan faktor risiko yang tidak spesifik'),
('Z58.0', 'Z5y', 'Exposure to noise', 'Paparan kebisingan'),
('Z58.1', 'Z5y', 'Exposure to air pollution', 'Paparan polusi udara'),
('Z58.2', 'Z5y', 'Exposure to water pollution', 'Paparan polusi air'),
('Z58.3', 'Z5y', 'Exposure to soil pollution', 'Paparan polusi tanah'),
('Z58.4', 'Z5y', 'Exposure to radiation', 'Paparan radiasi'),
('Z58.5', 'Z5y', 'Exposure to other pollution', 'Paparan polusi lainnya'),
('Z58.6', 'Z5y', 'Inadequate drinking-water supply', 'Pasokan air minum tidak memadai'),
('Z58.8', 'Z5y', 'Other problems related to physical environment', 'Masalah lain yang berkaitan dengan lingkungan fisik'),
('Z58.9', 'Z5y', 'Problem related to physical environment, unspecified', 'Masalah yang berkaitan dengan lingkungan fisik , tidak spesifik'),
('Z59.0', 'Z5y', 'Homelessness', 'tunawisma'),
('Z59.1', 'Z5y', 'Inadequate housing', 'perumahan tidak memadai'),
('Z59.2', 'Z5y', 'Discord with neighbours, lodgers and landlord', 'Perselisihan dengan tetangga , tumpangan dan pemilik'),
('Z59.3', 'Z5y', 'Problems related to living in residential institution', 'Masalah yang terkait dengan hidup di lembaga perumahan'),
('Z59.4', 'Z5y', 'Lack of adequate food', 'Kurangnya makanan yang memadai'),
('Z59.5', 'Z5y', 'Extreme poverty', 'kemiskinan ekstrim'),
('Z59.6', 'Z5y', 'Low income', 'berpenghasilan rendah'),
('Z59.7', 'Z5y', 'Insufficient social insurance and welfare support', 'Asuransi sosial dan kesejahteraan Kurangnya dukungan'),
('Z59.8', 'Z5y', 'Other problems related to housing and economic circumstances', 'Masalah lain yang berkaitan dengan perumahan dan keadaan ekonomi'),
('Z59.9', 'Z5y', 'Problem related to housing and economic circumstances, unspecified', 'Masalah yang berkaitan dengan perumahan dan keadaan ekonomi , tidak spesifik'),
('Z60.0', 'Z5y', 'Problems of adjustment to life-cycle transitions', 'Masalah penyesuaian transisi siklus hidup'),
('Z60.1', 'Z5y', 'Atypical parenting situation', 'Situasi orangtua Atypical'),
('Z60.2', 'Z5y', 'Living alone', 'hidup sendiri'),
('Z60.3', 'Z5y', 'Acculturation difficulty', 'kesulitan akulturasi'),
('Z60.4', 'Z5y', 'Social exclusion and rejection', 'Pengucilan sosial dan penolakan'),
('Z60.5', 'Z5y', 'Target of perceived adverse discrimination and persecution', 'Target diskriminasi yang merugikan dirasakan dan penganiayaan'),
('Z60.8', 'Z5y', 'Other problems related to social environment', 'Masalah lain yang berkaitan dengan lingkungan sosial'),
('Z60.9', 'Z5y', 'Problem related to social environment, unspecified', 'Masalah yang berkaitan dengan lingkungan sosial , tidak spesifik'),
('Z61.0', 'Z5y', 'Loss of love relationship in childhood', 'Kehilangan hubungan cinta di masa kecil'),
('Z61.1', 'Z5y', 'Removal from home in childhood', 'Penghapusan dari rumah di masa kanak-kanak'),
('Z61.2', 'Z5y', 'Altered pattern of family relationships in childhood', 'Pola Perubahan hubungan keluarga di masa kanak-kanak'),
('Z61.3', 'Z5y', 'Events resulting in loss of self-esteem in childhood', 'Acara yang mengakibatkan hilangnya harga diri pada masa kanak-kanak'),
('Z61.4', 'Z5y', 'Problems related to alleged sexual abuse of child by person within primary support group', 'Masalah yang terkait dengan dugaan pelecehan seksual terhadap anak yang dilakukan oleh orang dalam kelompok dukungan utama'),
('Z61.5', 'Z5y', 'Problems related to alleged sexual abuse of child by person outside primary support group', 'Masalah yang terkait dengan dugaan pelecehan seksual terhadap anak yang dilakukan oleh orang di luar kelompok pendukung utama'),
('Z61.6', 'Z5y', 'Problems related to alleged physical abuse of child', 'Masalah yang terkait dengan dugaan penganiayaan fisik anak'),
('Z61.7', 'Z5y', 'Personal frightening experience in childhood', 'Pengalaman menakutkan pribadi di masa kecil'),
('Z61.8', 'Z5y', 'Other negative life events in childhood', 'Peristiwa kehidupan negatif lainnya di masa kanak-kanak'),
('Z61.9', 'Z5y', 'Negative life event in childhood, unspecified', 'Peristiwa hidup yang negatif di masa kecil , tidak spesifik'),
('Z62.0', 'Z5y', 'Inadequate parental supervision and control', 'Pengawasan orangtua yang tidak memadai dan kontrol'),
('Z62.1', 'Z5y', 'Parental overprotection', 'Parental overprotection'),
('Z62.2', 'Z5y', 'Institutional upbringing', 'asuhan institusional'),
('Z62.3', 'Z5y', 'Hostility towards and scapegoating of child', 'Permusuhan terhadap dan pengkambinghitaman anak'),
('Z62.4', 'Z5y', 'Emotional neglect of child', 'Pengabaian emosional anak'),
('Z62.5', 'Z5y', 'Other problems related to neglect in upbringing', 'Masalah lain yang berkaitan dengan kelalaian dalam asuhan'),
('Z62.6', 'Z5y', 'Inappropriate parental pressure and other abnormal qualities of upbringing', 'Tekanan orang tua yang tidak pantas dan kualitas abnormal lainnya asuhan'),
('Z62.8', 'Z5y', 'Other specified problems related to upbringing', 'Masalah tertentu lainnya yang terkait dengan pendidikan'),
('Z62.9', 'Z5y', 'Problem related to upbringing, unspecified', 'Masalah yang berkaitan dengan pendidikan , tidak spesifik'),
('Z63.0', 'Z5y', 'Problems in relationship with spouse or partner', 'Masalah dalam hubungan dengan pasangan atau pasangan'),
('Z63.1', 'Z5y', 'Problems in relationship with parents and in-laws', 'Masalah dalam hubungan dengan orang tua dan mertua'),
('Z63.2', 'Z5y', 'Inadequate family support', 'Dukungan keluarga tidak memadai'),
('Z63.3', 'Z5y', 'Absence of family member', 'Tidak adanya anggota keluarga'),
('Z63.4', 'Z5y', 'Disappearance and death of family member', 'Penghilangan dan kematian anggota keluarga'),
('Z63.5', 'Z5y', 'Disruption of family by separation and divorce', 'Gangguan keluarga dengan pemisahan dan perceraian'),
('Z63.6', 'Z5y', 'Dependent relative needing care at home', 'Dependent care membutuhkan relatif di rumah'),
('Z63.7', 'Z5y', 'Other stressful life events affecting family and household', 'Peristiwa kehidupan yang penuh stres lain yang mempengaruhi keluarga dan rumah tangga'),
('Z63.8', 'Z5y', 'Other specified problems related to primary support group', 'Masalah tertentu lainnya yang terkait dengan kelompok pendukung utama'),
('Z63.9', 'Z5y', 'Problem related to primary support group, unspecified', 'Masalah yang berkaitan dengan kelompok pendukung utama , tidak spesifik'),
('Z64.0', 'Z5y', 'Problems related to unwanted pregnancy', 'Masalah yang terkait dengan kehamilan yang tidak diinginkan'),
('Z64.1', 'Z5y', 'Problems related to multiparity', 'Masalah yang terkait dengan multiparitas'),
('Z64.2', 'Z5y', 'Seeking and accepting physical, nutritional and chemical interventions known to be hazardous and harmful', 'Mencari dan menerima intervensi fisik , gizi dan kimia yang diketahui berbahaya dan berbahaya'),
('Z64.3', 'Z5y', 'Seeking and accepting behavioural and psychological interventions known to be hazardous and harmful', 'Mencari dan menerima intervensi perilaku dan psikologis yang diketahui berbahaya dan berbahaya'),
('Z64.4', 'Z5y', 'Discord with counsellors', 'Perselisihan dengan konselor'),
('Z65.0', 'Z5y', 'Conviction in civil and criminal proceedings without imprisonment', 'Keyakinan dalam proses perdata dan pidana penjara tanpa'),
('Z65.1', 'Z5y', 'Imprisonment and other incarceration', 'Penahanan dan penahanan lainnya'),
('Z65.2', 'Z5y', 'Problems related to release from prison', 'Masalah yang terkait untuk melepaskan dari penjara'),
('Z65.3', 'Z5y', 'Problems related to other legal circumstances', 'Masalah yang terkait dengan keadaan hukum lainnya'),
('Z65.4', 'Z5y', 'Victim of crime and terrorism', 'Korban kejahatan dan terorisme'),
('Z65.5', 'Z5y', 'Exposure to disaster, war and other hostilities', 'Paparan bencana , perang dan permusuhan lainnya'),
('Z65.8', 'Z5y', 'Other specified problems related to psychosocial circumstances', 'Masalah tertentu lainnya yang berhubungan dengan keadaan psikososial'),
('Z65.9', 'Z5y', 'Problem related to unspecified psychosocial circumstances', 'Masalah yang berkaitan dengan situasi psikososial yang tidak spesifik'),
('Z70.0', 'Z7x', 'Counselling related to sexual attitude', 'Konseling yang berkaitan dengan sikap seksual'),
('Z70.1', 'Z7x', 'Counselling related to patients sexual behaviour and orientation', 'Konseling yang berkaitan dengan pasien perilaku seksual dan orientasi'),
('Z70.2', 'Z7x', 'Counselling related to sexual behaviour and orientation of third party', 'Konseling yang berkaitan dengan perilaku seksual dan orientasi pihak ketiga'),
('Z70.3', 'Z7x', 'Counselling related to combined concerns regarding sexual attitude, behaviour and orientation', 'Konseling yang berkaitan dengan keprihatinan gabungan mengenai sikap seksual , perilaku dan orientasi'),
('Z70.8', 'Z7x', 'Other sex counselling', 'Konseling seks lainnya'),
('Z70.9', 'Z7x', 'Sex counselling, unspecified', 'Konseling seks , tidak spesifik'),
('Z71.0', 'Z7x', 'Person consulting on behalf of another person', 'Konsultasi orang atas nama orang lain'),
('Z71.1', 'Z7x', 'Person with feared complaint in whom no diagnosis is made', 'Orang dengan takut keluhan di antaranya tidak ada diagnosis dibuat'),
('Z71.2', 'Z7x', 'Person consulting for explanation of investigation findings', 'Orang konsultasi untuk penjelasan temuan investigasi'),
('Z71.3', 'Z7x', 'Dietary counselling and surveillance', 'Konseling dan pengawasan diet'),
('Z71.4', 'Z7x', 'Alcohol abuse counselling and surveillance', 'Penyalahgunaan alkohol konseling dan pengawasan'),
('Z71.5', 'Z7x', 'Drug abuse counselling and surveillance', 'Penyalahgunaan narkoba konseling dan pengawasan'),
('Z71.6', 'Z7x', 'Tobacco abuse counselling', 'Penyalahgunaan tembakau konseling'),
('Z71.7', 'Z7x', 'Human immunodeficiency virus [HIV] counselling', 'Human immunodeficiency virus [ HIV ] konseling'),
('Z71.8', 'Z7x', 'Other specified counselling', 'Konseling tertentu lainnya'),
('Z71.9', 'Z7x', 'Counselling, unspecified', 'Konseling , tidak spesifik'),
('Z72.0', 'Z7x', 'Tobacco use', 'penggunaan tembakau'),
('Z72.1', 'Z7x', 'Alcohol use', 'penggunaan alkohol'),
('Z72.2', 'Z7x', 'Drug use', 'penggunaan narkoba'),
('Z72.3', 'Z7x', 'Lack of physical exercise', 'Kurangnya latihan fisik'),
('Z72.4', 'Z7x', 'Inappropriate diet and eating habits', 'Diet dan makan kebiasaan tidak pantas'),
('Z72.5', 'Z7x', 'High-risk sexual behaviour', 'High-risk sexual behaviour'),
('Z72.6', 'Z7x', 'Gambling and betting', 'Judi dan taruhan'),
('Z72.8', 'Z7x', 'Other problems related to lifestyle', 'Masalah lain yang berhubungan dengan gaya hidup'),
('Z72.9', 'Z7x', 'Problem related to lifestyle, unspecified', 'Masalah yang berkaitan dengan gaya hidup , tidak spesifik'),
('Z73.0', 'Z7x', 'Burn-out', 'Burn- out'),
('Z73.1', 'Z7x', 'Accentuation of personality traits', 'Aksentuasi ciri-ciri kepribadian'),
('Z73.2', 'Z7x', 'Lack of relaxation and leisure', 'Kurangnya relaksasi dan rekreasi'),
('Z73.3', 'Z7x', 'Stress, not elsewhere classified', 'Stres , tidak diklasifikasikan di tempat lain'),
('Z73.4', 'Z7x', 'Inadequate social skills, not elsewhere classified', 'Keterampilan sosial yang tidak memadai , tidak diklasifikasikan di tempat lain'),
('Z73.5', 'Z7x', 'Social role conflict, not elsewhere classified', 'Konflik peran sosial , tidak diklasifikasikan di tempat lain'),
('Z73.6', 'Z7x', 'Limitation of activities due to disability', 'Batasan kegiatan karena cacat'),
('Z73.8', 'Z7x', 'Other problems related to life-management difficulty', 'Masalah lain yang berkaitan dengan kesulitan hidup - manajemen'),
('Z73.9', 'Z7x', 'Problem related to life-management difficulty, unspecified', 'Masalah yang berkaitan dengan kesulitan hidup - manajemen , tidak spesifik'),
('Z74.0', 'Z7x', 'Reduced mobility', 'sulit gerak'),
('Z74.1', 'Z7x', 'Need for assistance with personal care', 'Butuh bantuan dengan perawatan pribadi'),
('Z74.2', 'Z7x', 'Need for assistance at home and no other household member able to render care', 'Butuh bantuan di rumah dan tidak ada anggota rumah tangga lainnya mampu membuat perawatan'),
('Z74.3', 'Z7x', 'Need for continuous supervision', 'Perlu pengawasan terus menerus'),
('Z74.8', 'Z7x', 'Other problems related to care-provider dependency', 'Masalah lain yang berkaitan dengan perawatan - penyedia ketergantungan'),
('Z74.9', 'Z7x', 'Problem related to care-provider dependency, unspecified', 'Masalah yang berkaitan ketergantungan peduli - provider , tidak spesifik'),
('Z75.0', 'Z7x', 'Medical services not available in home', 'Pelayanan medis tidak tersedia di rumah'),
('Z75.1', 'Z7x', 'Person awaiting admission to adequate facility elsewhere', 'Orang menunggu masuk ke fasilitas yang memadai di tempat lain'),
('Z75.2', 'Z7x', 'Other waiting period for investigation and treatment', 'Masa tunggu lainnya untuk penyelidikan dan pengobatan'),
('Z75.3', 'Z7x', 'Unavailability and inaccessibility of health-care facilities', 'Ketidaktersediaan dan tidak dapat diaksesnya fasilitas pelayanan kesehatan'),
('Z75.4', 'Z7x', 'Unavailability and inaccessibility of other helping agencies', 'Ketidaktersediaan dan tidak dapat diaksesnya lembaga lain membantu'),
('Z75.5', 'Z7x', 'Holiday relief care', 'Perawatan lega liburan'),
('Z75.8', 'Z7x', 'Other problems related to medical facilities and other health care', 'Masalah lain yang berkaitan dengan fasilitas medis dan perawatan kesehatan lainnya'),
('Z75.9', 'Z7x', 'Unspecified problem related to medical facilities and other health care', 'Tidak disebutkan masalah yang berkaitan dengan fasilitas medis dan perawatan kesehatan lainnya'),
('Z76.0', 'Z7x', 'Issue of repeat prescription', 'Isu resep ulangi'),
('Z76.1', 'Z7x', 'Health supervision and care of foundling', 'Pengawasan kesehatan dan perawatan bayi terlantar'),
('Z76.2', 'Z7x', 'Health supervision and care of other healthy infant and child', 'Pengawasan kesehatan dan perawatan bayi sehat lainnya dan anak'),
('Z76.3', 'Z7x', 'Healthy person accompanying sick person', 'Orang yang sehat menyertai orang sakit'),
('Z76.4', 'Z7x', 'Other boarder in health-care facility', 'Asrama lain di fasilitas pelayanan kesehatan'),
('Z76.5', 'Z7x', 'Malingerer [conscious simulation]', 'Pura-pura [ simulasi sadar ]'),
('Z76.8', 'Z7x', 'Persons encountering health services in other specified circumstances', 'Orang menghadapi pelayanan kesehatan dalam keadaan tertentu lainnya'),
('Z76.9', 'Z7x', 'Person encountering health services in unspecified circumstances', 'Orang menghadapi pelayanan kesehatan dalam keadaan yang tidak spesifik'),
('Z80.0', 'Z8x', 'Family history of malignant neoplasm of digestive organs', 'Riwayat keluarga neoplasma ganas organ pencernaan'),
('Z80.1', 'Z8x', 'Family history of malignant neoplasm of trachea, bronchus and lung', 'Riwayat keluarga neoplasma ganas trakea , bronkus dan paru-paru'),
('Z80.2', 'Z8x', 'Family history of malignant neoplasm of other respiratory and intrathoracic organs', 'Riwayat keluarga neoplasma ganas organ pernapasan dan intrathoracic lainnya'),
('Z80.3', 'Z8x', 'Family history of malignant neoplasm of breast', 'Riwayat keluarga neoplasma ganas payudara'),
('Z80.4', 'Z8x', 'Family history of malignant neoplasm of genital organs', 'Riwayat keluarga neoplasma ganas organ genital'),
('Z80.5', 'Z8x', 'Family history of malignant neoplasm of urinary tract', 'Riwayat keluarga neoplasma ganas dari saluran kemih'),
('Z80.6', 'Z8x', 'Family history of leukaemia', 'Riwayat keluarga leukemia'),
('Z80.7', 'Z8x', 'Family history of other malignant neoplasms of lymphoid, haematopoietic and related tissues', 'Riwayat keluarga neoplasma ganas lainnya limfoid , haematopoietic dan jaringan terkait'),
('Z80.8', 'Z8x', 'Family history of malignant neoplasm of other organs or systems', 'Riwayat keluarga neoplasma ganas organ atau sistem lain'),
('Z80.9', 'Z8x', 'Family history of malignant neoplasm, unspecified', 'Riwayat keluarga neoplasma ganas , tidak spesifik'),
('Z81.0', 'Z8x', 'Family history of mental retardation', 'Riwayat keluarga keterbelakangan mental'),
('Z81.1', 'Z8x', 'Family history of alcohol abuse', 'Riwayat keluarga penyalahgunaan alkohol'),
('Z81.2', 'Z8x', 'Family history of tobacco abuse', 'Riwayat keluarga penyalahgunaan tembakau'),
('Z81.3', 'Z8x', 'Family history of other psychoactive substance abuse', 'Riwayat keluarga penyalahgunaan zat psikoaktif lainnya'),
('Z81.4', 'Z8x', 'Family history of other substance abuse', 'Riwayat keluarga penyalahgunaan zat lainnya'),
('Z81.8', 'Z8x', 'Family history of other mental and behavioural disorders', 'Riwayat keluarga gangguan mental dan perilaku lainnya'),
('Z82.0', 'Z8x', 'Family history of epilepsy and other diseases of the nervous system', 'Riwayat keluarga epilepsi dan penyakit lain dari sistem saraf'),
('Z82.1', 'Z8x', 'Family history of blindness and visual loss', 'Riwayat keluarga kebutaan dan kehilangan penglihatan');
INSERT INTO `tm_hclaim_diagnosis_cat` (`hclaim_diagnosis_id`, `hclaim_diagnosis_cat_id`, `hclaim_diagnosis_desc`, `hclaim_diagnosis_desc_ind`) VALUES
('Z82.2', 'Z8x', 'Family history of deafness and hearing loss', 'Riwayat keluarga ketulian dan gangguan pendengaran'),
('Z82.3', 'Z8x', 'Family history of stroke', 'Riwayat keluarga stroke'),
('Z82.4', 'Z8x', 'Family history of ischaemic heart disease and other diseases of the circulatory system', 'Riwayat keluarga penyakit jantung iskemik dan penyakit lainnya dari sistem peredaran darah'),
('Z82.5', 'Z8x', 'Family history of asthma and other chronic lower respiratory diseases', 'Riwayat keluarga asma dan penyakit pernapasan kronis yang lebih rendah lainnya'),
('Z82.6', 'Z8x', 'Family history of arthritis and other diseases of the musculoskeletal system and connective tissue', 'Riwayat keluarga arthritis dan penyakit lain dari sistem muskuloskeletal dan jaringan ikat'),
('Z82.7', 'Z8x', 'Family history of congenital malformations, deformations and chromosomal abnormalities', 'Riwayat keluarga malformasi kongenital , deformasi dan kelainan kromosom'),
('Z82.8', 'Z8x', 'Family history of other disabilities and chronic diseases leading to disablement, not elsewhere classified', 'Riwayat keluarga cacat lainnya dan penyakit kronis yang menyebabkan cacat , tidak diklasifikasikan di tempat lain'),
('Z83.0', 'Z8x', 'Family history of human immunodeficiency virus [HIV] disease', 'Riwayat keluarga manusia immunodeficiency virus [ HIV ] penyakit'),
('Z83.1', 'Z8x', 'Family history of other infectious and parasitic diseases', 'Riwayat keluarga penyakit infeksi dan parasit lainnya'),
('Z83.2', 'Z8x', 'Family history of diseases of the blood and blood-forming organs and certain disorders involving the immune mechanism', 'Riwayat keluarga penyakit darah dan organ pembentuk darah dan gangguan tertentu yang melibatkan mekanisme kekebalan'),
('Z83.3', 'Z8x', 'Family history of diabetes mellitus', 'Riwayat keluarga diabetes mellitus'),
('Z83.4', 'Z8x', 'Family history of other endocrine, nutritional and metabolic diseases', 'Riwayat keluarga endokrin lainnya , penyakit nutrisi dan metabolik'),
('Z83.5', 'Z8x', 'Family history of eye and ear disorders', 'Riwayat keluarga gangguan mata dan telinga'),
('Z83.6', 'Z8x', 'Family history of diseases of the respiratory system', 'Riwayat keluarga penyakit pada sistem pernapasan'),
('Z83.7', 'Z8x', 'Family history of diseases of the digestive system', 'Riwayat keluarga penyakit pada sistem pencernaan'),
('Z84.0', 'Z8x', 'Family history of diseases of the skin and subcutaneous tissue', 'Riwayat keluarga penyakit kulit dan jaringan subkutan'),
('Z84.1', 'Z8x', 'Family history of disorders of kidney and ureter', 'Riwayat keluarga gangguan ginjal dan ureter'),
('Z84.2', 'Z8x', 'Family history of other diseases of the genitourinary system', 'Riwayat keluarga penyakit lain dari sistem genitourinari'),
('Z84.3', 'Z8x', 'Family history of consanguinity', 'Riwayat keluarga kerabat'),
('Z84.8', 'Z8x', 'Family history of other specified conditions', 'Riwayat keluarga kondisi tertentu lainnya'),
('Z85.0', 'Z8x', 'Personal history of malignant neoplasm of digestive organs', 'Sejarah pribadi neoplasma ganas organ pencernaan'),
('Z85.1', 'Z8x', 'Personal history of malignant neoplasm of trachea, bronchus and lung', 'Sejarah pribadi neoplasma ganas trakea , bronkus dan paru-paru'),
('Z85.2', 'Z8x', 'Personal history of malignant neoplasm of other respiratory and intrathoracic organs', 'Sejarah pribadi neoplasma ganas organ pernapasan dan intrathoracic lainnya'),
('Z85.3', 'Z8x', 'Personal history of malignant neoplasm of breast', 'Sejarah pribadi neoplasma ganas payudara'),
('Z85.4', 'Z8x', 'Personal history of malignant neoplasm of genital organs', 'Sejarah pribadi neoplasma ganas organ genital'),
('Z85.5', 'Z8x', 'Personal history of malignant neoplasm of urinary tract', 'Sejarah pribadi neoplasma ganas dari saluran kemih'),
('Z85.6', 'Z8x', 'Personal history of leukaemia', 'Sejarah pribadi leukemia'),
('Z85.7', 'Z8x', 'Personal history of other malignant neoplasms of lymphoid, haematopoietic and related tissues', 'Sejarah pribadi neoplasma ganas lainnya limfoid , haematopoietic dan jaringan terkait'),
('Z85.8', 'Z8x', 'Personal history of malignant neoplasms of other organs and systems', 'Sejarah pribadi neoplasma ganas organ dan sistem lainnya'),
('Z85.9', 'Z8x', 'Personal history of malignant neoplasm, unspecified', 'Sejarah pribadi neoplasma ganas , tidak spesifik'),
('Z86.0', 'Z8x', 'Personal history of other neoplasms', 'Sejarah pribadi neoplasma lainnya'),
('Z86.1', 'Z8x', 'Personal history of infectious and parasitic diseases', 'Sejarah pribadi penyakit infeksi dan parasit'),
('Z86.2', 'Z8x', 'Personal history of diseases of the blood and blood-forming organs and certain disorders involving the immune mechanism', 'Sejarah pribadi penyakit darah dan organ pembentuk darah dan gangguan tertentu yang melibatkan mekanisme kekebalan'),
('Z86.3', 'Z8x', 'Personal history of endocrine, nutritional and metabolic diseases', 'Sejarah pribadi endokrin , penyakit nutrisi dan metabolik'),
('Z86.4', 'Z8x', 'Personal history of psychoactive substance abuse', 'Sejarah pribadi penyalahgunaan zat psikoaktif'),
('Z86.5', 'Z8x', 'Personal history of other mental and behavioural disorders', 'Sejarah pribadi gangguan mental dan perilaku lainnya'),
('Z86.6', 'Z8x', 'Personal history of diseases of the nervous system and sense organs', 'Sejarah pribadi penyakit pada sistem saraf dan organ-organ indera'),
('Z86.7', 'Z8x', 'Personal history of diseases of the circulatory system', 'Sejarah pribadi penyakit pada sistem peredaran darah'),
('Z87.0', 'Z8x', 'Personal history of diseases of the respiratory system', 'Sejarah pribadi penyakit pada sistem pernapasan'),
('Z87.1', 'Z8x', 'Personal history of diseases of the digestive system', 'Sejarah pribadi penyakit pada sistem pencernaan'),
('Z87.2', 'Z8x', 'Personal history of diseases of the skin and subcutaneous tissue', 'Sejarah pribadi penyakit pada kulit dan jaringan subkutan'),
('Z87.3', 'Z8x', 'Personal history of diseases of the musculoskeletal system and connective tissue', 'Sejarah pribadi penyakit pada sistem muskuloskeletal dan jaringan ikat'),
('Z87.4', 'Z8x', 'Personal history of diseases of the genitourinary system', 'Sejarah pribadi penyakit pada sistem genitourinary'),
('Z87.5', 'Z8x', 'Personal history of complications of pregnancy, childbirth and the puerperium', 'Sejarah pribadi komplikasi kehamilan , persalinan dan masa nifas'),
('Z87.6', 'Z8x', 'Personal history of certain conditions arising in the perinatal period', 'Sejarah pribadi kondisi tertentu yang timbul pada periode perinatal'),
('Z87.7', 'Z8x', 'Personal history of congenital malformations, deformations and chromosomal abnormalities', 'Sejarah pribadi malformasi kongenital , deformasi dan kelainan kromosom'),
('Z87.8', 'Z8x', 'Personal history of other specified conditions', 'Sejarah pribadi kondisi tertentu lainnya'),
('Z88.0', 'Z8x', 'Personal history of allergy to penicillin', 'Sejarah pribadi alergi terhadap penisilin'),
('Z88.1', 'Z8x', 'Personal history of allergy to other antibiotic agents', 'Sejarah pribadi alergi terhadap agen antibiotik lainnya'),
('Z88.2', 'Z8x', 'Personal history of allergy to sulfonamides', 'Sejarah pribadi alergi terhadap sulfonamid'),
('Z88.3', 'Z8x', 'Personal history of allergy to other anti-infective agents', 'Sejarah pribadi alergi terhadap agen anti - infeksi lainnya'),
('Z88.4', 'Z8x', 'Personal history of allergy to anaesthetic agent', 'Sejarah pribadi alergi terhadap agen anestesi'),
('Z88.5', 'Z8x', 'Personal history of allergy to narcotic agent', 'Sejarah pribadi alergi terhadap agen narkotika'),
('Z88.6', 'Z8x', 'Personal history of allergy to analgesic agent', 'Sejarah pribadi alergi terhadap agen analgesik'),
('Z88.7', 'Z8x', 'Personal history of allergy to serum and vaccine', 'Sejarah pribadi alergi terhadap serum dan vaksin'),
('Z88.8', 'Z8x', 'Personal history of allergy to other drugs, medicaments and biological substances', 'Sejarah pribadi alergi terhadap obat lain , obat-obatan dan bahan biologi'),
('Z88.9', 'Z8x', 'Personal history of allergy to unspecified drugs, medicaments and biological substances', 'Sejarah pribadi alergi terhadap obat yang tidak spesifik , obat-obatan dan bahan biologi'),
('Z89.0', 'Z8x', 'Acquired absence of finger(s) [including thumb], unilateral', 'Adanya Acquired jari ( s ) [ termasuk ibu jari ] , unilateral'),
('Z89.1', 'Z8x', 'Acquired absence of hand and wrist', 'Adanya Acquired tangan dan pergelangan tangan'),
('Z89.2', 'Z8x', 'Acquired absence of upper limb above wrist', 'Adanya Acquired dari ekstremitas atas di atas pergelangan tangan'),
('Z89.3', 'Z8x', 'Acquired absence of both upper limbs [any level]', 'Adanya Acquired kedua tungkai atas [ tingkat manapun ]'),
('Z89.4', 'Z8x', 'Acquired absence of foot and ankle', 'Adanya Acquired kaki dan pergelangan kaki'),
('Z89.5', 'Z8x', 'Acquired absence of leg at or below knee', 'Adanya Acquired kaki pada atau di bawah lutut'),
('Z89.6', 'Z8x', 'Acquired absence of leg above knee', 'Adanya Acquired kaki di atas lutut'),
('Z89.7', 'Z8x', 'Acquired absence of both lower limbs [any level, except toes alone]', 'Adanya Acquired kedua tungkai bawah [ tingkat manapun , kecuali jari kaki saja ]'),
('Z89.8', 'Z8x', 'Acquired absence of upper and lower limbs [any level]', 'Acquired adanya anggota badan atas dan bawah [ tingkat manapun ]'),
('Z89.9', 'Z8x', 'Acquired absence of limb, unspecified', 'Acquired adanya anggota badan , tidak spesifik'),
('Z90.0', 'Z8x', 'Acquired absence of part of head and neck', 'Adanya Acquired bagian kepala dan leher'),
('Z90.1', 'Z8x', 'Acquired absence of breast(s)', 'Adanya Acquired payudara ( s )'),
('Z90.2', 'Z8x', 'Acquired absence of lung [part of]', 'Adanya Acquired paru-paru [ bagian ]'),
('Z90.3', 'Z8x', 'Acquired absence of part of stomach', 'Adanya Acquired dari bagian perut'),
('Z90.4', 'Z8x', 'Acquired absence of other parts of digestive tract', 'Adanya Acquired dari bagian lain dari saluran pencernaan'),
('Z90.5', 'Z8x', 'Acquired absence of kidney', 'Adanya Acquired ginjal'),
('Z90.6', 'Z8x', 'Acquired absence of other organs of urinary tract', 'Acquired adanya organ lain dari saluran kemih'),
('Z90.7', 'Z8x', 'Acquired absence of genital organ(s)', 'Adanya Acquired organ genital ( s )'),
('Z90.8', 'Z8x', 'Acquired absence of other organs', 'Acquired adanya organ lain'),
('Z91.0', 'Z8x', 'Personal history of allergy, other than to drugs and biological substances', 'Sejarah pribadi alergi , selain untuk obat-obatan dan bahan biologi'),
('Z91.1', 'Z8x', 'Personal history of noncompliance with medical treatment and regimen', 'Sejarah pribadi ketidakpatuhan dengan pengobatan medis dan regimen'),
('Z91.2', 'Z8x', 'Personal history of poor personal hygiene', 'Sejarah pribadi kebersihan pribadi yang buruk'),
('Z91.3', 'Z8x', 'Personal history of unhealthy sleep-wake schedule', 'Sejarah pribadi jadwal tidur-bangun yang tidak sehat'),
('Z91.4', 'Z8x', 'Personal history of psychological trauma, not elsewhere classified', 'Sejarah pribadi trauma psikologis , tidak diklasifikasikan di tempat lain'),
('Z91.5', 'Z8x', 'Personal history of self-harm', 'Sejarah pribadi merugikan diri'),
('Z91.6', 'Z8x', 'Personal history of other physical trauma', 'Sejarah pribadi trauma fisik lainnya'),
('Z91.8', 'Z8x', 'Personal history of other specified risk-factors, not elsewhere classified', 'Sejarah pribadi risiko - faktor tertentu lainnya , tidak diklasifikasikan di tempat lain'),
('Z92.0', 'Z8x', 'Personal history of contraception', 'Sejarah pribadi kontrasepsi'),
('Z92.1', 'Z8x', 'Personal history of long-term (current) use of anticoagulants', 'Sejarah pribadi jangka panjang digunakan ( saat ini ) antikoagulan'),
('Z92.2', 'Z8x', 'Personal history of long-term (current) use of other medicaments', 'Sejarah pribadi jangka panjang digunakan ( saat ini ) dari obat-obatan lain'),
('Z92.3', 'Z8x', 'Personal history of irradiation', 'Sejarah pribadi iradiasi'),
('Z92.4', 'Z8x', 'Personal history of major surgery, not elsewhere classified', 'Sejarah pribadi operasi besar , tidak diklasifikasikan di tempat lain'),
('Z92.5', 'Z8x', 'Personal history of rehabilitation measures', 'Sejarah pribadi langkah-langkah rehabilitasi'),
('Z92.8', 'Z8x', 'Personal history of other medical treatment', 'Sejarah pribadi perawatan medis lainnya'),
('Z92.9', 'Z8x', 'Personal history of medical treatment, unspecified', 'Sejarah pribadi perawatan medis , tidak spesifik'),
('Z93.0', 'Z8x', 'Tracheostomy status', 'Status trakeostomi'),
('Z93.1', 'Z8x', 'Gastrostomy status', 'Status gastrostomy'),
('Z93.2', 'Z8x', 'Ileostomy status', 'Status ileostomy'),
('Z93.3', 'Z8x', 'Colostomy status', 'Status kolostomi'),
('Z93.4', 'Z8x', 'Other artificial openings of gastrointestinal tract status', 'Bukaan buatan lainnya status saluran pencernaan'),
('Z93.5', 'Z8x', 'Cystostomy status', 'Status Cystostomy'),
('Z93.6', 'Z8x', 'Other artificial openings of urinary tract status', 'Bukaan buatan lainnya status saluran kemih'),
('Z93.8', 'Z8x', 'Other artificial opening status', 'Status pembukaan buatan lainnya'),
('Z93.9', 'Z8x', 'Artificial opening status, unspecified', 'Status pembukaan buatan , tidak spesifik'),
('Z94.0', 'Z8x', 'Kidney transplant status', 'Status transplantasi ginjal'),
('Z94.1', 'Z8x', 'Heart transplant status', 'Status transplantasi jantung'),
('Z94.2', 'Z8x', 'Lung transplant status', 'Status transplantasi paru-paru'),
('Z94.3', 'Z8x', 'Heart and lungs transplant status', 'Status transplantasi jantung dan paru-paru'),
('Z94.4', 'Z8x', 'Liver transplant status', 'Status transplantasi hati'),
('Z94.5', 'Z8x', 'Skin transplant status', 'Status transplantasi kulit'),
('Z94.6', 'Z8x', 'Bone transplant status', 'Status transplantasi tulang'),
('Z94.7', 'Z8x', 'Corneal transplant status', 'Status transplantasi kornea'),
('Z94.8', 'Z8x', 'Other transplanted organ and tissue status', 'Status organ dan jaringan lain yang ditransplantasikan'),
('Z94.9', 'Z8x', 'Transplanted organ and tissue status, unspecified', 'Organ transplantasi dan status jaringan , tidak spesifik'),
('Z95.0', 'Z8x', 'Presence of cardiac pacemaker', 'Kehadiran alat pacu jantung'),
('Z95.1', 'Z8x', 'Presence of aortocoronary bypass graft', 'Kehadiran aortocoronary graft bypass'),
('Z95.2', 'Z8x', 'Presence of prosthetic heart valve', 'Kehadiran katup jantung prostetik'),
('Z95.3', 'Z8x', 'Presence of xenogenic heart valve', 'Kehadiran katup jantung xenogenic'),
('Z95.4', 'Z8x', 'Presence of other heart-valve replacement', 'Kehadiran pengganti jantung - katup lainnya'),
('Z95.5', 'Z8x', 'Presence of coronary angioplasty implant and graft', 'Kehadiran implan angioplasti koroner dan graft'),
('Z95.8', 'Z8x', 'Presence of other cardiac and vascular implants and grafts', 'Kehadiran implan jantung dan pembuluh darah lainnya dan cangkok'),
('Z95.9', 'Z8x', 'Presence of cardiac and vascular implant and graft, unspecified', 'Kehadiran implan jantung dan pembuluh darah dan korupsi , tidak spesifik'),
('Z96.0', 'Z8x', 'Presence of urogenital implants', 'Kehadiran implan urogenital'),
('Z96.1', 'Z8x', 'Presence of intraocular lens', 'Kehadiran lensa intraokular'),
('Z96.2', 'Z8x', 'Presence of otological and audiological implants', 'Kehadiran implan otological dan audiologi'),
('Z96.3', 'Z8x', 'Presence of artificial larynx', 'Kehadiran laring buatan'),
('Z96.4', 'Z8x', 'Presence of endocrine implants', 'Kehadiran endokrin implan'),
('Z96.5', 'Z8x', 'Presence of tooth-root and mandibular implants', 'Kehadiran gigi - akar dan mandibular implan'),
('Z96.6', 'Z8x', 'Presence of orthopaedic joint implants', 'Kehadiran implan ortopedi bersama'),
('Z96.7', 'Z8x', 'Presence of other bone and tendon implants', 'Kehadiran tulang dan tendon lainnya implan'),
('Z96.8', 'Z8x', 'Presence of other specified functional implants', 'Kehadiran implan fungsional lainnya yang spesifik'),
('Z96.9', 'Z8x', 'Presence of functional implant, unspecified', 'Kehadiran implan fungsional , tidak spesifik'),
('Z97.0', 'Z8x', 'Presence of artificial eye', 'Kehadiran mata buatan'),
('Z97.1', 'Z8x', 'Presence of artificial limb (complete) (partial)', 'Kehadiran anggota badan buatan (lengkap ) ( parsial )'),
('Z97.2', 'Z8x', 'Presence of dental prosthetic device (complete) (partial)', 'Kehadiran perangkat prostetik gigi (lengkap ) ( parsial )'),
('Z97.3', 'Z8x', 'Presence of spectacles and contact lenses', 'Kehadiran kacamata dan lensa kontak'),
('Z97.4', 'Z8x', 'Presence of external hearing-aid', 'Kehadiran alat bantu dengar eksternal'),
('Z97.5', 'Z8x', 'Presence of (intrauterine) contraceptive device', 'Kehadiran ( intrauterine ) alat kontrasepsi'),
('Z97.8', 'Z8x', 'Presence of other specified devices', 'Kehadiran perangkat tertentu lainnya'),
('Z98.0', 'Z8x', 'Intestinal bypass and anastomosis status', 'Usus memotong dan anastomosis Status'),
('Z98.1', 'Z8x', 'Arthrodesis status', 'Status arthrodesis'),
('Z98.2', 'Z8x', 'Presence of cerebrospinal fluid drainage device', 'Kehadiran perangkat drainase cairan serebrospinal'),
('Z98.8', 'Z8x', 'Other specified postsurgical states', 'Negara pascaoperasi tertentu lainnya'),
('Z99.0', 'Z8x', 'Dependence on aspirator', 'Ketergantungan pada aspirator'),
('Z99.1', 'Z8x', 'Dependence on respirator', 'Ketergantungan pada respirator'),
('Z99.2', 'Z8x', 'Dependence on renal dialysis', 'Ketergantungan pada dialisis ginjal'),
('Z99.3', 'Z8x', 'Dependence on wheelchair', 'Ketergantungan pada kursi roda'),
('Z99.8', 'Z8x', 'Dependence on other enabling machines and devices', 'Ketergantungan pada mesin yang memungkinkan lainnya dan perangkat'),
('Z99.9', 'Z8x', 'Dependence on unspecified enabling machine and device', 'Ketergantungan pada mesin dan perangkat yang memungkinkan yang tidak spesifik');

-- --------------------------------------------------------

--
-- Struktur dari tabel `tm_hclaim_diagnosis_type`
--

CREATE TABLE `tm_hclaim_diagnosis_type` (
  `hclaim_diagnosis_cat_id` varchar(3) NOT NULL,
  `hclaim_diagnosis_cat_desc` varchar(255) DEFAULT NULL
) ENGINE=InnoDB DEFAULT CHARSET=latin1;

--
-- Dumping data untuk tabel `tm_hclaim_diagnosis_type`
--

INSERT INTO `tm_hclaim_diagnosis_type` (`hclaim_diagnosis_cat_id`, `hclaim_diagnosis_cat_desc`) VALUES
('A0x', 'Intestinal infectious diseases'),
('A1x', 'Tuberculosis'),
('A2x', 'Certain zoonotic bacterial diseases'),
('A3x', 'Other bacterial diseases'),
('A5x', 'Infections with a predominantly sexual mode of transmission'),
('A6y', 'Other spirochetal diseases'),
('A7x', 'Other diseases caused by chlamydiae'),
('A7y', 'Rickettsioses'),
('A8x', 'Viral and prion infections of the central nervous system'),
('A97', 'Dengue'),
('A9x', 'Arthropod-borne viral fevers and viral hemorrhagic fevers '),
('B0x', 'Viral infections characterized by skin and mucous membrane lesions'),
('B1x', 'Viral hepatitis'),
('B2x', 'Human immunodeficiency virus [HIV] disease'),
('B2y', 'Other viral diseases'),
('B3x', 'Mycoses'),
('B5x', 'Protozoal diseases'),
('B6x', 'Helminthiases'),
('B8y', 'Pediculosis, acariasis and other infestations'),
('B9x', 'Bacterial and viral infectious agents'),
('B9y', 'Other infectious diseases'),
('C0x', 'Malignant neoplasms of lip, oral cavity and pharynx'),
('C1x', 'Malignant neoplasms of digestive organs'),
('C3x', 'Malignant neoplasms of respiratory and intrathoracic organs'),
('C4x', 'Malignant neoplasms of bone and articular cartilage'),
('C4y', 'Malignant neoplasms of mesothelial and soft tissue'),
('C4z', 'Melanoma and other malignant neoplasms of skin'),
('C5x', 'Malignant neoplasm of breast'),
('C5y', 'Malignant neoplasms of female genital organs'),
('C6x', 'Malignant neoplasms of eye, brain and other parts of central nervous system'),
('C6y', 'Malignant neoplasms of male genital organs'),
('C6z', 'Malignant neoplasms of urinary tract'),
('C7y', 'Malignant neoplasms of ill-defined, other secondary and unspecified sites'),
('C7z', 'Malignant neoplasms of thyroid and other endocrine glands'),
('C8y', 'Malignant neoplasms of lymphoid, hematopoietic and related tissue'),
('D0x', 'In situ neoplasms'),
('D1x', 'Benign neoplasms, except benign neuroendocrine tumors'),
('D3y', 'Neoplasms of uncertain behavior, polycythemia vera and myelodysplastic syndromes'),
('D5x', 'Hemolytic anemias'),
('D5y', 'Nutritional anemias'),
('D6x', 'Aplastic and other anemias and other bone marrow failure syndromes'),
('D6y', 'Coagulation defects, purpura and other hemorrhagic conditions'),
('D7x', 'Other disorders of blood and blood-forming organs'),
('D8x', 'Certain disorders involving the immune mechanism '),
('E0x', 'Disorders of thyroid gland'),
('E1x', 'Diabetes mellitus'),
('E1y', 'Other disorders of glucose regulation and pancreatic internal secretion'),
('E1z', 'Unspecified diabetes mellitus'),
('E2x', 'Disorders of other endocrine glands'),
('E4x', 'Malnutrition'),
('E5x', 'Other nutritional deficiencies'),
('E6y', 'Overweight, obesity and other hyperalimentation'),
('E7x', 'Metabolic disorders'),
('E8y', 'Postprocedural endocrine and metabolic complications and disorders, not elsewhere classified'),
('F0x', 'Mental disorders due to known physiological conditions'),
('F1x', 'Mental and behavioral disorders due to psychoactive substance use'),
('F2x', 'Schizophrenia, schizotypal, delusional, and other non-mood psychotic disorders'),
('F3x', 'Mood [affective] disorders'),
('F4x', 'Anxiety, dissociative, stress-related, somatoform and other nonpsychotic mental disorders'),
('F5x', 'Behavioral syndromes associated with physiological disturbances and physical factors'),
('F6x', 'Disorders of adult personality and behavior'),
('F7x', 'Intellectual disabilities '),
('F8x', 'Pervasive and specific developmental disorders'),
('F9x', 'Behavioral and emotional disorders with onset usually occurring in childhood and adolescence '),
('F9y', 'Unspecified mental disorder'),
('G0x', 'Inflammatory diseases of the central nervous system'),
('G1x', 'Systemic atrophies primarily affecting the central nervous system'),
('G2x', 'Extrapyramidal and movement disorders'),
('G3x', 'Demyelinating diseases of the central nervous system'),
('G3y', 'Other degenerative diseases of the nervous system'),
('G4x', 'Episodic and paroxysmal disorders'),
('G5x', 'Nerve, nerve root and plexus disorders'),
('G6x', 'Polyneuropathies and other disorders of the peripheral nervous system'),
('G7x', 'Diseases of myoneural junction and muscle'),
('G8x', 'Cerebral palsy and other paralytic syndromes'),
('G9x', 'Other disorders of the nervous system'),
('H0x', 'Disorders of eyelid, lacrimal system and orbit'),
('H1x', 'Disorders of conjunctiva'),
('H1y', 'Disorders of sclera, cornea, iris and ciliary body'),
('H2x', 'Disorders of lens'),
('H3x', 'Disorders of choroid and retina'),
('H4s', 'Glaucoma'),
('H4x', 'Disorders of ocular muscles, binocular movement, accommodation and refraction'),
('H4y', 'Disorders of optic nerve and visual pathways'),
('H4z', 'Disorders of vitreous body and globe'),
('H5s', 'Visual disturbances and blindness'),
('H5y', 'Intraoperative and postprocedural complications and disorders of eye and adnexa, not elsewhere classified'),
('H5z', 'Other disorders of eye and adnexa'),
('H6x', 'Diseases of external ear'),
('H6y', 'Diseases of middle ear and mastoid'),
('H8x', 'Diseases of inner ear'),
('H9x', 'Intraoperative and postprocedural complications and disorders of ear and mastoid process, not elsewhere classified'),
('H9y', 'Other disorders of ear'),
('I0x', 'Acute rheumatic fever'),
('I0y', 'Chronic rheumatic heart diseases'),
('I1x', 'Hypertensive diseases'),
('I2x', 'Ischemic heart diseases'),
('I2y', 'Pulmonary heart disease and diseases of pulmonary circulation'),
('I3x', 'Other forms of heart disease'),
('I6x', 'Cerebrovascular diseases'),
('I7x', 'Diseases of arteries, arterioles and capillaries'),
('I8x', 'Diseases of veins, lymphatic vessels and lymph nodes, not elsewhere classified'),
('I8y', 'Haemorrhoids '),
('I9x', 'Other and unspecified disorders of the circulatory system '),
('J0x', 'Acute upper respiratory infections'),
('J1x', 'Influenza and pneumonia'),
('J2x', 'Other acute lower respiratory infections'),
('J3x', 'Other diseases of upper respiratory tract'),
('J4x', 'Chronic lower respiratory diseases'),
('J6x', 'Lung diseases due to external agents'),
('J8x', 'Other respiratory diseases principally affecting the interstitium'),
('J8y', 'Suppurative and necrotic conditions of the lower respiratory tract'),
('J9x', 'Intraoperative and postprocedural complications and disorders of respiratory system, not elsewhere classified'),
('J9y', 'Other diseases of the pleura'),
('J9z', 'Other diseases of the respiratory system'),
('K0x', 'Diseases of oral cavity and salivary glands'),
('K0y', 'Other diseases of the respiratory system'),
('K1y', 'Other Diseases of Jaws'),
('K2x', 'Diseases of esophagus, stomach and duodenum'),
('K3x', 'Diseases of appendix'),
('K4x', 'Hernia'),
('K5x', 'Noninfective enteritis and colitis'),
('K5y', 'Other diseases of intestines'),
('K64', 'Haemorrhoids and perianal venous thrombosis'),
('K6x', 'Diseases of peritoneum and retroperitoneum'),
('K7x', 'Diseases of liver'),
('K8x', 'Disorders of gallbladder, biliary tract and pancreas'),
('K9x', 'Other diseases of the digestive system'),
('L0x', 'Infections of the skin and subcutaneous tissue'),
('L1x', 'Bullous disorders'),
('L2x', 'Dermatitis and eczema'),
('L4x', 'Papulosquamous disorders'),
('L5x', 'Radiation-related disorders of the skin and subcutaneous tissue'),
('L5y', 'Urticaria and erythema'),
('L6x', 'Disorders of skin appendages'),
('L8x', 'Other disorders of the skin and subcutaneous tissue'),
('M0x', 'Infectious arthropathies'),
('M0y', 'Inflammatory polyarthropathies'),
('M1y', 'Osteoarthritis'),
('M2x', 'Other joint disorders'),
('M3x', 'Systemic connective tissue disorders'),
('M4x', 'Deforming dorsopathies'),
('M4y', 'Spondylopathies'),
('M5x', 'Other dorsopathies'),
('M6x', 'Disorders of muscles'),
('M6y', 'Disorders of synovium and tendon'),
('M7x', 'Other soft tissue disorders'),
('M8x', 'Disorders of bone density and structure'),
('M8y', 'Other osteopathies'),
('M9s', 'Other disorders of the musculoskeletal system and connective tissue'),
('M9x', 'Biomechanical lesions, not elsewhere classified'),
('M9y', 'Chondropathies'),
('M9z', 'Intraoperative and postprocedural complications and disorders of musculoskeletal system, not elsewhere classified'),
('N0x', 'Glomerular diseases'),
('N1x', 'Acute kidney failure and chronic kidney disease'),
('N1y', 'Renal tubulo-interstitial diseases'),
('N2x', 'Other disorders of kidney and ureter'),
('N2y', 'Urolithiasis'),
('N3x', 'Other diseases of the urinary system'),
('N4x', 'Diseases of male genital organs'),
('N6x', 'Disorders of breast'),
('N7x', 'Inflammatory diseases of female pelvic organs'),
('N8x', 'Noninflammatory disorders of female genital tract'),
('N9x', 'Intraoperative and postprocedural complications and disorders of genitourinary system, not elsewhere classified'),
('O0x', 'Pregnancy with abortive outcome'),
('O1x', 'Edema, proteinuria and hypertensive disorders in pregnancy, childbirth and the puerperium'),
('O2x', 'Other maternal disorders predominantly related to pregnancy'),
('O3x', 'Maternal care related to the fetus and amniotic cavity and possible delivery problems'),
('O6x', 'Complications of labor and delivery'),
('O8s', 'Encounter for delivery -> (w/ Help of Tools)'),
('O8x', 'Complications predominantly related to the puerperium'),
('O8y', 'Encounter for delivery -> (Ceser)'),
('O8z', 'Encounter for delivery -> (Normal)'),
('O9x', 'Complications predominantly related to the puerperium'),
('O9y', 'Other obstetric conditions, not elsewhere classified'),
('P0x', 'Disorders of newborn related to length of gestation and fetal growth'),
('P0y', 'Newborn affected by maternal factors and by complications of pregnancy, labor, and delivery'),
('P1x', 'Birth trauma'),
('P2x', 'Respiratory and cardiovascular disorders specific to the perinatal period'),
('P3x', 'Infections specific to the perinatal period'),
('P5x', 'Hemorrhagic and hematological disorders of newborn'),
('P7x', 'Digestive system disorders of newborn'),
('P7y', 'Transitory endocrine and metabolic disorders specific to newborn'),
('P8x', 'Conditions involving the integument and temperature regulation of newborn'),
('P9x', 'Other disorders originating in the perinatal period'),
('Q0x', 'Congenital malformations of the nervous system'),
('Q1x', 'Congenital malformations of eye, ear, face and neck'),
('Q2x', 'Congenital malformations of the circulatory system'),
('Q3x', 'Cleft lip and cleft palate'),
('Q3y', 'Congenital malformations of the respiratory system'),
('Q3z', 'Other congenital malformations of the digestive system'),
('Q5x', 'Congenital malformations of genital organs'),
('Q6x', 'Congenital malformations and deformations of the musculoskeletal system'),
('Q6y', 'Congenital malformations of the urinary system'),
('Q8x', 'Other congenital malformations'),
('Q9x', 'Chromosomal abnormalities, not elsewhere classified'),
('R0x', 'Gangrene, not elsewhere classified'),
('R0y', 'Symptoms and signs involving the circulatory and respiratory systems'),
('R1x', 'Symptoms and signs involving the digestive system and abdomen'),
('R2x', 'Symptoms and signs involving the nervous and musculoskeletal systems'),
('R2y', 'Symptoms and signs involving the skin and subcutaneous tissue'),
('R3x', 'Symptoms and signs involving the genitourinary system'),
('R4x', 'Symptoms and signs involving cognition, perception, emotional state and behavior'),
('R4y', 'Symptoms and signs involving speech and voice'),
('R5x', 'General symptoms and signs'),
('R7x', 'Abnormal findings on examination of blood, without diagnosis'),
('R8x', 'Abnormal findings on examination of other body fluids, substances and tissues, without diagnosis'),
('R8y', 'Abnormal findings on examination of urine, without diagnosis'),
('R9x', 'Abnormal findings on diagnostic imaging and in function studies, without diagnosis'),
('R9y', 'Ill-defined and unknown cause of mortality'),
('S0x', 'Injuries to the head'),
('S1x', 'Injuries to the neck'),
('S2x', 'Injuries to the thorax'),
('S3x', 'Injuries to the abdomen, lower back, lumbar spine, pelvis and external genitals'),
('S4x', 'Injuries to the shoulder and upper arm'),
('S5x', 'Injuries to the elbow and forearm'),
('S6x', 'Injuries to the wrist, hand and fingers'),
('S7x', 'Injuries to the hip and thigh'),
('S8x', 'Injuries to the knee and lower leg'),
('S9x', 'Injuries to the ankle and foot'),
('T0s', 'Superficial injuries involving multiple body regions'),
('T0x', 'Injuries involving multiple body regions '),
('T0y', 'Injuries to unspecified part of trunk, limb or body region'),
('T0z', 'Open wounds involving multiple body regions '),
('T1x', 'Effects of foreign body entering through natural orifice'),
('T1y', 'Injuries to unspecified part of trunk, limb or body region'),
('T2x', 'Burns and corrosions confined to eye and internal organs'),
('T2y', 'Burns and corrosions of external body surface, specified by site'),
('T2z', 'Burns and corrosions of multiple body regions '),
('T3x', 'Burns and corrosions of multiple and unspecified body regions'),
('T3y', 'Frostbite'),
('T3z', 'Poisoning by, adverse effect of and underdosing of drugs, medicaments and biological substances'),
('T5y', 'Toxic effects of substances chiefly nonmedicinal as to source'),
('T6x', 'Other and unspecified effects of external causes'),
('T7x', 'Certain early complications of trauma'),
('T7y', 'Other and unspecified effects of external causes'),
('T8x', 'Complications of surgical and medical care, not elsewhere classified'),
('T9x', 'Sequelae of injuries involving multiple and unspecified body regions'),
('U04', 'Severe acute respiratory syndrome [SARS]'),
('U06', 'Zika virus disease'),
('U07', 'Emergency use of U07'),
('U82', 'Resistance to betalactam antibiotics'),
('U83', 'Resistance to other antibiotics'),
('U84', 'Resistance to other antimicrobial drugs'),
('U85', 'Resistance to antineoplastic drugs'),
('V0x', 'Accidents'),
('V0y', 'Pedestrian injured in transport accident'),
('V1x', 'Pedal cycle rider injured in transport accident'),
('V2x', 'Motorcycle rider injured in transport accident'),
('V3x', 'Occupant of three-wheeled motor vehicle injured in transport accident'),
('V4x', 'Car occupant injured in transport accident'),
('V5x', 'Occupant of pick-up truck or van injured in transport accident'),
('V6x', 'Occupant of heavy transport vehicle injured in transport accident'),
('V7x', 'Bus occupant injured in transport accident'),
('V8x', 'Other land transport accidents'),
('V9x', 'Air and space transport accidents'),
('V9y', 'Other and unspecified transport accidents'),
('V9z', 'Water transport accidents'),
('W0x', 'Slipping, tripping, stumbling and falls'),
('W2x', 'Exposure to inanimate mechanical forces'),
('W5x', 'Exposure to animate mechanical forces'),
('W6x', 'Accidental non-transport drowning and submersion'),
('W7y', 'Other Accidental Threats to Breathing'),
('W8x', 'Exposure to electric current, radiation and extreme ambient air temperature and pressure'),
('X0x', 'Exposure to smoke, fire and flames'),
('X1x', 'Contact with heat and hot substances'),
('X2x', 'Contact with venomous animals and plants'),
('X3x', 'Exposure to forces of nature'),
('X4x', 'Accidental poisoning by and exposure to noxious substances'),
('X5x', 'Accidental exposure to other specified factors'),
('X5y', 'Overexertion and strenuous or repetitive movements'),
('X6x', 'Intentional self-harm'),
('X8x', 'Assault'),
('Y1x', 'Event of undetermined intent'),
('Y3y', 'Legal intervention, operations of war, military operations, and terrorism'),
('Y4x', 'Drugs, medicaments and biological substances causing adverse effects in therapeutic use'),
('Y6x', 'Misadventures to patients during surgical and medical care'),
('Y7x', 'Medical devices associated with adverse incidents in diagnostic and therapeutic use'),
('Y8y', 'Sequelae of external causes of morbidity and mortality'),
('Y8z', 'Surgical and other medical procedures as the cause of abnormal reaction of the patient, or of later complication, without mention of misadventure at the time of the procedure'),
('Y9x', 'Supplementary factors related to causes of morbidity classified elsewhere'),
('Z0x', 'Persons encountering health services for examinations'),
('Z2x', 'Persons with potential health hazards related to communicable diseases'),
('Z3x', 'Persons encountering health services in circumstances related to reproduction'),
('Z4x', 'Encounters for other specific health care'),
('Z5y', 'Persons with potential health hazards related to socioeconomic and psychosocial circumstances'),
('Z7x', 'Persons encountering health services in other circumstances'),
('Z8x', 'Persons with potential health hazards related to family and personal history and certain conditions influencing health status');

-- --------------------------------------------------------

--
-- Struktur dari tabel `tm_hospital`
--

CREATE TABLE `tm_hospital` (
  `hospital_id` int(11) NOT NULL,
  `hospital_name` varchar(100) NOT NULL,
  `Hospital_address` varchar(150) DEFAULT NULL,
  `Hospital_telp` varchar(15) DEFAULT NULL,
  `status` tinyint(4) NOT NULL
) ENGINE=InnoDB DEFAULT CHARSET=latin1;

--
-- Dumping data untuk tabel `tm_hospital`
--

INSERT INTO `tm_hospital` (`hospital_id`, `hospital_name`, `Hospital_address`, `Hospital_telp`, `status`) VALUES
(1, 'RS. AWAL BROSS BATAM', NULL, NULL, 1),
(2, 'RS. ELISABETH BATAM KOTA', NULL, NULL, 1),
(3, 'RS. ELISABETH BALOI BATAM', NULL, NULL, 1),
(4, 'RS. BUDI KEMULIAAN BATAM', NULL, NULL, 1),
(5, 'RS. BADAN PENGUSAHAAN BATAM', NULL, NULL, 1),
(6, 'RS. ST. ELISABETH SEI LEKOP', NULL, NULL, 1),
(7, 'BIP KLINIK', NULL, NULL, 1),
(8, 'NON PROVIDER', NULL, NULL, 1),
(9, 'RS. BADAN PENGUSAHAAN BATAM', NULL, NULL, 0);

-- --------------------------------------------------------

--
-- Struktur dari tabel `tm_level`
--

CREATE TABLE `tm_level` (
  `level_id` varchar(21) NOT NULL,
  `level_name` varchar(50) NOT NULL,
  `description` varchar(200) DEFAULT NULL,
  `status` tinyint(1) NOT NULL,
  `dt_etr` datetime NOT NULL,
  `user_etr` varchar(21) NOT NULL,
  `dt_update` datetime NOT NULL,
  `user_update` varchar(21) NOT NULL
) ENGINE=InnoDB DEFAULT CHARSET=latin1;

--
-- Dumping data untuk tabel `tm_level`
--

INSERT INTO `tm_level` (`level_id`, `level_name`, `description`, `status`, `dt_etr`, `user_etr`, `dt_update`, `user_update`) VALUES
('LE001', 'DIRECTOR', NULL, 1, '2019-10-03 00:00:00', 'admin', '2019-10-03 00:00:00', 'admin'),
('LE002', 'MANAGING DIRECTOR', NULL, 1, '2019-10-03 00:00:00', 'admin', '2019-10-03 00:00:00', 'admin'),
('LE003', 'MANAGER', NULL, 1, '2019-10-03 00:00:00', 'admin', '2019-10-03 00:00:00', 'admin'),
('LE004', 'STAFF', NULL, 1, '2019-10-03 00:00:00', 'admin', '2019-10-03 00:00:00', 'admin'),
('LE005', 'OFFICER', NULL, 1, '2019-10-03 00:00:00', 'admin', '2019-10-03 00:00:00', 'admin'),
('LE006', 'NON-STAFF', NULL, 1, '2019-10-03 00:00:00', 'admin', '2019-10-03 00:00:00', 'admin');

-- --------------------------------------------------------

--
-- Struktur dari tabel `tm_location`
--

CREATE TABLE `tm_location` (
  `location_id` varchar(10) NOT NULL,
  `location_name` varchar(100) NOT NULL,
  `status` tinyint(4) NOT NULL
) ENGINE=InnoDB DEFAULT CHARSET=latin1;

--
-- Dumping data untuk tabel `tm_location`
--

INSERT INTO `tm_location` (`location_id`, `location_name`, `status`) VALUES
('LOC001', 'DRIVE', 1),
('LOC002', 'EAJP', 1),
('LOC003', 'LOGISTIC', 1),
('LOC004', 'PEL', 1),
('LOC005', 'PEM', 1),
('LOC006', 'PEM TCC', 1),
('LOC007', 'SENSOR', 1),
('LOC008', 'SHARE SERVICE', 1);

-- --------------------------------------------------------

--
-- Struktur dari tabel `tm_plan`
--

CREATE TABLE `tm_plan` (
  `plan_id` varchar(21) NOT NULL,
  `plan_name` varchar(50) NOT NULL,
  `description` varchar(200) DEFAULT NULL,
  `status` tinyint(1) NOT NULL,
  `dt_etr` datetime NOT NULL,
  `user_etr` varchar(21) NOT NULL,
  `dt_update` datetime NOT NULL,
  `user_update` varchar(21) NOT NULL
) ENGINE=InnoDB DEFAULT CHARSET=latin1;

--
-- Dumping data untuk tabel `tm_plan`
--

INSERT INTO `tm_plan` (`plan_id`, `plan_name`, `description`, `status`, `dt_etr`, `user_etr`, `dt_update`, `user_update`) VALUES
('PL-001', 'PLAN I', NULL, 1, '2017-04-25 00:00:00', 'fauzan', '2017-04-25 00:00:00', 'fauzan'),
('PL-002', 'PLAN II', NULL, 1, '2017-04-25 00:00:00', 'fauzan', '2017-04-25 00:00:00', 'fauzan'),
('PL-003', 'PLAN III', NULL, 1, '2017-04-25 00:00:00', 'fauzan', '2017-04-25 00:00:00', 'fauzan'),
('PL-004', 'PLAN IV', NULL, 1, '2019-10-03 00:00:00', 'admin', '2019-10-03 00:00:00', 'admin'),
('PL-005', 'PLAN V', NULL, 1, '2019-10-03 00:00:00', 'admin', '2019-10-03 00:00:00', 'admin');

-- --------------------------------------------------------

--
-- Struktur dari tabel `tm_relation`
--

CREATE TABLE `tm_relation` (
  `client_id` int(11) NOT NULL,
  `client_name` varchar(100) NOT NULL,
  `client_int` varchar(5) NOT NULL,
  `policy_id` int(11) NOT NULL,
  `status` tinyint(4) NOT NULL
) ENGINE=InnoDB DEFAULT CHARSET=latin1;

--
-- Dumping data untuk tabel `tm_relation`
--

INSERT INTO `tm_relation` (`client_id`, `client_name`, `client_int`, `policy_id`, `status`) VALUES
(1, 'Sampoerna Cahaya Wiksa - ASO Medan', 'SCW', 0, 1),
(2, 'SCHNEIDER ELECTRIC MANUFACTURING BATAM', 'SEMB', 0, 1);

-- --------------------------------------------------------

--
-- Struktur dari tabel `tm_user_groups`
--

CREATE TABLE `tm_user_groups` (
  `group_id` varchar(5) NOT NULL,
  `group_name` varchar(50) DEFAULT NULL,
  `description` varchar(100) DEFAULT NULL,
  `status` tinyint(4) DEFAULT NULL,
  `user_etr` varchar(21) DEFAULT NULL,
  `dt_etr` date DEFAULT NULL,
  `user_update` varchar(21) DEFAULT NULL,
  `dt_update` date DEFAULT NULL
) ENGINE=InnoDB DEFAULT CHARSET=latin1;

--
-- Dumping data untuk tabel `tm_user_groups`
--

INSERT INTO `tm_user_groups` (`group_id`, `group_name`, `description`, `status`, `user_etr`, `dt_etr`, `user_update`, `dt_update`) VALUES
('UG001', 'Administrator', 'hanya untuk fauzan', 1, 'fauzan', '2015-12-01', 'USR-201512001', '2016-01-03'),
('UG002', 'Approval', 'Approval', 1, 'USR-201512001', '2016-01-03', 'USR-201512001', '2016-01-03'),
('UG003', 'User', 'user biasa', 1, 'USR-201512001', '2016-01-03', 'USR-201512001', '2016-01-03'),
('UG004', 'Operator', 'untuk operator', 1, 'fauzan', '2017-03-22', 'fauzan', '2017-03-22');

-- --------------------------------------------------------

--
-- Struktur dari tabel `tp_batch`
--

CREATE TABLE `tp_batch` (
  `batch_id` varchar(15) NOT NULL,
  `client_id` int(11) DEFAULT NULL,
  `policy_id` varchar(11) DEFAULT NULL,
  `hospital_id` int(5) NOT NULL,
  `batch_date` date DEFAULT NULL,
  `batch_format` varchar(6) DEFAULT NULL,
  `batch_format_number` varchar(45) DEFAULT NULL,
  `batch_status` tinyint(1) DEFAULT NULL,
  `receive_date` date DEFAULT NULL,
  `to_insurance_date` date DEFAULT NULL,
  `letter_no` varchar(50) DEFAULT NULL,
  `est_payment_date` date DEFAULT NULL,
  `user_payment` varchar(21) NOT NULL,
  `payment_date` date DEFAULT NULL,
  `payment_status` tinyint(1) DEFAULT NULL,
  `payment_type` smallint(6) NOT NULL,
  `payment_reference` varchar(100) NOT NULL,
  `dt_payment` datetime NOT NULL
) ENGINE=InnoDB DEFAULT CHARSET=latin1;

-- --------------------------------------------------------

--
-- Struktur dari tabel `tp_claim`
--

CREATE TABLE `tp_claim` (
  `claim_id` varchar(21) NOT NULL,
  `batch_id` varchar(15) NOT NULL,
  `claim_date` date DEFAULT NULL,
  `member_id` varchar(21) NOT NULL DEFAULT '',
  `employee_nik` varchar(21) NOT NULL DEFAULT '',
  `benefit_cat_id` varchar(21) NOT NULL DEFAULT '',
  `hclaim_diagnosis_id` varchar(10) NOT NULL,
  `treatment_date` date DEFAULT NULL,
  `discharge_date` date DEFAULT NULL,
  `amount_requested` decimal(10,0) NOT NULL DEFAULT 0,
  `amount_rejected` decimal(10,0) DEFAULT 0,
  `amount_accepted` decimal(10,0) NOT NULL DEFAULT 0,
  `amount_transfer_fee` decimal(12,0) DEFAULT 0,
  `status` smallint(4) NOT NULL DEFAULT 1 COMMENT '0=sedang proses input(belum posting);1=menunggu verifikator(sudah posting); 5= menuggu aproval (sudah diverifikasi); 10: menunggu pembayaran;25=sudah dibayar;55=pending Verifikasi;66=pending Verifikasi dari approval;-2=reject from verifikator; -1= reject; -5=hapus',
  `reason` varchar(255) NOT NULL,
  `is_deleted` tinyint(4) NOT NULL DEFAULT 0,
  `dt_etr` datetime NOT NULL,
  `user_etr` varchar(21) NOT NULL,
  `verified_by` varchar(21) DEFAULT NULL,
  `verified_dt` datetime DEFAULT NULL,
  `verified_status` smallint(6) NOT NULL DEFAULT 0 COMMENT '0: belum diverifikasi, 1: layak diterima, -1: tidak layak diterima,55:menunggu kelengkapan dokumen',
  `verified_reason` varchar(255) DEFAULT NULL,
  `approval_status` int(11) DEFAULT 0 COMMENT '0: belum diapprove, 1: diterima, -2: ditolak, 66: di kembalikan ke verifikator',
  `approved_by` varchar(21) DEFAULT NULL,
  `approval_reason` varchar(255) DEFAULT NULL,
  `approved_dt` datetime DEFAULT NULL,
  `paid_by` varchar(21) DEFAULT NULL,
  `paid_dt` date DEFAULT NULL,
  `paid_type` smallint(6) DEFAULT 0 COMMENT '5=transfer,10: cash',
  `paid_reference` varchar(255) DEFAULT NULL,
  `user_payment` varchar(21) DEFAULT NULL,
  `dt_payment` datetime DEFAULT NULL,
  `is_used_eob` tinyint(4) DEFAULT 0
) ENGINE=InnoDB DEFAULT CHARSET=latin1;

--
-- Dumping data untuk tabel `tp_claim`
--

INSERT INTO `tp_claim` (`claim_id`, `batch_id`, `claim_date`, `member_id`, `employee_nik`, `benefit_cat_id`, `hclaim_diagnosis_id`, `treatment_date`, `discharge_date`, `amount_requested`, `amount_rejected`, `amount_accepted`, `amount_transfer_fee`, `status`, `reason`, `is_deleted`, `dt_etr`, `user_etr`, `verified_by`, `verified_dt`, `verified_status`, `verified_reason`, `approval_status`, `approved_by`, `approval_reason`, `approved_dt`, `paid_by`, `paid_dt`, `paid_type`, `paid_reference`, `user_payment`, `dt_payment`, `is_used_eob`) VALUES
('RC2021020003', 'None', '2021-02-11', 'EM21010009', '10503711', '37', '', '2021-02-23', NULL, '500000', '0', '500000', '0', -5, '', 0, '2021-02-11 13:49:54', 'USR-202001002', 'USR-202001002', '2021-09-17 05:57:02', 55, 'hanya latihan di hapus diawal', 66, 'USR-202001002', 'hanya latihan, dihapus dari awal saja', '2021-09-17 05:56:40', NULL, NULL, 0, NULL, NULL, NULL, 1),
('RC2021020004', 'None', '2021-02-19', 'EM21012588', '00255415', '38', '', '2021-02-08', NULL, '500000', '0', '0', '2000', -5, '', 0, '2021-02-19 04:37:17', 'USR-21012580', NULL, NULL, 0, NULL, 0, NULL, NULL, NULL, NULL, NULL, 0, NULL, NULL, NULL, 0),
('RC2021020005', 'None', '2021-04-04', 'EM21012588', '00255415', '37', '', '2021-02-16', NULL, '400000', '0', '400000', '0', -5, '', 0, '2021-02-19 04:49:56', 'USR-21012580', 'USR-202001002', '2021-09-17 05:57:49', 55, 'hanya latihan di hapus diawal', 66, 'USR-202001002', 'hanya latihan di hapus diawal', '2021-09-17 05:57:37', NULL, NULL, 0, NULL, NULL, NULL, 0),
('RC2021040001', 'None', '2021-04-22', 'EM21011874', '00003826', '36', '', '2021-04-07', NULL, '400000', '0', '0', '0', -5, '', 0, '2021-04-22 03:42:57', 'USR-202001002', NULL, NULL, 0, NULL, 0, NULL, NULL, NULL, NULL, NULL, 0, NULL, NULL, NULL, 0),
('RC2021050001', 'None', '2021-05-19', 'EM21014405', '00323664', '36', '', '2021-04-21', NULL, '450000', '0', '0', '0', -5, '', 0, '2021-05-19 10:37:19', 'USR-21014397', NULL, NULL, 0, NULL, 0, NULL, NULL, NULL, NULL, NULL, 0, NULL, NULL, NULL, 0),
('RC2021050002', 'None', '2021-05-19', 'EM21014405', '00323664', '36', '', '2021-04-21', NULL, '450000', '0', '0', '0', -5, '', 0, '2021-05-19 10:53:17', 'USR-21014397', NULL, NULL, 0, NULL, 0, NULL, NULL, NULL, NULL, NULL, 0, NULL, NULL, NULL, 0),
('RC2021050003', 'None', '2021-05-19', 'EM21014405', '00323664', '39', '', '2021-04-04', NULL, '1595000', '0', '0', '0', -5, '', 0, '2021-05-19 10:55:04', 'USR-21014397', NULL, NULL, 0, NULL, 0, NULL, NULL, NULL, NULL, NULL, 0, NULL, NULL, NULL, 0),
('RC2021090001', 'None', '2021-09-23', 'EM21012586', '00255409', '36', '', '2021-05-16', NULL, '2685800', '0', '2685800', '2000', 10, '', 0, '2021-09-23 04:17:32', 'USR-201703002', 'USR-201703002', '2021-10-15 05:13:37', 1, 'OK', 1, 'USR-201703002', 'OK, Pengajuan Rp 2.685.800, yang akan dibayar Rp 2.685.800.', '2021-10-15 05:13:51', NULL, NULL, 0, NULL, NULL, NULL, 0),
('RC2021090002', 'None', '2021-09-23', 'EM21012095', '00149986', '37', '', '2021-05-20', NULL, '5200000', '1700000', '3500000', '2000', 10, '', 0, '2021-09-23 04:40:28', 'USR-201703002', 'USR-201703002', '2021-10-15 05:15:11', 1, 'OK', 1, 'USR-201703002', 'OK, Pengajuan Rp 5.200.000, yang akan dibayar Rp 3.500.000.', '2021-10-15 05:15:24', NULL, NULL, 0, NULL, NULL, NULL, 0),
('RC2021090003', 'None', '2021-09-23', 'EM21012216', '00199333', '36', '', '2021-01-27', NULL, '1461000', '0', '1461000', '2000', 10, '', 0, '2021-09-23 04:50:38', 'USR-201703002', 'USR-201703002', '2021-10-15 05:16:44', 1, 'OK', 1, 'USR-201703002', 'OK, Pengajuan Rp 1.461.000, yang akan dibayar Rp 1.461.000.', '2021-10-15 05:16:58', NULL, NULL, 0, NULL, NULL, NULL, 0),
('RC2021090004', 'None', '2021-09-23', 'EM21013728', '10619989', '39', '', '2021-05-28', NULL, '7999000', '4499000', '3500000', '2000', 10, '', 0, '2021-09-23 04:56:52', 'USR-201703002', 'USR-201703002', '2021-10-15 05:18:56', 1, 'OK', 1, 'USR-201703002', 'OK, Pengajuan Rp 7.999.000, yang akan dibayar Rp 3.500.000.', '2021-10-15 05:19:06', NULL, NULL, 0, NULL, NULL, NULL, 0),
('RC2021090005', 'None', '2021-09-23', 'EM21012208', '00199311', '37', '', '2021-06-02', NULL, '4500000', '1000000', '3500000', '2000', 10, '', 0, '2021-09-23 05:03:49', 'USR-201703002', 'USR-201703002', '2021-10-15 05:20:12', 1, 'OK', 1, 'USR-201703002', 'OK, Pengajuan Rp 4.500.000, yang akan dibayar Rp 3.500.000.', '2021-10-15 05:20:21', NULL, NULL, 0, NULL, NULL, NULL, 0),
('RC2021090006', 'None', '2021-09-23', 'EM21012566', '00246599', '37', '', '2021-05-17', NULL, '147175', '0', '147175', '2000', 10, '', 0, '2021-09-23 05:09:43', 'USR-201703002', 'USR-201703002', '2021-10-15 05:21:59', 1, 'OK', 1, 'USR-201703002', 'OK, Pengajuan Rp 147.175, yang akan dibayar Rp 147.175.', '2021-10-15 05:22:09', NULL, NULL, 0, NULL, NULL, NULL, 0),
('RC2021090007', 'None', '2021-09-23', 'EM21012566', '00246599', '39', '', '2021-05-21', NULL, '193104', '0', '193104', '2000', 10, '', 0, '2021-09-23 05:16:40', 'USR-201703002', 'USR-201703002', '2021-10-15 05:23:24', 1, 'OK', 1, 'USR-201703002', 'OK, Pengajuan Rp 193.104, yang akan dibayar Rp 193.104.', '2021-10-15 05:23:47', NULL, NULL, 0, NULL, NULL, NULL, 0),
('RC2021090008', 'None', '2021-09-23', 'EM21012566', '00246599', '37', '', '2021-05-06', NULL, '1060000', '0', '1060000', '2000', 10, '', 0, '2021-09-23 05:33:23', 'USR-201703002', 'USR-201703002', '2021-10-15 08:35:41', 1, 'OK', 1, 'USR-201703002', 'OK, Pengajuan Rp 1.060.000, yang akan dibayar Rp 1.060.000.', '2021-10-15 08:35:52', NULL, NULL, 0, NULL, NULL, NULL, 0),
('RC2021090009', 'None', '2021-09-23', 'EM21012566', '00246599', '37', '', '2021-03-01', NULL, '1350000', '0', '1350000', '2000', 10, '', 0, '2021-09-23 05:44:31', 'USR-201703002', 'USR-201703002', '2021-10-15 08:36:51', 1, 'OK', 1, 'USR-201703002', 'OK, Pengajuan Rp 1.350.000, yang akan dibayar Rp 1.350.000.', '2021-10-15 08:37:04', NULL, NULL, 0, NULL, NULL, NULL, 0),
('RC2021090010', 'None', '2021-09-23', 'EM21012566', '00246599', '37', '', '2021-04-03', NULL, '850000', '100279', '749721', '2000', 10, '', 0, '2021-09-23 05:49:40', 'USR-201703002', 'USR-201703002', '2021-10-15 08:38:13', 1, 'OK', 1, 'USR-201703002', 'OK, Pengajuan Rp 850.000, yang akan dibayar Rp 749.721.', '2021-10-15 08:38:23', NULL, NULL, 0, NULL, NULL, NULL, 0),
('RC2021090011', 'None', '2021-09-23', 'EM21011222', '00234342', '37', '', '2021-04-29', NULL, '1590000', '50000', '1540000', '2000', 10, '', 0, '2021-09-23 05:56:17', 'USR-201703002', 'USR-201703002', '2021-10-15 08:40:08', 1, 'ok', 1, 'USR-201703002', 'ok, Pengajuan Rp 1.590.000, yang akan dibayar Rp 1.540.000.', '2021-10-15 08:40:18', NULL, NULL, 0, NULL, NULL, NULL, 0),
('RC2021090012', 'None', '2021-09-23', 'EM21012001', '00112363', '39', '', '2021-04-28', NULL, '5485500', '4832700', '652800', '2000', 10, '', 0, '2021-09-23 09:59:26', 'USR-201703002', 'USR-201703002', '2021-10-15 08:43:04', 1, 'ok', 1, 'USR-201703002', 'OK, Pengajuan Rp 5.485.500, yang akan dibayar Rp 652.800.', '2021-10-15 08:43:13', NULL, NULL, 0, NULL, NULL, NULL, 0),
('RC2021090013', 'None', '2021-09-23', 'EM21012254', '00199382', '37', '', '2021-01-06', NULL, '900000', '100000', '800000', '2000', 10, '', 0, '2021-09-23 10:24:09', 'USR-201703002', 'USR-201703002', '2021-10-15 08:45:50', 1, 'OK', 1, 'USR-201703002', 'OK, Pengajuan Rp 900.000, yang akan dibayar Rp 800.000.', '2021-10-15 08:45:59', NULL, NULL, 0, NULL, NULL, NULL, 0),
('RC2021090014', 'None', '2021-09-23', 'EM21012254', '00199382', '37', '', '2021-01-25', NULL, '900000', '0', '900000', '2000', 10, '', 0, '2021-09-23 10:26:32', 'USR-201703002', 'USR-201703002', '2021-10-15 08:46:48', 1, 'OK', 1, 'USR-201703002', 'OK, Pengajuan Rp 900.000, yang akan dibayar Rp 900.000.', '2021-10-15 08:46:57', NULL, NULL, 0, NULL, NULL, NULL, 0),
('RC2021090015', 'None', '2021-09-23', 'EM21012254', '00199382', '37', '', '2021-02-26', NULL, '900000', '0', '900000', '2000', 10, '', 0, '2021-09-23 10:27:37', 'USR-201703002', 'USR-201703002', '2021-10-15 08:47:46', 1, 'OK', 1, 'USR-201703002', 'OK, Pengajuan Rp 900.000, yang akan dibayar Rp 900.000.', '2021-10-15 08:47:56', NULL, NULL, 0, NULL, NULL, NULL, 0),
('RC2021090016', 'None', '2021-09-23', 'EM21012254', '00199382', '37', '', '2021-03-25', NULL, '900000', '0', '900000', '2000', 10, '', 0, '2021-09-23 10:32:40', 'USR-201703002', 'USR-201703002', '2021-10-15 08:48:38', 1, 'OK', 1, 'USR-201703002', 'OK, Pengajuan Rp 900.000, yang akan dibayar Rp 900.000.', '2021-10-15 08:48:54', NULL, NULL, 0, NULL, NULL, NULL, 0),
('RC2021090017', 'None', '2021-09-23', 'EM21012222', '00199345', '37', '', '2021-06-04', NULL, '540000', '0', '540000', '2000', 10, '', 0, '2021-09-23 10:42:59', 'USR-201703002', 'USR-201703002', '2021-10-15 09:21:38', 1, 'ok', 1, 'USR-201703002', 'OK, Pengajuan Rp 540.000, yang akan dibayar Rp 540.000.', '2021-10-15 09:21:48', NULL, NULL, 0, NULL, NULL, NULL, 0),
('RC2021090018', 'None', '2021-09-23', 'EM21012143', '00176522', '37', '', '2021-04-18', NULL, '707800', '0', '707800', '2000', 10, '', 0, '2021-09-23 10:50:37', 'USR-201703002', 'USR-201703002', '2021-10-15 09:23:51', 1, 'ok', 1, 'USR-201703002', 'ok, Pengajuan Rp 707.800, yang akan dibayar Rp 707.800.', '2021-10-15 09:24:00', NULL, NULL, 0, NULL, NULL, NULL, 0),
('RC2021090019', 'None', '2021-09-23', 'EM21012143', '00176522', '37', '', '2021-04-10', NULL, '349579', '0', '349579', '2000', 10, '', 0, '2021-09-23 10:52:11', 'USR-201703002', 'USR-201703002', '2021-10-15 09:24:51', 1, 'OK', 1, 'USR-201703002', 'OK, Pengajuan Rp 349.579, yang akan dibayar Rp 349.579.', '2021-10-15 09:25:16', NULL, NULL, 0, NULL, NULL, NULL, 0),
('RC2021090020', 'None', '2021-09-23', 'EM21012181', '00186851', '36', '', '2021-04-03', NULL, '2477000', '0', '2477000', '2000', 10, '', 0, '2021-09-23 11:04:05', 'USR-201703002', 'USR-201703002', '2021-10-15 09:26:27', 1, 'OK', 1, 'USR-201703002', 'OK, Pengajuan Rp 2.477.000, yang akan dibayar Rp 2.477.000.', '2021-10-15 09:26:36', NULL, NULL, 0, NULL, NULL, NULL, 0),
('RC2021090021', 'None', '2021-09-23', 'EM21012181', '00186851', '37', '', '2021-04-19', NULL, '8327000', '7304000', '1023000', '2000', 10, '', 0, '2021-09-23 11:07:18', 'USR-201703002', 'USR-201703002', '2021-10-15 09:50:02', 1, '', 1, 'USR-201703002', ', Pengajuan Rp 8.327.000, yang akan dibayar Rp 1.023.000.', '2021-10-15 09:50:12', NULL, NULL, 0, NULL, NULL, NULL, 0),
('RC2021090022', 'None', '2021-09-23', 'EM21012181', '00186851', '37', '', '2021-04-19', NULL, '8327000', '0', '0', '0', -5, '', 0, '2021-09-23 11:07:20', 'USR-201703002', NULL, NULL, 0, NULL, 0, NULL, NULL, NULL, NULL, NULL, 0, NULL, NULL, NULL, 0),
('RC2021090023', 'None', '2021-09-23', 'EM21011893', '00028729', '39', '', '2021-06-08', NULL, '7999000', '4499000', '3500000', '2000', 10, '', 0, '2021-09-23 11:13:21', 'USR-201703002', 'USR-201703002', '2021-10-15 09:54:00', 1, '', 1, 'USR-201703002', ', Pengajuan Rp 7.999.000, yang akan dibayar Rp 3.500.000.', '2021-10-15 09:54:08', NULL, NULL, 0, NULL, NULL, NULL, 0),
('RC2021090024', 'None', '2021-09-28', 'EM21012410', '00215614', '36', '', '2021-06-04', NULL, '3500000', '0', '3500000', '2000', 10, '', 0, '2021-09-28 04:16:38', 'USR-201703002', 'USR-201703002', '2021-10-15 09:55:03', 1, '', 1, 'USR-201703002', ', Pengajuan Rp 3.500.000, yang akan dibayar Rp 3.500.000.', '2021-10-15 09:55:10', NULL, NULL, 0, NULL, NULL, NULL, 0),
('RC2021090025', 'None', '2021-09-28', 'EM21012645', '00265735', '36', '', '2021-06-11', NULL, '3886500', '386500', '3500000', '2000', 10, '', 0, '2021-09-28 04:23:16', 'USR-201703002', 'USR-201703002', '2021-10-15 09:56:48', 1, '', 1, 'USR-201703002', ', Pengajuan Rp 3.886.500, yang akan dibayar Rp 3.500.000.', '2021-10-15 09:56:56', NULL, NULL, 0, NULL, NULL, NULL, 0),
('RC2021090026', 'None', '2021-09-28', 'EM21013771', '10635140', '36', '', '2021-06-13', NULL, '4000000', '500000', '3500000', '2000', 10, '', 0, '2021-09-28 04:42:25', 'USR-201703002', 'USR-201703002', '2021-10-15 10:08:00', 1, '', 1, 'USR-201703002', ', Pengajuan Rp 4.000.000, yang akan dibayar Rp 3.500.000.', '2021-10-15 10:35:15', NULL, NULL, 0, NULL, NULL, NULL, 0),
('RC2021100001', 'None', '2021-10-06', 'EM21012503', '00233214', '37', '', '2021-02-10', NULL, '200000', '0', '200000', '2000', 10, '', 0, '2021-10-06 04:45:22', 'USR-201703002', 'USR-201703002', '2021-10-15 10:59:23', 1, '', 1, 'USR-201703002', ', Pengajuan Rp 200.000, yang akan dibayar Rp 200.000.', '2021-10-15 10:59:32', NULL, NULL, 0, NULL, NULL, NULL, 0),
('RC2021100002', 'None', '2021-10-06', 'EM21012503', '00233214', '37', '', '2021-01-11', NULL, '225000', '0', '225000', '2000', 10, '', 0, '2021-10-06 04:47:01', 'USR-201703002', 'USR-201703002', '2021-10-15 11:00:16', 1, '', 1, 'USR-201703002', ', Pengajuan Rp 225.000, yang akan dibayar Rp 225.000.', '2021-10-15 11:00:23', NULL, NULL, 0, NULL, NULL, NULL, 0),
('RC2021100003', 'None', '2021-10-06', 'EM21012503', '00233214', '37', '', '2021-02-11', NULL, '780000', '0', '780000', '2000', 10, '', 0, '2021-10-06 04:48:36', 'USR-201703002', 'USR-201703002', '2021-10-15 11:01:11', 1, '', 1, 'USR-201703002', ', Pengajuan Rp 780.000, yang akan dibayar Rp 780.000.', '2021-10-15 11:01:31', NULL, NULL, 0, NULL, NULL, NULL, 0),
('RC2021100004', 'None', '2021-10-06', 'EM21012503', '00233214', '36', '', '2021-01-17', NULL, '209999', '0', '209999', '2000', 10, '', 0, '2021-10-06 04:59:05', 'USR-201703002', 'USR-201703002', '2021-10-15 11:02:18', 1, '', 1, 'USR-201703002', ', Pengajuan Rp 209.999, yang akan dibayar Rp 209.999.', '2021-10-15 11:02:25', NULL, NULL, 0, NULL, NULL, NULL, 0),
('RC2021100005', 'None', '2021-10-08', 'EM21012452', '00225898', '36', '', '2021-02-14', NULL, '165000', '0', '165000', '2000', 10, '', 0, '2021-10-08 10:34:20', 'USR-201703002', 'USR-201703002', '2021-10-15 11:09:27', 1, '', 1, 'USR-201703002', ', Pengajuan Rp 165.000, yang akan dibayar Rp 165.000.', '2021-10-15 11:09:35', NULL, NULL, 0, NULL, NULL, NULL, 0),
('RC2021100006', 'None', '2021-10-08', 'EM21012275', '00199399', '36', '', '2021-02-16', NULL, '494000', '0', '494000', '2000', 10, '', 0, '2021-10-08 10:38:35', 'USR-201703002', 'USR-201703002', '2021-10-15 11:10:47', 1, '', 1, 'USR-201703002', ', Pengajuan Rp 494.000, yang akan dibayar Rp 494.000.', '2021-10-15 11:10:57', NULL, NULL, 0, NULL, NULL, NULL, 0),
('RC2021100007', 'None', '2021-10-08', 'EM21012275', '00199399', '36', '', '2021-02-16', NULL, '354000', '0', '354000', '2000', 10, '', 0, '2021-10-08 10:39:38', 'USR-201703002', 'USR-201703002', '2021-10-15 11:11:42', 1, '', 1, 'USR-201703002', ', Pengajuan Rp 354.000, yang akan dibayar Rp 354.000.', '2021-10-15 11:11:49', NULL, NULL, 0, NULL, NULL, NULL, 0),
('RC2021100008', 'None', '2021-10-08', 'EM21012275', '00199399', '36', '', '2021-02-16', NULL, '354000', '0', '0', '0', -5, '', 0, '2021-10-08 10:39:39', 'USR-201703002', NULL, NULL, 0, NULL, 0, NULL, NULL, NULL, NULL, NULL, 0, NULL, NULL, NULL, 0),
('RC2021100009', 'None', '2021-10-08', 'EM21011981', '00111676', '36', '', '2021-01-12', NULL, '2750000', '0', '2750000', '2000', 10, '', 0, '2021-10-08 10:41:38', 'USR-201703002', 'USR-201703002', '2021-10-15 11:22:22', 1, '', 1, 'USR-201703002', ', Pengajuan Rp 2.750.000, yang akan dibayar Rp 2.750.000.', '2021-10-15 11:22:29', NULL, NULL, 0, NULL, NULL, NULL, 0),
('RC2021100010', 'None', '2021-10-08', 'EM21012265', '00199389', '37', '', '2021-02-17', NULL, '865400', '0', '865400', '2000', 10, '', 0, '2021-10-08 10:44:24', 'USR-201703002', 'USR-201703002', '2021-10-15 11:23:41', 1, '', 1, 'USR-201703002', ', Pengajuan Rp 865.400, yang akan dibayar Rp 865.400.', '2021-10-15 11:23:48', NULL, NULL, 0, NULL, NULL, NULL, 0),
('RC2021100011', 'None', '2021-10-08', 'EM21012265', '00199389', '37', '', '2021-02-23', NULL, '1198300', '0', '1198300', '2000', 10, '', 0, '2021-10-08 10:45:38', 'USR-201703002', 'USR-201703002', '2021-10-15 11:24:31', 1, '', 1, 'USR-201703002', ', Pengajuan Rp 1.198.300, yang akan dibayar Rp 1.198.300.', '2021-10-15 11:25:06', NULL, NULL, 0, NULL, NULL, NULL, 0),
('RC2021100012', 'None', '2021-10-08', 'EM21012222', '00199345', '36', '', '2021-02-08', NULL, '193000', '0', '193000', '2000', 10, '', 0, '2021-10-08 10:47:43', 'USR-201703002', 'USR-201703002', '2021-10-15 11:27:19', 1, '', 1, 'USR-201703002', ', Pengajuan Rp 193.000, yang akan dibayar Rp 193.000.', '2021-10-15 11:27:26', NULL, NULL, 0, NULL, NULL, NULL, 0),
('RC2021100013', 'None', '2021-10-08', 'EM21012222', '00199345', '36', '', '2021-02-08', NULL, '193000', '0', '0', '0', -5, '', 0, '2021-10-08 10:47:44', 'USR-201703002', NULL, NULL, 0, NULL, 0, NULL, NULL, NULL, NULL, NULL, 0, NULL, NULL, NULL, 0),
('RC2021100014', 'None', '2021-10-08', 'EM21012143', '00176522', '37', '', '2021-02-13', NULL, '320500', '0', '320500', '2000', 10, '', 0, '2021-10-08 10:50:49', 'USR-201703002', 'USR-201703002', '2021-10-15 09:52:50', 1, '', 1, 'USR-201703002', ', Pengajuan Rp 320.500, yang akan dibayar Rp 320.500.', '2021-10-15 09:52:57', NULL, NULL, 0, NULL, NULL, NULL, 0),
('RC2021100015', 'None', '2021-10-08', 'EM21012143', '00176522', '39', '', '2021-01-24', NULL, '294000', '0', '294000', '2000', 10, '', 0, '2021-10-08 10:52:06', 'USR-201703002', 'USR-201703002', '2021-10-15 11:28:49', 1, '', 1, 'USR-201703002', ', Pengajuan Rp 294.000, yang akan dibayar Rp 294.000.', '2021-10-15 11:28:59', NULL, NULL, 0, NULL, NULL, NULL, 0),
('RC2021100016', 'None', '2021-10-08', 'EM21012503', '00233214', '37', '', '2021-03-04', NULL, '420000', '0', '420000', '2000', 10, '', 0, '2021-10-08 10:55:11', 'USR-201703002', 'USR-201703002', '2021-10-15 11:03:37', 1, '', 1, 'USR-201703002', ', Pengajuan Rp 420.000, yang akan dibayar Rp 420.000.', '2021-10-15 11:03:44', NULL, NULL, 0, NULL, NULL, NULL, 0),
('RC2021100017', 'None', '2021-10-08', 'EM21012503', '00233214', '37', '', '2021-03-04', NULL, '420000', '0', '420000', '2000', 10, '', 0, '2021-10-08 10:55:12', 'USR-201703002', 'USR-201703002', '2021-10-15 11:08:09', 1, '', 1, 'USR-201703002', ', Pengajuan Rp 420.000, yang akan dibayar Rp 420.000.', '2021-10-15 11:08:17', NULL, NULL, 0, NULL, NULL, NULL, 0),
('RC2021100018', 'None', '2021-10-08', 'EM21012503', '00233214', '37', '', '2021-03-05', NULL, '200000', '0', '200000', '2000', 10, '', 0, '2021-10-08 10:57:13', 'USR-201703002', 'USR-201703002', '2021-10-15 11:04:59', 1, '', 1, 'USR-201703002', ', Pengajuan Rp 200.000, yang akan dibayar Rp 200.000.', '2021-10-15 11:05:07', NULL, NULL, 0, NULL, NULL, NULL, 0),
('RC2021100019', 'None', '2021-10-08', 'EM21012530', '00238935', '36', '', '2021-02-25', NULL, '2550000', '0', '2550000', '2000', 10, '', 0, '2021-10-08 10:59:50', 'USR-201703002', 'USR-201703002', '2021-10-15 11:31:01', 1, '', 1, 'USR-201703002', ', Pengajuan Rp 2.550.000, yang akan dibayar Rp 2.550.000.', '2021-10-15 11:31:08', NULL, NULL, 0, NULL, NULL, NULL, 0),
('RC2021100020', 'None', '2021-10-08', 'EM21012143', '00176522', '37', '', '2021-03-15', NULL, '672800', '0', '672800', '2000', 10, '', 0, '2021-10-08 11:08:18', 'USR-201703002', 'USR-201703002', '2021-10-15 11:30:06', 1, '', 1, 'USR-201703002', ', Pengajuan Rp 672.800, yang akan dibayar Rp 672.800.', '2021-10-15 11:30:13', NULL, NULL, 0, NULL, NULL, NULL, 0),
('RC2021100021', 'None', '2021-10-08', 'EM21011990', '00111788', '36', '', '2021-01-02', NULL, '799000', '0', '0', '0', -5, '', 0, '2021-10-08 11:12:28', 'USR-201703002', NULL, NULL, 0, NULL, 0, NULL, NULL, NULL, NULL, NULL, 0, NULL, NULL, NULL, 0),
('RC2021100022', 'None', '2021-10-08', 'EM21011990', '00111788', '36', '', '2021-01-02', NULL, '799000', '0', '799000', '2000', 10, '', 0, '2021-10-08 11:12:31', 'USR-201703002', 'USR-201703002', '2021-10-15 11:34:33', 1, '', 1, 'USR-201703002', ', Pengajuan Rp 799.000, yang akan dibayar Rp 799.000.', '2021-10-15 11:34:41', NULL, NULL, 0, NULL, NULL, NULL, 0),
('RC2021100023', 'None', '2021-10-08', 'EM21012612', '00259633', '39', '', '2021-03-15', NULL, '336000', '0', '336000', '2000', 10, '', 0, '2021-10-08 11:17:06', 'USR-201703002', 'USR-201703002', '2021-10-15 11:36:39', 1, '', 1, 'USR-201703002', ', Pengajuan Rp 336.000, yang akan dibayar Rp 336.000.', '2021-10-15 11:38:52', NULL, NULL, 0, NULL, NULL, NULL, 0),
('RC2021100024', 'None', '2021-10-08', 'EM21012163', '00186620', '37', '', '2021-03-12', NULL, '1802500', '0', '1802500', '2000', 10, '', 0, '2021-10-08 11:21:55', 'USR-201703002', 'USR-201703002', '2021-10-14 12:00:48', 1, 'OK', 1, 'USR-201703002', 'OK, Pengajuan Rp 1.802.500, yang akan dibayar Rp 1.802.500.', '2021-10-14 12:01:08', NULL, NULL, 0, NULL, NULL, NULL, 0),
('RC2021100025', 'None', '2021-10-08', 'EM21012163', '00186620', '37', '', '2021-03-12', NULL, '1802500', '0', '0', '0', -5, '', 0, '2021-10-08 11:21:56', 'USR-201703002', NULL, NULL, 0, NULL, 0, NULL, NULL, NULL, NULL, NULL, 0, NULL, NULL, NULL, 0),
('RC2021100026', 'None', '2021-10-08', 'EM21012163', '00186620', '37', '', '2021-02-12', NULL, '650000', '0', '650000', '2000', 10, '', 0, '2021-10-08 11:23:13', 'USR-201703002', 'USR-201703002', '2021-10-14 11:58:18', 1, 'OK', 1, 'USR-201703002', 'OK, Pengajuan Rp 650.000, yang akan dibayar Rp 650.000.', '2021-10-14 11:58:27', NULL, NULL, 0, NULL, NULL, NULL, 0),
('RC2021100027', 'None', '2021-10-08', 'EM21012163', '00186620', '37', '', '2021-01-15', NULL, '603507', '0', '603507', '2000', 10, '', 0, '2021-10-08 11:24:34', 'USR-201703002', 'USR-201703002', '2021-10-14 11:56:52', 1, 'OK', 1, 'USR-201703002', 'OK, Pengajuan Rp 603.507, yang akan dibayar Rp 603.507.', '2021-10-14 11:57:14', NULL, NULL, 0, NULL, NULL, NULL, 0),
('RC2021100028', 'None', '2021-10-08', 'EM21012163', '00186620', '37', '', '2021-01-25', NULL, '899000', '0', '899000', '0', -2, '', 0, '2021-10-08 11:25:39', 'USR-201703002', 'USR-201703002', '2021-10-15 10:38:03', -2, 'salah input', 66, 'USR-201703002', 'salah input nominal', '2021-10-15 10:35:57', NULL, NULL, 0, NULL, NULL, NULL, 0),
('RC2021100029', 'None', '2021-10-08', 'EM21013783', '00328921', '37', '', '2021-02-24', NULL, '4000000', '500000', '3500000', '2000', 10, '', 0, '2021-10-08 11:28:40', 'USR-201703002', 'USR-201703002', '2021-10-14 11:26:46', 1, 'ok', 1, 'USR-201703002', 'OK, Pengajuan Rp 4.000.000, yang akan dibayar Rp 3.500.000.', '2021-10-14 11:26:58', NULL, NULL, 0, NULL, NULL, NULL, 0),
('RC2021100030', 'None', '2021-10-14', 'EM21014425', '10551876', '39', '', '2021-06-06', NULL, '3512000', '12000', '3500000', '2000', 10, '', 0, '2021-10-14 10:45:19', 'USR-202001002', 'USR-202001002', '2021-10-14 11:09:43', 1, 'OK', 1, 'USR-202001002', 'OK, Pengajuan Rp 3.512.000, yang akan dibayar Rp 3.500.000.', '2021-10-14 11:09:53', NULL, NULL, 0, NULL, NULL, NULL, 0),
('RC2021100031', 'None', '2021-10-14', 'EM21013698', '10519024', '37', '', '2021-05-20', NULL, '3470180', '0', '3470180', '2000', 10, '', 0, '2021-10-14 10:49:28', 'USR-202001002', 'USR-202001002', '2021-10-14 11:08:17', 1, 'OK', 1, 'USR-202001002', 'OK, Pengajuan Rp 3.470.180, yang akan dibayar Rp 3.470.180.', '2021-10-14 11:08:30', NULL, NULL, 0, NULL, NULL, NULL, 0),
('RC2021100032', 'None', '2021-10-14', 'EM21013609', '10569744', '36', '', '2021-06-30', NULL, '3480000', '0', '3480000', '2000', 10, '', 0, '2021-10-14 10:53:06', 'USR-202001002', 'USR-202001002', '2021-10-14 11:04:18', 1, 'OK', 1, 'USR-202001002', ', Pengajuan Rp 3.480.000, yang akan dibayar Rp 3.480.000.', '2021-10-14 11:04:30', NULL, NULL, 0, NULL, NULL, NULL, 0),
('RC2021100033', 'None', '2021-10-14', 'EM21013489', '00313609', '37', '', '2021-06-30', NULL, '2000784', '0', '2000784', '2000', 10, '', 0, '2021-10-14 10:58:00', 'USR-202001002', 'USR-202001002', '2021-10-14 11:00:42', 1, 'OK', 1, 'USR-202001002', ', Pengajuan Rp 2.000.784, yang akan dibayar Rp 2.000.784.', '2021-10-14 11:01:02', NULL, NULL, 0, NULL, NULL, NULL, 0),
('RC2021100034', 'None', '2021-10-15', 'EM21012120', '00172424', '36', '', '2021-01-03', NULL, '549521', '-45000', '594521', '2000', 10, '', 0, '2021-10-15 04:51:52', 'USR-201703002', 'USR-201703002', '2021-10-15 04:54:59', 1, 'ok', 1, 'USR-201703002', 'PRORATE LIMIT, Pengajuan Rp 549.521, yang akan dibayar Rp 594.521.', '2021-10-15 08:51:26', NULL, NULL, 0, NULL, NULL, NULL, 0),
('RC2021100035', 'None', '2021-10-15', 'EM21012584', '00252910', '36', '', '2021-03-09', NULL, '3800000', '300000', '3500000', '2000', 10, '', 0, '2021-10-15 04:57:32', 'USR-201703002', 'USR-201703002', '2021-10-15 04:58:52', 1, 'ok', 1, 'USR-201703002', 'OK, Pengajuan Rp 3.800.000, yang akan dibayar Rp 3.500.000.', '2021-10-15 08:50:31', NULL, NULL, 0, NULL, NULL, NULL, 0),
('RC2021100036', 'None', '2021-10-15', 'EM21012608', '00259280', '36', '', '2021-02-27', NULL, '2700000', '0', '2700000', '2000', 10, '', 0, '2021-10-15 05:00:50', 'USR-201703002', 'USR-201703002', '2021-10-15 05:01:45', 1, 'OK', 1, 'USR-201703002', 'OK, Pengajuan Rp 2.700.000, yang akan dibayar Rp 2.700.000.', '2021-10-15 08:50:06', NULL, NULL, 0, NULL, NULL, NULL, 0),
('RC2021100037', 'None', '2021-10-15', 'EM21012608', '00259280', '36', '', '2021-02-27', NULL, '2700000', '1900000', '800000', '2000', 10, '', 0, '2021-10-15 05:02:43', 'USR-201703002', 'USR-201703002', '2021-10-15 05:12:50', 1, 'OK', 1, 'USR-201703002', 'OK, Pengajuan Rp 2.700.000, yang akan dibayar Rp 800.000.', '2021-10-15 08:49:43', NULL, NULL, 0, NULL, NULL, NULL, 0),
('RC2021100038', 'None', '2021-10-15', 'EM21012163', '00186620', '37', '', '2021-01-25', NULL, '899000', '455007', '443993', '2000', 10, '', 0, '2021-10-15 10:46:53', 'USR-201703002', 'USR-201703002', '2021-10-15 10:57:34', 1, '', 1, 'USR-201703002', ', Pengajuan Rp 899.000, yang akan dibayar Rp 443.993.', '2021-10-15 10:57:43', NULL, NULL, 0, NULL, NULL, NULL, 0),
('RC2021100039', 'None', '2021-10-15', 'EM21012163', '00186620', '37', '', '2021-01-25', NULL, '899000', '0', '0', '0', -5, '', 0, '2021-10-15 10:46:53', 'USR-201703002', NULL, NULL, 0, NULL, 0, NULL, NULL, NULL, NULL, NULL, 0, NULL, NULL, NULL, 0),
('RC2021100040', 'None', '2021-10-15', 'EM21012163', '00186620', '37', '', '2021-01-25', NULL, '899000', '0', '0', '0', -5, '', 0, '2021-10-15 10:46:54', 'USR-201703002', NULL, NULL, 0, NULL, 0, NULL, NULL, NULL, NULL, NULL, 0, NULL, NULL, NULL, 0),
('RC2021100041', 'None', '2021-10-15', 'EM21012163', '00186620', '37', '', '2021-01-25', NULL, '899000', '0', '0', '0', -5, '', 0, '2021-10-15 10:46:55', 'USR-201703002', NULL, NULL, 0, NULL, 0, NULL, NULL, NULL, NULL, NULL, 0, NULL, NULL, NULL, 0),
('RC2021100042', 'None', '2021-10-15', 'EM21012163', '00186620', '37', '', '2021-01-25', NULL, '899000', '0', '0', '0', -5, '', 0, '2021-10-15 10:46:56', 'USR-201703002', NULL, NULL, 0, NULL, 0, NULL, NULL, NULL, NULL, NULL, 0, NULL, NULL, NULL, 0),
('RC2021100043', 'None', '2021-10-15', 'EM21012163', '00186620', '37', '', '2021-01-25', NULL, '899000', '0', '0', '0', -5, '', 0, '2021-10-15 10:46:56', 'USR-201703002', NULL, NULL, 0, NULL, 0, NULL, NULL, NULL, NULL, NULL, 0, NULL, NULL, NULL, 0),
('RC2021100044', 'None', '2021-10-15', 'EM21012163', '00186620', '37', '', '2021-01-25', NULL, '899000', '0', '0', '0', -5, '', 0, '2021-10-15 10:46:57', 'USR-201703002', NULL, NULL, 0, NULL, 0, NULL, NULL, NULL, NULL, NULL, 0, NULL, NULL, NULL, 0),
('RC2021100045', 'None', '2021-10-15', 'EM21012163', '00186620', '37', '', '2021-01-25', NULL, '899000', '0', '0', '0', -5, '', 0, '2021-10-15 10:46:58', 'USR-201703002', NULL, NULL, 0, NULL, 0, NULL, NULL, NULL, NULL, NULL, 0, NULL, NULL, NULL, 0),
('RC2021100046', 'None', '2021-10-15', 'EM21012163', '00186620', '37', '', '2021-01-25', NULL, '899000', '0', '0', '0', -5, '', 0, '2021-10-15 10:46:58', 'USR-201703002', NULL, NULL, 0, NULL, 0, NULL, NULL, NULL, NULL, NULL, 0, NULL, NULL, NULL, 0),
('RC2021100047', 'None', '2021-10-15', 'EM21012163', '00186620', '37', '', '2021-01-25', NULL, '899000', '0', '0', '0', -5, '', 0, '2021-10-15 10:46:59', 'USR-201703002', NULL, NULL, 0, NULL, 0, NULL, NULL, NULL, NULL, NULL, 0, NULL, NULL, NULL, 0),
('RC2021100048', 'None', '2021-10-15', 'EM21012163', '00186620', '37', '', '2021-01-25', NULL, '899000', '0', '0', '0', -5, '', 0, '2021-10-15 10:47:00', 'USR-201703002', NULL, NULL, 0, NULL, 0, NULL, NULL, NULL, NULL, NULL, 0, NULL, NULL, NULL, 0),
('RC2021100049', 'None', '2021-10-15', 'EM21012163', '00186620', '37', '', '2021-01-25', NULL, '899000', '0', '0', '0', -5, '', 0, '2021-10-15 10:47:00', 'USR-201703002', NULL, NULL, 0, NULL, 0, NULL, NULL, NULL, NULL, NULL, 0, NULL, NULL, NULL, 0),
('RC2021100050', 'None', '2021-10-22', 'EM21011222', '00234342', '37', '', '2021-02-16', NULL, '1060000', '0', '1060000', '2000', 10, '', 0, '2021-10-22 03:54:56', 'USR-201703002', 'USR-201703002', '2021-10-22 03:56:43', 1, 'ok', 1, 'USR-201703002', ', Pengajuan Rp 1.060.000, yang akan dibayar Rp 1.060.000.', '2021-11-05 12:16:14', NULL, NULL, 0, NULL, NULL, NULL, 0),
('RC2021100051', 'None', '2021-10-22', 'EM21011222', '00234342', '37', '', '2021-02-16', NULL, '900000', '0', '900000', '2000', 10, '', 0, '2021-10-22 03:57:38', 'USR-201703002', 'USR-201703002', '2021-10-22 03:58:36', 1, 'ok', 1, 'USR-201703002', ', Pengajuan Rp 900.000, yang akan dibayar Rp 900.000.', '2021-11-05 12:15:54', NULL, NULL, 0, NULL, NULL, NULL, 0),
('RC2021100052', 'None', '2021-10-22', 'EM21012288', '00199412', '39', '', '2021-01-03', NULL, '3300000', '0', '3300000', '2000', 10, '', 0, '2021-10-22 04:00:31', 'USR-201703002', 'USR-201703002', '2021-10-22 04:02:23', 1, 'OK', 1, 'USR-201703002', ', Pengajuan Rp 3.300.000, yang akan dibayar Rp 3.300.000.', '2021-11-05 12:15:37', NULL, NULL, 0, NULL, NULL, NULL, 0),
('RC2021100053', 'None', '2021-10-22', 'EM21012288', '00199412', '37', '', '2021-02-27', NULL, '200000', '0', '200000', '2000', 10, '', 0, '2021-10-22 04:03:24', 'USR-201703002', 'USR-201703002', '2021-10-22 04:04:40', 1, 'ok', 1, 'USR-201703002', ', Pengajuan Rp 200.000, yang akan dibayar Rp 200.000.', '2021-11-05 12:15:22', NULL, NULL, 0, NULL, NULL, NULL, 0),
('RC2021100054', 'None', '2021-10-22', 'EM21012679', '00309344', '36', '', '2021-03-14', NULL, '2500000', '0', '2500000', '2000', 10, '', 0, '2021-10-22 04:06:10', 'USR-201703002', 'USR-201703002', '2021-10-22 04:16:06', 1, 'OK', 1, 'USR-201703002', ', Pengajuan Rp 2.500.000, yang akan dibayar Rp 2.500.000.', '2021-11-05 12:15:06', NULL, NULL, 0, NULL, NULL, NULL, 0),
('RC2021100055', 'None', '2021-10-22', 'EM21012348', '00199511', '36', '', '2021-01-14', NULL, '2766100', '0', '2766100', '0', -5, '', 0, '2021-10-22 04:23:53', 'USR-201703002', 'USR-201703002', '2021-11-05 12:14:20', 55, 'delt', 66, 'USR-201703002', 'del', '2021-11-05 12:14:09', NULL, NULL, 0, NULL, NULL, NULL, 0),
('RC2021100056', 'None', '2021-10-22', 'EM21012348', '00199511', '36', '', '2021-01-14', NULL, '2766100', '0', '0', '0', -5, '', 0, '2021-10-22 04:23:56', 'USR-201703002', NULL, NULL, 0, NULL, 0, NULL, NULL, NULL, NULL, NULL, 0, NULL, NULL, NULL, 0),
('RC2021100057', 'None', '2021-10-22', 'EM21012348', '00199511', '36', '', '2021-01-14', NULL, '2766100', '0', '2766100', '2000', 10, '', 0, '2021-10-22 04:23:57', 'USR-201703002', 'USR-201703002', '2021-11-05 11:59:37', 1, '', 1, 'USR-201703002', ', Pengajuan Rp 2.766.100, yang akan dibayar Rp 2.766.100.', '2021-11-05 11:59:45', NULL, NULL, 0, NULL, NULL, NULL, 0),
('RC2021100058', 'None', '2021-10-22', 'EM21012388', '00213340', '36', '', '2021-02-28', NULL, '580000', '0', '580000', '2000', 10, '', 0, '2021-10-22 04:26:51', 'USR-201703002', 'USR-201703002', '2021-10-22 04:27:44', 1, 'OK', 1, 'USR-201703002', ', Pengajuan Rp 580.000, yang akan dibayar Rp 580.000.', '2021-11-05 12:13:23', NULL, NULL, 0, NULL, NULL, NULL, 0),
('RC2021100059', 'None', '2021-10-22', 'EM21012388', '00213340', '36', '', '2021-02-28', NULL, '580000', '0', '580000', '2000', 10, '', 0, '2021-10-22 04:26:54', 'USR-201703002', 'USR-201703002', '2021-11-05 11:58:01', 1, '', 1, 'USR-201703002', ', Pengajuan Rp 580.000, yang akan dibayar Rp 580.000.', '2021-11-05 11:58:10', NULL, NULL, 0, NULL, NULL, NULL, 0),
('RC2021100060', 'None', '2021-10-22', 'EM21011864', '00003810', '36', '', '2021-01-02', NULL, '350000', '0', '350000', '2000', 10, '', 0, '2021-10-22 04:29:36', 'USR-201703002', 'USR-201703002', '2021-10-22 04:31:32', 1, 'OK', 1, 'USR-201703002', ', Pengajuan Rp 350.000, yang akan dibayar Rp 350.000.', '2021-11-05 12:12:14', NULL, NULL, 0, NULL, NULL, NULL, 0),
('RC2021100061', 'None', '2021-10-22', 'EM21011864', '00003810', '36', '', '2021-03-19', NULL, '850000', '0', '850000', '2000', 10, '', 0, '2021-10-22 04:32:58', 'USR-201703002', 'USR-201703002', '2021-10-22 04:33:53', 1, 'OK', 1, 'USR-201703002', ', Pengajuan Rp 850.000, yang akan dibayar Rp 850.000.', '2021-11-05 12:12:35', NULL, NULL, 0, NULL, NULL, NULL, 0),
('RC2021100062', 'None', '2021-10-22', 'EM21011864', '00003810', '36', '', '2021-01-02', NULL, '1200000', '0', '1200000', '2000', 10, '', 0, '2021-10-22 04:35:26', 'USR-201703002', 'USR-201703002', '2021-10-22 04:40:11', 1, 'OK\r\n', 1, 'USR-201703002', ', Pengajuan Rp 1.200.000, yang akan dibayar Rp 1.200.000.', '2021-11-05 12:12:51', NULL, NULL, 0, NULL, NULL, NULL, 0),
('RC2021100063', 'None', '2021-10-22', 'EM21011864', '00003810', '36', '', '2021-01-02', NULL, '900000', '0', '900000', '2000', 10, '', 0, '2021-10-22 04:41:15', 'USR-201703002', 'USR-201703002', '2021-10-22 04:42:12', 1, 'OK', 1, 'USR-201703002', ', Pengajuan Rp 900.000, yang akan dibayar Rp 900.000.', '2021-11-05 12:13:40', NULL, NULL, 0, NULL, NULL, NULL, 0),
('RC2021100064', 'None', '2021-10-22', 'EM21012418', '00215705', '36', '', '2021-01-18', NULL, '1000000', '0', '1000000', '2000', 10, '', 0, '2021-10-22 04:44:00', 'USR-201703002', 'USR-201703002', '2021-10-22 04:44:53', 1, 'OK', 1, 'USR-201703002', ', Pengajuan Rp 1.000.000, yang akan dibayar Rp 1.000.000.', '2021-11-05 12:10:34', NULL, NULL, 0, NULL, NULL, NULL, 0),
('RC2021100065', 'None', '2021-10-22', 'EM21012418', '00215705', '36', '', '2021-01-18', NULL, '1600000', '0', '1600000', '2000', 10, '', 0, '2021-10-22 04:45:51', 'USR-201703002', 'USR-201703002', '2021-10-22 04:47:09', 1, 'OK', 1, 'USR-201703002', ', Pengajuan Rp 1.600.000, yang akan dibayar Rp 1.600.000.', '2021-11-05 12:11:02', NULL, NULL, 0, NULL, NULL, NULL, 0),
('RC2021100066', 'None', '2021-10-22', 'EM21012418', '00215705', '36', '', '2021-01-18', NULL, '900000', '0', '900000', '0', -5, '', 0, '2021-10-22 04:48:28', 'USR-201703002', 'USR-201703002', '2021-11-05 12:11:40', 55, 'verifikasi', 66, 'USR-201703002', 'revisi', '2021-11-05 12:11:27', NULL, NULL, 0, NULL, NULL, NULL, 0),
('RC2021100067', 'None', '2021-10-22', 'EM21012418', '00215705', '36', '', '2021-01-18', NULL, '900000', '0', '900000', '2000', 10, '', 0, '2021-10-22 04:48:31', 'USR-201703002', 'USR-201703002', '2021-11-05 11:56:57', 1, '', 1, 'USR-201703002', ', Pengajuan Rp 900.000, yang akan dibayar Rp 900.000.', '2021-11-05 11:57:06', NULL, NULL, 0, NULL, NULL, NULL, 0),
('RC2021100068', 'None', '2021-10-22', 'EM21011869', '00003824', '36', '', '2021-01-06', NULL, '3400000', '0', '3400000', '2000', 10, '', 0, '2021-10-22 04:50:43', 'USR-201703002', 'USR-201703002', '2021-10-22 04:51:41', 1, 'ok', 1, 'USR-201703002', ', Pengajuan Rp 3.400.000, yang akan dibayar Rp 3.400.000.', '2021-11-05 12:09:41', NULL, NULL, 0, NULL, NULL, NULL, 0),
('RC2021100069', 'None', '2021-10-22', 'EM21012612', '00259633', '39', '', '2021-02-15', NULL, '336000', '0', '336000', '2000', 10, '', 0, '2021-10-22 04:53:51', 'USR-201703002', 'USR-201703002', '2021-10-22 04:54:57', 1, 'ok', 1, 'USR-201703002', ', Pengajuan Rp 336.000, yang akan dibayar Rp 336.000.', '2021-11-05 12:08:22', NULL, NULL, 0, NULL, NULL, NULL, 0),
('RC2021100070', 'None', '2021-10-22', 'EM21012325', '00199490', '36', '', '2021-02-05', NULL, '3400000', '0', '3400000', '2000', 10, '', 0, '2021-10-22 04:56:16', 'USR-201703002', 'USR-201703002', '2021-10-22 04:57:03', 1, 'ok', 1, 'USR-201703002', ', Pengajuan Rp 3.400.000, yang akan dibayar Rp 3.400.000.', '2021-11-05 12:07:52', NULL, NULL, 0, NULL, NULL, NULL, 0),
('RC2021100071', 'None', '2021-10-22', 'EM21012456', '00226801', '36', '', '2021-02-18', NULL, '1415000', '0', '1415000', '2000', 10, '', 0, '2021-10-22 04:59:14', 'USR-201703002', 'USR-201703002', '2021-10-22 05:00:12', 1, 'ok', 1, 'USR-201703002', ', Pengajuan Rp 1.415.000, yang akan dibayar Rp 1.415.000.', '2021-11-05 12:07:30', NULL, NULL, 0, NULL, NULL, NULL, 0),
('RC2021100072', 'None', '2021-10-22', 'EM21012278', '00199404', '39', '', '2021-01-21', NULL, '3500000', '0', '3500000', '2000', 10, '', 0, '2021-10-22 05:01:53', 'USR-201703002', 'USR-201703002', '2021-10-22 05:03:14', 1, 'ok', 1, 'USR-201703002', ', Pengajuan Rp 3.500.000, yang akan dibayar Rp 3.500.000.', '2021-11-05 12:07:13', NULL, NULL, 0, NULL, NULL, NULL, 0),
('RC2021100073', 'None', '2021-10-22', 'EM21012074', '00147874', '39', '', '2021-01-24', NULL, '3500000', '0', '3500000', '2000', 10, '', 0, '2021-10-22 05:04:32', 'USR-201703002', 'USR-201703002', '2021-10-22 05:05:28', 1, 'OK', 1, 'USR-201703002', ', Pengajuan Rp 3.500.000, yang akan dibayar Rp 3.500.000.', '2021-11-05 12:06:34', NULL, NULL, 0, NULL, NULL, NULL, 0),
('RC2021100074', 'None', '2021-10-22', 'EM21012149', '00177371', '37', '', '2021-01-21', NULL, '2699000', '0', '2699000', '2000', 10, '', 0, '2021-10-22 05:07:39', 'USR-201703002', 'USR-201703002', '2021-10-22 05:08:36', 1, 'ok', 1, 'USR-201703002', ', Pengajuan Rp 2.699.000, yang akan dibayar Rp 2.699.000.', '2021-11-05 12:06:17', NULL, NULL, 0, NULL, NULL, NULL, 0),
('RC2021100075', 'None', '2021-10-22', 'EM21012149', '00177371', '37', '', '2021-03-13', NULL, '200000', '0', '200000', '2000', 10, '', 0, '2021-10-22 05:09:31', 'USR-201703002', 'USR-201703002', '2021-10-22 05:10:34', 1, 'ok', 1, 'USR-201703002', ', Pengajuan Rp 200.000, yang akan dibayar Rp 200.000.', '2021-11-05 12:06:00', NULL, NULL, 0, NULL, NULL, NULL, 0),
('RC2021110001', 'None', '2021-11-01', 'EM21012686', '00320961', '36', '', '2021-06-12', NULL, '3500000', '0', '3500000', '2000', 10, '', 0, '2021-11-01 08:03:49', 'USR-201703002', 'USR-201703002', '2021-11-01 08:05:05', 1, 'ok\r\n', 1, 'USR-201703002', ', Pengajuan Rp 3.500.000, yang akan dibayar Rp 3.500.000.', '2021-11-05 12:05:38', NULL, NULL, 0, NULL, NULL, NULL, 0),
('RC2021110002', 'None', '2021-11-01', 'EM21011829', '00285649', '37', '', '2021-06-22', NULL, '3500000', '0', '3500000', '2000', 10, '', 0, '2021-11-01 08:10:24', 'USR-201703002', 'USR-201703002', '2021-11-01 08:11:27', 1, 'ok\r\n', 1, 'USR-201703002', ', Pengajuan Rp 3.500.000, yang akan dibayar Rp 3.500.000.', '2021-11-05 12:05:11', NULL, NULL, 0, NULL, NULL, NULL, 0),
('RC2021110003', 'None', '2021-11-01', 'EM21012647', '00265736', '39', '', '2021-05-20', NULL, '2741100', '0', '2741100', '2000', 10, '', 0, '2021-11-01 08:21:13', 'USR-201703002', 'USR-201703002', '2021-11-01 08:22:44', 1, 'ok', 1, 'USR-201703002', ', Pengajuan Rp 2.741.100, yang akan dibayar Rp 2.741.100.', '2021-11-05 12:04:53', NULL, NULL, 0, NULL, NULL, NULL, 0),
('RC2021110004', 'None', '2021-11-01', 'EM21012690', '00331857', '36', '', '2021-05-08', NULL, '3500000', '0', '3500000', '2000', 10, '', 0, '2021-11-01 08:27:28', 'USR-201703002', 'USR-201703002', '2021-11-01 08:28:26', 1, 'ok', 1, 'USR-201703002', ', Pengajuan Rp 3.500.000, yang akan dibayar Rp 3.500.000.', '2021-11-05 12:04:34', NULL, NULL, 0, NULL, NULL, NULL, 0),
('RC2021110005', 'None', '2021-11-01', 'EM21012005', '00116319', '36', '', '2021-03-25', NULL, '3238000', '0', '3238000', '2000', 10, '', 0, '2021-11-01 08:36:52', 'USR-201703002', 'USR-201703002', '2021-11-01 08:37:44', 1, 'ok', 1, 'USR-201703002', ', Pengajuan Rp 3.238.000, yang akan dibayar Rp 3.238.000.', '2021-11-05 12:04:19', NULL, NULL, 0, NULL, NULL, NULL, 0),
('RC2021110006', 'None', '2021-11-01', 'EM21012558', '00246585', '39', '', '2021-03-08', NULL, '680000', '0', '680000', '2000', 10, '', 0, '2021-11-01 08:42:12', 'USR-201703002', 'USR-201703002', '2021-11-01 08:43:07', 1, 'ok', 1, 'USR-201703002', ', Pengajuan Rp 680.000, yang akan dibayar Rp 680.000.', '2021-11-05 12:03:59', NULL, NULL, 0, NULL, NULL, NULL, 0),
('RC2021110007', 'None', '2021-11-01', 'EM21012091', '00149288', '37', '', '2021-02-02', NULL, '2500000', '0', '2500000', '2000', 10, '', 0, '2021-11-01 08:49:26', 'USR-201703002', 'USR-201703002', '2021-11-01 08:50:22', 1, 'ok', 1, 'USR-201703002', ', Pengajuan Rp 2.500.000, yang akan dibayar Rp 2.500.000.', '2021-11-05 12:03:42', NULL, NULL, 0, NULL, NULL, NULL, 0),
('RC2021110008', 'None', '2021-11-01', 'EM21012056', '00130311', '36', '', '2021-02-24', NULL, '788000', '0', '788000', '2000', 10, '', 0, '2021-11-01 08:56:57', 'USR-201703002', 'USR-201703002', '2021-11-01 08:58:05', 1, 'ok', 1, 'USR-201703002', ', Pengajuan Rp 788.000, yang akan dibayar Rp 788.000.', '2021-11-05 12:03:27', NULL, NULL, 0, NULL, NULL, NULL, 0),
('RC2021110009', 'None', '2021-11-01', 'EM21012356', '00200688', '39', '', '2021-01-10', NULL, '2147000', '0', '2147000', '2000', 10, '', 0, '2021-11-01 09:13:11', 'USR-201703002', 'USR-201703002', '2021-11-01 09:14:59', 1, 'ok', 1, 'USR-201703002', ', Pengajuan Rp 2.147.000, yang akan dibayar Rp 2.147.000.', '2021-11-05 12:02:48', NULL, NULL, 0, NULL, NULL, NULL, 0),
('RC2021110010', 'None', '2021-11-01', 'EM21012001', '00112363', '36', '', '2021-03-26', NULL, '1899000', '0', '1899000', '2000', 10, '', 0, '2021-11-01 09:20:00', 'USR-201703002', 'USR-201703002', '2021-11-01 09:21:35', 1, 'ok', 1, 'USR-201703002', ', Pengajuan Rp 1.899.000, yang akan dibayar Rp 1.899.000.', '2021-11-05 12:01:54', NULL, NULL, 0, NULL, NULL, NULL, 0),
('RC2021110011', 'None', '2021-11-01', 'EM21013759', '10630404', '37', '', '2021-03-03', NULL, '3500000', '0', '3500000', '2000', 10, '', 0, '2021-11-01 09:28:12', 'USR-201703002', 'USR-201703002', '2021-11-01 09:29:19', 1, 'ok', 1, 'USR-201703002', ', Pengajuan Rp 3.500.000, yang akan dibayar Rp 3.500.000.', '2021-11-05 12:00:42', NULL, NULL, 0, NULL, NULL, NULL, 0),
('RC2021110012', 'None', '2021-11-05', 'EM21014378', '00293150', '36', '', '2021-06-20', NULL, '3860000', '360000', '3500000', '2000', 10, '', 0, '2021-11-05 10:16:39', 'USR-202001002', 'USR-202001002', '2021-11-05 10:18:12', 1, '', 1, 'USR-202001002', ', Pengajuan Rp 3.860.000, yang akan dibayar Rp 3.500.000.', '2021-11-05 10:18:23', NULL, NULL, 0, NULL, NULL, NULL, 0),
('RC2021110013', 'None', '2021-11-05', 'EM21013958', '10676690', '36', '', '2021-06-29', NULL, '2150040', '0', '2150040', '2000', 10, '', 0, '2021-11-05 10:20:12', 'USR-202001002', 'USR-202001002', '2021-11-05 10:21:06', 1, '', 1, 'USR-202001002', ', Pengajuan Rp 2.150.040, yang akan dibayar Rp 2.150.040.', '2021-11-05 10:21:13', NULL, NULL, 0, NULL, NULL, NULL, 0),
('RC2021110014', 'None', '2021-11-05', 'EM21012950', '00134378', '39', '', '2021-06-28', NULL, '3799000', '299000', '3500000', '2000', 10, '', 0, '2021-11-05 10:23:00', 'USR-202001002', 'USR-202001002', '2021-11-05 10:23:48', 1, '', 1, 'USR-202001002', ', Pengajuan Rp 3.799.000, yang akan dibayar Rp 3.500.000.', '2021-11-05 10:23:57', NULL, NULL, 0, NULL, NULL, NULL, 0),
('RC2021110015', 'None', '2021-11-05', 'EM21013833', '10654525', '36', '', '2021-06-29', NULL, '2013954', '0', '2013954', '2000', 10, '', 0, '2021-11-05 10:27:44', 'USR-202001002', 'USR-202001002', '2021-11-05 10:28:30', 1, '', 1, 'USR-202001002', ', Pengajuan Rp 2.013.954, yang akan dibayar Rp 2.013.954.', '2021-11-05 10:28:39', NULL, NULL, 0, NULL, NULL, NULL, 0),
('RC2021110016', 'None', '2021-11-05', 'EM21013881', '10661051', '39', '', '2021-06-21', NULL, '3567502', '67502', '3500000', '2000', 10, '', 0, '2021-11-05 10:31:14', 'USR-202001002', 'USR-202001002', '2021-11-05 10:32:21', 1, '', 1, 'USR-202001002', ', Pengajuan Rp 3.567.502, yang akan dibayar Rp 3.500.000.', '2021-11-05 10:32:29', NULL, NULL, 0, NULL, NULL, NULL, 0),
('RC2021110017', 'None', '2021-11-05', 'EM21013348', '00266815', '37', '', '2021-06-28', NULL, '5520000', '2020000', '3500000', '2000', 10, '', 0, '2021-11-05 10:34:46', 'USR-202001002', 'USR-202001002', '2021-11-05 10:35:29', 1, '', 1, 'USR-202001002', ', Pengajuan Rp 5.520.000, yang akan dibayar Rp 3.500.000.', '2021-11-05 10:35:38', NULL, NULL, 0, NULL, NULL, NULL, 0),
('RC2021110018', 'None', '2021-11-05', 'EM21013622', '10577780', '36', '', '2021-06-28', NULL, '4638000', '1138000', '3500000', '2000', 10, '', 0, '2021-11-05 10:37:20', 'USR-202001002', 'USR-202001002', '2021-11-05 10:38:14', 1, '', 1, 'USR-202001002', ', Pengajuan Rp 4.638.000, yang akan dibayar Rp 3.500.000.', '2021-11-05 10:38:23', NULL, NULL, 0, NULL, NULL, NULL, 0),
('RC2021110019', 'None', '2021-11-05', 'EM21012743', '00003784', '39', '', '2021-11-28', NULL, '4014000', '514000', '3500000', '2000', 10, '', 0, '2021-11-05 10:40:37', 'USR-202001002', 'USR-202001002', '2021-11-05 10:41:16', 1, '', 1, 'USR-202001002', ', Pengajuan Rp 4.014.000, yang akan dibayar Rp 3.500.000.', '2021-11-05 10:41:24', NULL, NULL, 0, NULL, NULL, NULL, 0),
('RC2021110020', 'None', '2021-11-05', 'EM21013907', '10665322', '36', '', '2021-06-19', NULL, '1025000', '0', '1025000', '2000', 10, '', 0, '2021-11-05 10:43:18', 'USR-202001002', 'USR-202001002', '2021-11-05 10:43:57', 1, '', 1, 'USR-202001002', ', Pengajuan Rp 1.025.000, yang akan dibayar Rp 1.025.000.', '2021-11-05 10:44:06', NULL, NULL, 0, NULL, NULL, NULL, 0),
('RC2021110021', 'None', '2021-11-05', 'EM21013966', '10686287', '37', '', '2021-06-28', NULL, '2609396', '0', '2609396', '2000', 10, '', 0, '2021-11-05 10:46:16', 'USR-202001002', 'USR-202001002', '2021-11-05 10:47:25', 1, '', 1, 'USR-202001002', ', Pengajuan Rp 2.609.396, yang akan dibayar Rp 2.609.396.', '2021-11-05 10:47:35', NULL, NULL, 0, NULL, NULL, NULL, 0),
('RC2021110022', 'None', '2021-11-05', 'EM21013614', '10569937', '37', '', '2021-06-29', NULL, '2944500', '0', '2944500', '2000', 10, '', 0, '2021-11-05 10:49:48', 'USR-202001002', 'USR-202001002', '2021-11-05 10:53:43', 1, '', 1, 'USR-202001002', ', Pengajuan Rp 2.944.500, yang akan dibayar Rp 2.944.500.', '2021-11-05 10:53:51', NULL, NULL, 0, NULL, NULL, NULL, 0),
('RC2021110023', 'None', '2021-11-05', 'EM21013404', '00279884', '39', '', '2021-06-01', NULL, '3500000', '0', '3500000', '2000', 10, '', 0, '2021-11-05 10:55:48', 'USR-202001002', 'USR-202001002', '2021-11-05 10:56:22', 1, '', 1, 'USR-202001002', ', Pengajuan Rp 3.500.000, yang akan dibayar Rp 3.500.000.', '2021-11-05 10:56:30', NULL, NULL, 0, NULL, NULL, NULL, 0),
('RC2021110024', 'None', '2021-11-05', 'EM21013298', '00260326', '37', '', '2021-04-28', NULL, '4157558', '657558', '3500000', '2000', 10, '', 0, '2021-11-05 11:00:03', 'USR-202001002', 'USR-202001002', '2021-11-05 11:00:53', 1, '', 1, 'USR-202001002', ', Pengajuan Rp 4.157.558, yang akan dibayar Rp 3.500.000.', '2021-11-05 11:01:06', NULL, NULL, 0, NULL, NULL, NULL, 0),
('RC2021110025', 'None', '2021-11-05', 'EM21013363', '00275830', '36', '', '2021-06-29', NULL, '7750000', '4250000', '3500000', '2000', 10, '', 0, '2021-11-05 11:02:52', 'USR-202001002', 'USR-202001002', '2021-11-05 11:03:32', 1, '', 1, 'USR-202001002', ', Pengajuan Rp 7.750.000, yang akan dibayar Rp 3.500.000.', '2021-11-05 11:03:40', NULL, NULL, 0, NULL, NULL, NULL, 0),
('RC2021110026', 'None', '2021-11-05', 'EM21013670', '10602398', '36', '', '2021-06-28', NULL, '1699662', '0', '1699662', '2000', 10, '', 0, '2021-11-05 11:06:52', 'USR-202001002', 'USR-202001002', '2021-11-05 11:07:31', 1, '', 1, 'USR-202001002', ', Pengajuan Rp 1.699.662, yang akan dibayar Rp 1.699.662.', '2021-11-05 11:07:39', NULL, NULL, 0, NULL, NULL, NULL, 0),
('RC2021110027', 'None', '2021-11-05', 'EM21012859', '00111360', '37', '', '2021-06-23', NULL, '3230000', '0', '3230000', '2000', 10, '', 0, '2021-11-05 11:09:25', 'USR-202001002', 'USR-202001002', '2021-11-05 11:10:12', 1, '', 1, 'USR-202001002', ', Pengajuan Rp 3.230.000, yang akan dibayar Rp 3.230.000.', '2021-11-05 11:10:20', NULL, NULL, 0, NULL, NULL, NULL, 0),
('RC2021110028', 'None', '2021-11-05', 'EM21013049', '00201794', '39', '', '2021-06-28', NULL, '940300', '0', '940300', '2000', 10, '', 0, '2021-11-05 11:12:49', 'USR-202001002', 'USR-202001002', '2021-11-05 11:13:27', 1, '', 1, 'USR-202001002', ', Pengajuan Rp 940.300, yang akan dibayar Rp 940.300.', '2021-11-05 11:13:35', NULL, NULL, 0, NULL, NULL, NULL, 0),
('RC2021110029', 'None', '2021-11-05', 'EM21013448', '00299691', '36', '', '2021-04-07', NULL, '2923000', '0', '2923000', '2000', 10, '', 0, '2021-11-05 11:41:29', 'USR-202001002', 'USR-202001002', '2021-11-05 11:42:15', 1, '', 1, 'USR-202001002', ', Pengajuan Rp 2.923.000, yang akan dibayar Rp 2.923.000.', '2021-11-05 11:42:22', NULL, NULL, 0, NULL, NULL, NULL, 0),
('RC2021110030', 'None', '2021-11-05', 'EM21013385', '00278486', '36', '', '2021-06-30', NULL, '5110400', '0', '0', '0', -5, '', 0, '2021-11-05 11:45:56', 'USR-202001002', 'USR-202001002', '2021-11-05 11:47:53', 55, 'revisi', 0, NULL, NULL, NULL, NULL, NULL, 0, NULL, NULL, NULL, 0),
('RC2021110031', 'None', '2021-11-05', 'EM21013385', '00278486', '36', '', '2021-06-30', NULL, '5110400', '1610400', '3500000', '2000', 10, '', 0, '2021-11-05 11:48:29', 'USR-202001002', 'USR-202001002', '2021-11-05 11:49:09', 1, '', 1, 'USR-202001002', ', Pengajuan Rp 5.110.400, yang akan dibayar Rp 3.500.000.', '2021-11-05 11:49:17', NULL, NULL, 0, NULL, NULL, NULL, 0),
('RC2021110032', 'None', '2021-11-05', 'EM21014386', '00298042', '39', '', '2021-06-14', NULL, '3703000', '203000', '3500000', '2000', 10, '', 0, '2021-11-05 11:50:53', 'USR-202001002', 'USR-202001002', '2021-11-05 11:51:31', 1, '', 1, 'USR-202001002', ', Pengajuan Rp 3.703.000, yang akan dibayar Rp 3.500.000.', '2021-11-05 11:51:39', NULL, NULL, 0, NULL, NULL, NULL, 0),
('RC2021110033', 'None', '2021-11-05', 'EM21013724', '10620607', '36', '', '2021-06-21', NULL, '4669240', '1169240', '3500000', '2000', 10, '', 0, '2021-11-05 11:53:54', 'USR-202001002', 'USR-202001002', '2021-11-05 11:54:39', 1, '', 1, 'USR-202001002', ', Pengajuan Rp 4.669.240, yang akan dibayar Rp 3.500.000.', '2021-11-05 11:54:47', NULL, NULL, 0, NULL, NULL, NULL, 0);

-- --------------------------------------------------------

--
-- Struktur dari tabel `tp_claim_benefit`
--

CREATE TABLE `tp_claim_benefit` (
  `claim_benefit_id` varchar(21) NOT NULL,
  `claim_id` varchar(21) DEFAULT NULL,
  `benefit_id` int(11) DEFAULT 0,
  `treatment_date` date DEFAULT NULL,
  `incurred_amount` decimal(10,0) DEFAULT 0,
  `approved_amount` decimal(10,0) DEFAULT 0,
  `additional_info` varchar(150) DEFAULT NULL,
  `user_etr` varchar(21) DEFAULT NULL,
  `dt_etr` datetime DEFAULT NULL,
  `user_update` varchar(21) DEFAULT NULL,
  `dt_update` datetime DEFAULT NULL,
  `is_deleted` tinyint(4) NOT NULL DEFAULT 0
) ENGINE=InnoDB DEFAULT CHARSET=latin1;

--
-- Dumping data untuk tabel `tp_claim_benefit`
--

INSERT INTO `tp_claim_benefit` (`claim_benefit_id`, `claim_id`, `benefit_id`, `treatment_date`, `incurred_amount`, `approved_amount`, `additional_info`, `user_etr`, `dt_etr`, `user_update`, `dt_update`, `is_deleted`) VALUES
('CB20210200001', 'RC2021020001', 224, '2021-02-17', '2000000', '2000000', 'pengobatan tabib', 'USR-201703002', '2021-02-11 05:04:13', 'USR-201703002', '2021-02-11 05:04:13', 0),
('CB20210200002', 'RC2021020002', 247, '2021-02-16', '1500000', '1500000', 'ok', 'USR-201703001', '2021-02-11 12:58:23', 'USR-201703001', '2021-02-11 12:58:23', 0),
('CB20210200003', 'RC2021020003', 237, '2021-02-09', '500000', '500000', '', 'USR-202001002', '2021-02-11 13:50:28', 'USR-202001002', '2021-02-11 13:50:28', 0),
('CB20210200004', 'RC2021020005', 233, '2021-02-15', '400000', '400000', '', 'USR-202001002', '2021-02-23 03:56:44', 'USR-202001002', '2021-02-23 03:56:44', 0),
('CB20211000001', 'RC2021100033', 232, '2021-06-30', '2000784', '2000784', '', 'USR-202001002', '2021-10-14 10:59:46', 'USR-202001002', '2021-10-14 10:59:46', 0),
('CB20211000002', 'RC2021100032', 225, '2021-06-30', '3480000', '3480000', 'OK', 'USR-202001002', '2021-10-14 11:04:05', 'USR-202001002', '2021-10-14 11:04:05', 0),
('CB20211000003', 'RC2021100031', 232, '2021-06-30', '3470180', '3470180', 'OK', 'USR-202001002', '2021-10-14 11:07:27', 'USR-202001002', '2021-10-14 11:07:27', 0),
('CB20211000004', 'RC2021100030', 246, '2021-06-06', '3512000', '3500000', 'OK', 'USR-202001002', '2021-10-14 11:09:30', 'USR-202001002', '2021-10-14 11:09:30', 0),
('CB20211000005', 'RC2021100029', 233, '2021-02-24', '4000000', '3500000', 'OK', 'USR-201703002', '2021-10-14 11:26:33', 'USR-201703002', '2021-10-14 11:26:33', 0),
('CB20211000006', 'RC2021100028', 232, '2021-01-25', '899000', '899000', 'OK', 'USR-201703002', '2021-10-14 11:32:18', 'USR-201703002', '2021-10-14 11:32:18', 0),
('CB20211000007', 'RC2021100027', 232, '2021-01-15', '603507', '603507', 'OK', 'USR-201703002', '2021-10-14 11:55:46', 'USR-201703002', '2021-10-14 11:55:46', 0),
('CB20211000008', 'RC2021100026', 232, '2021-02-12', '650000', '650000', 'OK', 'USR-201703002', '2021-10-14 11:58:08', 'USR-201703002', '2021-10-14 11:58:08', 0),
('CB20211000009', 'RC2021100024', 233, '2021-03-12', '1802500', '1802500', 'OK', 'USR-201703002', '2021-10-14 12:00:37', 'USR-201703002', '2021-10-14 12:00:37', 0),
('CB20211000010', 'RC2021100034', 225, '2021-01-03', '594521', '594521', 'Kacamata', 'USR-201703002', '2021-10-15 04:54:28', 'USR-201703002', '2021-10-15 04:54:28', 0),
('CB20211000011', 'RC2021100035', 230, '2021-03-09', '3800000', '3500000', 'Sepeda', 'USR-201703002', '2021-10-15 04:58:35', 'USR-201703002', '2021-10-15 04:58:35', 0),
('CB20211000012', 'RC2021100036', 225, '2021-02-27', '2700000', '2700000', 'Kacamata', 'USR-201703002', '2021-10-15 05:01:32', 'USR-201703002', '2021-10-15 05:01:32', 0),
('CB20211000013', 'RC2021100037', 225, '2021-02-27', '2700000', '800000', 'Kacamata', 'USR-201703002', '2021-10-15 05:12:36', 'USR-201703002', '2021-10-15 05:12:36', 0),
('CB20211000014', 'RC2021090001', 230, '2021-05-16', '2685800', '2685800', 'OK', 'USR-201703002', '2021-10-15 05:13:05', 'USR-201703002', '2021-10-15 05:13:05', 0),
('CB20211000015', 'RC2021090002', 238, '2021-05-10', '5200000', '3500000', 'ok', 'USR-201703002', '2021-10-15 05:15:00', 'USR-201703002', '2021-10-15 05:15:00', 0),
('CB20211000016', 'RC2021090003', 223, '2021-01-27', '1461000', '1461000', 'ok', 'USR-201703002', '2021-10-15 05:16:30', 'USR-201703002', '2021-10-15 05:16:30', 0),
('CB20211000017', 'RC2021090004', 246, '2021-05-28', '7999000', '3500000', 'OK', 'USR-201703002', '2021-10-15 05:18:43', 'USR-201703002', '2021-10-15 05:18:43', 0),
('CB20211000018', 'RC2021090005', 238, '2021-06-02', '4500000', '3500000', 'OK', 'USR-201703002', '2021-10-15 05:20:03', 'USR-201703002', '2021-10-15 05:20:03', 0),
('CB20211000019', 'RC2021090006', 239, '2021-05-17', '147175', '147175', 'OK', 'USR-201703002', '2021-10-15 05:21:45', 'USR-201703002', '2021-10-15 05:21:45', 0),
('CB20211000020', 'RC2021090007', 247, '2021-05-21', '193104', '193104', 'OK', 'USR-201703002', '2021-10-15 05:23:13', 'USR-201703002', '2021-10-15 05:23:13', 0),
('CB20211000021', 'RC2021090008', 238, '2021-05-06', '1060000', '1060000', 'OK', 'USR-201703002', '2021-10-15 08:35:30', 'USR-201703002', '2021-10-15 08:35:30', 0),
('CB20211000022', 'RC2021090009', 238, '2021-03-01', '1350000', '1350000', 'OK', 'USR-201703002', '2021-10-15 08:36:40', 'USR-201703002', '2021-10-15 08:36:40', 0),
('CB20211000023', 'RC2021090010', 238, '2021-03-01', '749721', '749721', 'OK', 'USR-201703002', '2021-10-15 08:38:04', 'USR-201703002', '2021-10-15 08:38:04', 0),
('CB20211000024', 'RC2021090011', 238, '2021-04-29', '1590000', '1540000', 'OK', 'USR-201703002', '2021-10-15 08:39:43', 'USR-201703002', '2021-10-15 08:39:43', 0),
('CB20211000025', 'RC2021090012', 247, '2021-04-28', '5485500', '652800', 'ok', 'USR-201703002', '2021-10-15 08:42:54', 'USR-201703002', '2021-10-15 08:42:54', 0),
('CB20211000026', 'RC2021090013', 238, '2021-05-31', '900000', '800000', 'OK', 'USR-201703002', '2021-10-15 08:45:40', 'USR-201703002', '2021-10-15 08:45:40', 0),
('CB20211000027', 'RC2021090014', 238, '2021-05-31', '900000', '900000', 'OK', 'USR-201703002', '2021-10-15 08:46:37', 'USR-201703002', '2021-10-15 08:46:37', 0),
('CB20211000028', 'RC2021090015', 238, '2021-05-31', '900000', '900000', 'OK', 'USR-201703002', '2021-10-15 08:47:36', 'USR-201703002', '2021-10-15 08:47:36', 0),
('CB20211000029', 'RC2021090016', 238, '2021-05-31', '900000', '900000', 'OK', 'USR-201703002', '2021-10-15 08:48:29', 'USR-201703002', '2021-10-15 08:48:29', 0),
('CB20211000030', 'RC2021090017', 233, '2021-06-04', '540000', '540000', 'ok', 'USR-201703002', '2021-10-15 09:21:27', 'USR-201703002', '2021-10-15 09:21:27', 0),
('CB20211000031', 'RC2021090018', 232, '2021-04-08', '707800', '707800', 'OK', 'USR-201703002', '2021-10-15 09:23:40', 'USR-201703002', '2021-10-15 09:23:40', 0),
('CB20211000032', 'RC2021090019', 232, '2021-04-10', '349579', '349579', 'OK', 'USR-201703002', '2021-10-15 09:24:41', 'USR-201703002', '2021-10-15 09:24:41', 0),
('CB20211000033', 'RC2021090020', 225, '2021-04-03', '2477000', '2477000', '', 'USR-201703002', '2021-10-15 09:26:12', 'USR-201703002', '2021-10-15 09:26:12', 0),
('CB20211000034', 'RC2021090021', 238, '2021-04-19', '8327000', '1023000', '', 'USR-201703002', '2021-10-15 09:49:53', 'USR-201703002', '2021-10-15 09:49:53', 0),
('CB20211000035', 'RC2021100014', 233, '2021-02-13', '320500', '320500', '', 'USR-201703002', '2021-10-15 09:52:38', 'USR-201703002', '2021-10-15 09:52:38', 0),
('CB20211000036', 'RC2021090023', 246, '2021-06-08', '7999000', '3500000', '', 'USR-201703002', '2021-10-15 09:53:51', 'USR-201703002', '2021-10-15 09:53:51', 0),
('CB20211000037', 'RC2021090024', 225, '2021-06-04', '3500000', '3500000', '', 'USR-201703002', '2021-10-15 09:54:55', 'USR-201703002', '2021-10-15 09:54:55', 0),
('CB20211000038', 'RC2021090025', 228, '2021-06-11', '3886500', '3500000', '', 'USR-201703002', '2021-10-15 09:56:39', 'USR-201703002', '2021-10-15 09:56:39', 0),
('CB20211000039', 'RC2021090026', 230, '2021-06-13', '4000000', '3500000', '', 'USR-201703002', '2021-10-15 10:07:49', 'USR-201703002', '2021-10-15 10:07:49', 0),
('CB20211000040', 'RC2021100038', 232, '2021-01-25', '899000', '443993', '', 'USR-201703002', '2021-10-15 10:57:19', 'USR-201703002', '2021-10-15 10:57:19', 0),
('CB20211000041', 'RC2021100001', 238, '2021-02-11', '200000', '200000', '', 'USR-201703002', '2021-10-15 10:59:09', 'USR-201703002', '2021-10-15 10:59:09', 0),
('CB20211000042', 'RC2021100002', 238, '2021-01-11', '225000', '225000', '', 'USR-201703002', '2021-10-15 11:00:08', 'USR-201703002', '2021-10-15 11:00:08', 0),
('CB20211000043', 'RC2021100003', 238, '2021-02-11', '780000', '780000', '', 'USR-201703002', '2021-10-15 11:01:02', 'USR-201703002', '2021-10-15 11:01:02', 0),
('CB20211000044', 'RC2021100004', 231, '2021-01-17', '209999', '209999', '', 'USR-201703002', '2021-10-15 11:02:10', 'USR-201703002', '2021-10-15 11:02:10', 0),
('CB20211000045', 'RC2021100016', 238, '2021-01-30', '420000', '420000', '', 'USR-201703002', '2021-10-15 11:03:29', 'USR-201703002', '2021-10-15 11:03:29', 0),
('CB20211000046', 'RC2021100018', 238, '2021-04-30', '200000', '200000', '', 'USR-201703002', '2021-10-15 11:04:51', 'USR-201703002', '2021-10-15 11:04:51', 0),
('CB20211000047', 'RC2021100017', 238, '2021-01-30', '420000', '420000', '', 'USR-201703002', '2021-10-15 11:07:55', 'USR-201703002', '2021-10-15 11:07:55', 0),
('CB20211000048', 'RC2021100005', 229, '2021-02-14', '165000', '165000', '', 'USR-201703002', '2021-10-15 11:09:19', 'USR-201703002', '2021-10-15 11:09:19', 0),
('CB20211000049', 'RC2021100006', 225, '2021-02-16', '494000', '494000', '', 'USR-201703002', '2021-10-15 11:10:20', 'USR-201703002', '2021-10-15 11:10:20', 0),
('CB20211000050', 'RC2021100007', 225, '2021-02-16', '354000', '354000', '', 'USR-201703002', '2021-10-15 11:11:31', 'USR-201703002', '2021-10-15 11:11:31', 0),
('CB20211000051', 'RC2021100009', 225, '2021-01-10', '2750000', '2750000', '', 'USR-201703002', '2021-10-15 11:22:13', 'USR-201703002', '2021-10-15 11:22:13', 0),
('CB20211000052', 'RC2021100010', 232, '2021-02-17', '865400', '865400', '', 'USR-201703002', '2021-10-15 11:23:33', 'USR-201703002', '2021-10-15 11:23:33', 0),
('CB20211000053', 'RC2021100011', 232, '2021-02-23', '1198300', '1198300', '', 'USR-201703002', '2021-10-15 11:24:18', 'USR-201703002', '2021-10-15 11:24:18', 0),
('CB20211000054', 'RC2021100012', 231, '2021-02-08', '193000', '193000', '', 'USR-201703002', '2021-10-15 11:27:11', 'USR-201703002', '2021-10-15 11:27:11', 0),
('CB20211000055', 'RC2021100015', 246, '2021-01-24', '294000', '294000', '', 'USR-201703002', '2021-10-15 11:28:42', 'USR-201703002', '2021-10-15 11:28:42', 0),
('CB20211000056', 'RC2021100020', 232, '2021-03-15', '672800', '672800', '', 'USR-201703002', '2021-10-15 11:29:59', 'USR-201703002', '2021-10-15 11:29:59', 0),
('CB20211000057', 'RC2021100019', 225, '2021-02-25', '2550000', '2550000', '', 'USR-201703002', '2021-10-15 11:30:52', 'USR-201703002', '2021-10-15 11:30:52', 0),
('CB20211000058', 'RC2021100022', 225, '2021-01-02', '799000', '799000', '', 'USR-201703002', '2021-10-15 11:34:24', 'USR-201703002', '2021-10-15 11:34:24', 0),
('CB20211000059', 'RC2021100023', 247, '2021-03-15', '336000', '336000', '', 'USR-201703002', '2021-10-15 11:36:30', 'USR-201703002', '2021-10-15 11:36:30', 0),
('CB20211000060', 'RC2021100050', 238, '2021-02-16', '1060000', '1060000', 'SPP Jan - Feb 2021', 'USR-201703002', '2021-10-22 03:56:29', 'USR-201703002', '2021-10-22 03:56:29', 0),
('CB20211000061', 'RC2021100051', 238, '2021-02-16', '900000', '900000', 'SPP Jan - Feb 2021', 'USR-201703002', '2021-10-22 03:58:23', 'USR-201703002', '2021-10-22 03:58:23', 0),
('CB20211000062', 'RC2021100052', 246, '2021-01-03', '3300000', '3300000', 'Handphone OPPO', 'USR-201703002', '2021-10-22 04:02:07', 'USR-201703002', '2021-10-22 04:02:07', 0),
('CB20211000063', 'RC2021100053', 238, '2021-02-27', '200000', '200000', 'SPP Februari - Maret 2021', 'USR-201703002', '2021-10-22 04:04:28', 'USR-201703002', '2021-10-22 04:04:28', 0),
('CB20211000064', 'RC2021100054', 224, '2021-03-14', '2500000', '2500000', 'Akupuntur', 'USR-201703002', '2021-10-22 04:06:49', 'USR-201703002', '2021-10-22 04:06:49', 0),
('CB20211000065', 'RC2021100055', 229, '2021-01-14', '2766100', '2766100', 'Treadmill Manual', 'USR-201703002', '2021-10-22 04:24:52', 'USR-201703002', '2021-10-22 04:24:52', 0),
('CB20211000066', 'RC2021100058', 225, '2021-02-28', '580000', '580000', 'Kacamata Istri', 'USR-201703002', '2021-10-22 04:27:34', 'USR-201703002', '2021-10-22 04:27:34', 0),
('CB20211000067', 'RC2021100060', 225, '2021-01-02', '350000', '350000', 'Lensa kacamata', 'USR-201703002', '2021-10-22 04:31:18', 'USR-201703002', '2021-10-22 04:31:18', 0),
('CB20211000068', 'RC2021100061', 225, '2021-03-19', '850000', '850000', 'Kacamata suami', 'USR-201703002', '2021-10-22 04:33:42', 'USR-201703002', '2021-10-22 04:33:42', 0),
('CB20211000069', 'RC2021100062', 225, '2021-01-02', '1200000', '1200000', 'Kacamata M. Nabil ( Anak)', 'USR-201703002', '2021-10-22 04:39:55', 'USR-201703002', '2021-10-22 04:39:55', 0),
('CB20211000070', 'RC2021100063', 225, '2021-01-02', '900000', '900000', 'Kacamata M Attallah (Anak)', 'USR-201703002', '2021-10-22 04:41:59', 'USR-201703002', '2021-10-22 04:41:59', 0),
('CB20211000071', 'RC2021100064', 225, '2021-01-18', '1000000', '1000000', 'Kacamata', 'USR-201703002', '2021-10-22 04:44:43', 'USR-201703002', '2021-10-22 04:44:43', 0),
('CB20211000072', 'RC2021100065', 225, '2021-01-18', '1600000', '1600000', 'Kacamata a.n Lutfi Adi L (Anak)', 'USR-201703002', '2021-10-22 04:46:52', 'USR-201703002', '2021-10-22 04:46:52', 0),
('CB20211000073', 'RC2021100066', 225, '2021-01-18', '900000', '900000', 'Kacamata a.n Febe E (Anak)', 'USR-201703002', '2021-10-22 04:49:08', 'USR-201703002', '2021-10-22 04:49:08', 0),
('CB20211000074', 'RC2021100068', 224, '2021-01-06', '3400000', '3400000', 'Obat Herbal', 'USR-201703002', '2021-10-22 04:51:30', 'USR-201703002', '2021-10-22 04:51:30', 0),
('CB20211000075', 'RC2021100069', 247, '2021-02-15', '336000', '336000', 'Tagihan Internet', 'USR-201703002', '2021-10-22 04:54:34', 'USR-201703002', '2021-10-22 04:54:34', 0),
('CB20211000076', 'RC2021100070', 225, '2021-02-05', '3400000', '3400000', 'Kacamata', 'USR-201703002', '2021-10-22 04:56:51', 'USR-201703002', '2021-10-22 04:56:51', 0),
('CB20211000077', 'RC2021100071', 225, '2021-02-18', '1415000', '1415000', 'Kacamata a.n Arkan (anak)', 'USR-201703002', '2021-10-22 05:00:01', 'USR-201703002', '2021-10-22 05:00:01', 0),
('CB20211000078', 'RC2021100072', 247, '2021-01-21', '3500000', '3500000', 'Handphone', 'USR-201703002', '2021-10-22 05:03:01', 'USR-201703002', '2021-10-22 05:03:01', 0),
('CB20211000079', 'RC2021100073', 247, '2021-01-24', '3500000', '3500000', 'Handphone', 'USR-201703002', '2021-10-22 05:05:13', 'USR-201703002', '2021-10-22 05:05:13', 0),
('CB20211000080', 'RC2021100074', 239, '2021-01-21', '2699000', '2699000', 'Handphone', 'USR-201703002', '2021-10-22 05:08:21', 'USR-201703002', '2021-10-22 05:08:21', 0),
('CB20211000081', 'RC2021100075', 234, '2021-02-13', '200000', '200000', 'Rapid antigen untuk orang tua', 'USR-201703002', '2021-10-22 05:10:24', 'USR-201703002', '2021-10-22 05:10:24', 0),
('CB20211100001', 'RC2021110001', 225, '2021-06-12', '3500000', '3500000', 'Kacamata ', 'USR-201703002', '2021-11-01 08:04:51', 'USR-201703002', '2021-11-01 08:04:51', 0),
('CB20211100002', 'RC2021110002', 232, '2021-06-20', '3500000', '3500000', 'Tiket Pesawat', 'USR-201703002', '2021-11-01 08:11:15', 'USR-201703002', '2021-11-01 08:11:15', 0),
('CB20211100003', 'RC2021110003', 246, '2021-05-20', '2741100', '2741100', 'Laptop + Tablet', 'USR-201703002', '2021-11-01 08:22:31', 'USR-201703002', '2021-11-01 08:22:31', 0),
('CB20211100004', 'RC2021110004', 225, '2021-05-15', '3500000', '3500000', 'Kacamata + Holiday', 'USR-201703002', '2021-11-01 08:28:15', 'USR-201703002', '2021-11-01 08:28:15', 0),
('CB20211100005', 'RC2021110005', 225, '2021-03-25', '3238000', '3238000', 'Kacamata', 'USR-201703002', '2021-11-01 08:37:32', 'USR-201703002', '2021-11-01 08:37:32', 0),
('CB20211100006', 'RC2021110006', 246, '2021-03-08', '680000', '680000', 'kursi kantor', 'USR-201703002', '2021-11-01 08:42:55', 'USR-201703002', '2021-11-01 08:42:55', 0),
('CB20211100007', 'RC2021110007', 232, '2021-02-02', '2500000', '2500000', 'Hotel', 'USR-201703002', '2021-11-01 08:50:03', 'USR-201703002', '2021-11-01 08:50:03', 0),
('CB20211100008', 'RC2021110008', 225, '2021-02-24', '788000', '788000', 'Kacamata suami', 'USR-201703002', '2021-11-01 08:57:37', 'USR-201703002', '2021-11-01 08:57:37', 0),
('CB20211100009', 'RC2021110009', 246, '2021-01-10', '2147000', '2147000', 'Furnishing for WFH', 'USR-201703002', '2021-11-01 09:14:47', 'USR-201703002', '2021-11-01 09:14:47', 0),
('CB20211100010', 'RC2021110010', 230, '2021-03-26', '1899000', '1899000', 'Sepeda', 'USR-201703002', '2021-11-01 09:21:16', 'USR-201703002', '2021-11-01 09:21:16', 0),
('CB20211100011', 'RC2021110011', 238, '2021-03-03', '3500000', '3500000', 'Pendaftaran sekolah', 'USR-201703002', '2021-11-01 09:29:08', 'USR-201703002', '2021-11-01 09:29:08', 0),
('CB20211100012', 'RC2021110012', 225, '2021-06-20', '3500000', '3500000', '', 'USR-202001002', '2021-11-05 10:17:54', 'USR-202001002', '2021-11-05 10:17:54', 0),
('CB20211100013', 'RC2021110013', 223, '2021-06-29', '2150040', '2150040', '', 'USR-202001002', '2021-11-05 10:20:57', 'USR-202001002', '2021-11-05 10:20:57', 0),
('CB20211100014', 'RC2021110014', 246, '2021-06-28', '3799000', '3500000', '', 'USR-202001002', '2021-11-05 10:23:40', 'USR-202001002', '2021-11-05 10:23:40', 0),
('CB20211100015', 'RC2021110015', 230, '2021-06-29', '2013954', '2013954', '', 'USR-202001002', '2021-11-05 10:28:21', 'USR-202001002', '2021-11-05 10:28:21', 0),
('CB20211100016', 'RC2021110016', 246, '2021-06-21', '3567502', '3500000', '', 'USR-202001002', '2021-11-05 10:32:09', 'USR-202001002', '2021-11-05 10:32:09', 0),
('CB20211100017', 'RC2021110017', 238, '2021-06-28', '5520000', '3500000', '', 'USR-202001002', '2021-11-05 10:35:20', 'USR-202001002', '2021-11-05 10:35:20', 0),
('CB20211100018', 'RC2021110018', 225, '2021-06-27', '4638000', '3500000', '', 'USR-202001002', '2021-11-05 10:38:01', 'USR-202001002', '2021-11-05 10:38:01', 0),
('CB20211100019', 'RC2021110019', 246, '2021-06-28', '4014000', '3500000', '', 'USR-202001002', '2021-11-05 10:41:07', 'USR-202001002', '2021-11-05 10:41:07', 0),
('CB20211100020', 'RC2021110020', 225, '2021-06-19', '1025000', '1025000', '', 'USR-202001002', '2021-11-05 10:43:48', 'USR-202001002', '2021-11-05 10:43:48', 0),
('CB20211100021', 'RC2021110021', 232, '2021-06-28', '2609396', '2609396', '', 'USR-202001002', '2021-11-05 10:47:10', 'USR-202001002', '2021-11-05 10:47:10', 0),
('CB20211100022', 'RC2021110022', 233, '2021-06-28', '2944500', '2944500', '', 'USR-202001002', '2021-11-05 10:53:20', 'USR-202001002', '2021-11-05 10:53:20', 0),
('CB20211100023', 'RC2021110023', 247, '2021-06-01', '3500000', '3500000', '', 'USR-202001002', '2021-11-05 10:56:13', 'USR-202001002', '2021-11-05 10:56:13', 0),
('CB20211100024', 'RC2021110024', 233, '2021-04-28', '4157558', '3500000', '', 'USR-202001002', '2021-11-05 11:00:42', 'USR-202001002', '2021-11-05 11:00:42', 0),
('CB20211100025', 'RC2021110025', 223, '2021-06-29', '7750000', '3500000', '', 'USR-202001002', '2021-11-05 11:03:24', 'USR-202001002', '2021-11-05 11:03:24', 0),
('CB20211100026', 'RC2021110026', 223, '2021-06-28', '1699662', '1699662', '', 'USR-202001002', '2021-11-05 11:07:22', 'USR-202001002', '2021-11-05 11:07:22', 0),
('CB20211100027', 'RC2021110027', 238, '2021-06-23', '3230000', '3230000', '', 'USR-202001002', '2021-11-05 11:10:04', 'USR-202001002', '2021-11-05 11:10:04', 0),
('CB20211100028', 'RC2021110028', 247, '2021-06-28', '940300', '940300', '', 'USR-202001002', '2021-11-05 11:13:18', 'USR-202001002', '2021-11-05 11:13:18', 0),
('CB20211100029', 'RC2021110029', 225, '2021-04-07', '2923000', '2923000', '', 'USR-202001002', '2021-11-05 11:42:06', 'USR-202001002', '2021-11-05 11:42:06', 0),
('CB20211100030', 'RC2021110030', 225, '2021-06-30', '5110400', '5110400', '', 'USR-202001002', '2021-11-05 11:46:41', 'USR-202001002', '2021-11-05 11:46:41', 0),
('CB20211100031', 'RC2021110031', 230, '2021-06-30', '5110400', '3500000', '', 'USR-202001002', '2021-11-05 11:49:00', 'USR-202001002', '2021-11-05 11:49:00', 0),
('CB20211100032', 'RC2021110032', 246, '2021-06-14', '3703000', '3500000', '', 'USR-202001002', '2021-11-05 11:51:23', 'USR-202001002', '2021-11-05 11:51:23', 0),
('CB20211100033', 'RC2021110033', 231, '2021-06-21', '4669140', '3500000', '', 'USR-202001002', '2021-11-05 11:54:31', 'USR-202001002', '2021-11-05 11:54:31', 0),
('CB20211100034', 'RC2021100067', 225, '2021-01-18', '1000000', '900000', '', 'USR-201703002', '2021-11-05 11:56:46', 'USR-201703002', '2021-11-05 11:56:46', 0),
('CB20211100035', 'RC2021100059', 225, '2021-02-28', '580000', '580000', '', 'USR-201703002', '2021-11-05 11:57:54', 'USR-201703002', '2021-11-05 11:57:54', 0),
('CB20211100036', 'RC2021100057', 230, '2021-01-14', '2766100', '2766100', '', 'USR-201703002', '2021-11-05 11:59:29', 'USR-201703002', '2021-11-05 11:59:29', 0);

-- --------------------------------------------------------

--
-- Struktur dari tabel `tp_claim_benefit_old`
--

CREATE TABLE `tp_claim_benefit_old` (
  `claim_benefit_id` varchar(21) NOT NULL,
  `claim_id` varchar(21) DEFAULT NULL,
  `benefit_id` int(11) DEFAULT 0,
  `treatment_date` date DEFAULT NULL,
  `incurred_amount` decimal(10,0) DEFAULT 0,
  `approved_amount` decimal(10,0) DEFAULT 0,
  `additional_info` varchar(150) DEFAULT NULL,
  `user_etr` varchar(21) DEFAULT NULL,
  `dt_etr` datetime DEFAULT NULL,
  `user_update` varchar(21) DEFAULT NULL,
  `dt_update` datetime DEFAULT NULL,
  `is_deleted` tinyint(4) NOT NULL DEFAULT 0
) ENGINE=InnoDB DEFAULT CHARSET=latin1;

--
-- Dumping data untuk tabel `tp_claim_benefit_old`
--

INSERT INTO `tp_claim_benefit_old` (`claim_benefit_id`, `claim_id`, `benefit_id`, `treatment_date`, `incurred_amount`, `approved_amount`, `additional_info`, `user_etr`, `dt_etr`, `user_update`, `dt_update`, `is_deleted`) VALUES
('CB20200200001', 'RC2020020004', 37, '2020-02-19', '180000', '180000', 'Verifikasi dokumen, OK', 'USR-202001003', '2020-02-04 15:33:36', 'USR-202001003', '2020-02-04 15:33:36', 0),
('CB20200200002', 'RC2020020005', 35, '2020-01-06', '80000', '80000', 'at dr. sutomo', 'USR-201703002', '2020-02-05 16:32:20', 'USR-201703002', '2020-02-05 16:32:20', 0),
('CB20200200003', 'RC2020020005', 38, '2020-01-06', '840482', '840482', '', 'USR-201703002', '2020-02-05 16:32:47', 'USR-201703002', '2020-02-05 16:32:47', 0),
('CB20200200004', 'RC2020020005', 41, '2020-01-06', '21250', '21250', '', 'USR-201703002', '2020-02-05 16:33:08', 'USR-201703002', '2020-02-05 16:33:08', 0),
('CB20200200005', 'RC2020020006', 35, '2020-01-06', '80000', '80000', 'at dr. sutomo', 'USR-201703002', '2020-02-05 16:37:32', 'USR-201703002', '2020-02-05 16:37:46', 0),
('CB20200200006', 'RC2020020006', 38, '2020-01-06', '722857', '722857', '', 'USR-201703002', '2020-02-05 16:41:43', 'USR-201703002', '2020-02-05 16:41:43', 0),
('CB20200200007', 'RC2020020006', 41, '2020-01-06', '21250', '21250', '', 'USR-201703002', '2020-02-05 16:42:09', 'USR-201703002', '2020-02-05 16:42:09', 0),
('CB20200200008', 'RC2020020008', 35, '2020-01-06', '64000', '64000', 'at dr. reno aniko', 'USR-201703002', '2020-02-05 17:02:51', 'USR-201703002', '2020-02-05 17:02:51', 0),
('CB20200200009', 'RC2020020008', 38, '2020-01-06', '207986', '207986', '', 'USR-201703002', '2020-02-05 17:03:47', 'USR-201703002', '2020-02-05 17:03:47', 0),
('CB20200200010', 'RC2020020008', 41, '2020-01-06', '21250', '21250', '', 'USR-201703002', '2020-02-05 17:04:05', 'USR-201703002', '2020-02-05 17:04:05', 0),
('CB20200200011', 'RC2020020077', 38, '2019-12-03', '892105', '892105', 'OK', 'USR-202001002', '2020-02-06 08:59:13', 'USR-202001002', '2020-02-06 09:01:24', 0),
('CB20200200012', 'RC2020020082', 47, '2020-01-11', '554250', '554250', 'Dental (dokter+tindakan tambal gigi) at drg. Ilna', 'USR-201703002', '2020-02-06 10:56:01', 'USR-201703002', '2020-02-06 10:56:01', 0),
('CB20200200013', 'RC2020020086', 36, '2020-01-11', '104000', '104000', 'dr. Harris C, Sp.S', 'USR-201703002', '2020-02-06 11:04:30', 'USR-201703002', '2020-02-06 11:04:58', 0),
('CB20200200014', 'RC2020020086', 39, '2020-01-11', '625600', '625600', 'Lab + paket hematologi rutin', 'USR-201703002', '2020-02-06 11:05:34', 'USR-201703002', '2020-02-06 11:05:34', 0),
('CB20200200015', 'RC2020020086', 38, '2020-01-11', '542963', '542963', '', 'USR-201703002', '2020-02-06 11:05:53', 'USR-201703002', '2020-02-06 11:05:53', 0),
('CB20200200016', 'RC2020020086', 41, '2020-01-11', '21250', '21250', '', 'USR-201703002', '2020-02-06 11:06:11', 'USR-201703002', '2020-02-06 11:06:11', 0),
('CB20200200017', 'RC2020020100', 35, '2020-01-11', '64000', '64000', 'dr. reni Putri Utami', 'USR-201703002', '2020-02-06 11:09:29', 'USR-201703002', '2020-02-06 11:09:29', 0),
('CB20200200018', 'RC2020020100', 38, '2020-01-11', '235752', '235752', 'obat', 'USR-201703002', '2020-02-06 11:09:49', 'USR-201703002', '2020-02-06 11:09:49', 0),
('CB20200200019', 'RC2020020100', 41, '2020-01-11', '21250', '21250', '', 'USR-201703002', '2020-02-06 11:10:01', 'USR-201703002', '2020-02-06 11:10:01', 0),
('CB20200200020', 'RC2020020103', 35, '2020-01-11', '64000', '64000', 'dr. Reni Putri utami', 'USR-201703002', '2020-02-06 11:11:57', 'USR-201703002', '2020-02-06 11:11:57', 0),
('CB20200200021', 'RC2020020103', 38, '2020-01-11', '121175', '121175', '', 'USR-201703002', '2020-02-06 11:12:18', 'USR-201703002', '2020-02-06 11:12:18', 0),
('CB20200200022', 'RC2020020103', 41, '2020-01-11', '21250', '21250', '', 'USR-201703002', '2020-02-06 11:12:34', 'USR-201703002', '2020-02-06 11:12:34', 0),
('CB20200200023', 'RC2020020104', 35, '2020-01-11', '64000', '64000', 'dr. Reno Aniko', 'USR-201703002', '2020-02-06 11:15:34', 'USR-201703002', '2020-02-06 11:15:34', 0),
('CB20200200024', 'RC2020020104', 38, '2020-01-11', '203263', '203263', '', 'USR-201703002', '2020-02-06 11:15:51', 'USR-201703002', '2020-02-06 11:15:51', 0),
('CB20200200025', 'RC2020020104', 41, '2020-01-11', '21250', '21250', '', 'USR-201703002', '2020-02-06 11:16:08', 'USR-201703002', '2020-02-06 11:16:08', 0),
('CB20200200026', 'RC2020020106', 36, '2020-01-11', '104000', '104000', 'dr. Ani Christnayeo,Sp.PD', 'USR-201703002', '2020-02-06 11:17:45', 'USR-201703002', '2020-02-06 11:17:45', 0),
('CB20200200027', 'RC2020020106', 38, '2020-01-11', '385557', '385557', '', 'USR-201703002', '2020-02-06 11:18:05', 'USR-201703002', '2020-02-06 11:18:05', 0),
('CB20200200028', 'RC2020020106', 41, '2020-01-11', '21250', '21250', '', 'USR-201703002', '2020-02-06 11:18:17', 'USR-201703002', '2020-02-06 11:18:17', 0),
('CB20200200029', 'RC2020020107', 48, '2020-01-11', '612439', '612439', 'scalling at drg. Irene Kurniawati', 'USR-201703002', '2020-02-06 11:20:22', 'USR-201703002', '2020-02-06 11:20:22', 0),
('CB20200200030', 'RC2020020007', 208, '2020-01-04', '1336649', '1336649', 'at dr.sutomo', 'USR-201703002', '2020-02-06 11:21:48', 'USR-201703002', '2020-02-06 11:21:48', 0),
('CB20200200031', 'RC2020020108', 48, '2020-01-11', '387250', '387250', 'Dental (dokter+tindakan scaling+adm) at drg. Irene Kurniawati', 'USR-201703002', '2020-02-06 11:22:34', 'USR-201703002', '2020-02-06 11:22:34', 0),
('CB20200200032', 'RC2020020110', 47, '2020-01-11', '353250', '353250', 'dental (dokter+tindakan (medikamen saluran akar)+adm at drg. Luvi C - Top left no. 4', 'USR-201703002', '2020-02-06 11:24:38', 'USR-201703002', '2020-02-06 11:25:09', 0),
('CB20200200033', 'RC2020020111', 48, '2020-01-11', '417000', '417000', 'scalling at drg. Luvi C', 'USR-201703002', '2020-02-06 11:27:03', 'USR-201703002', '2020-02-06 11:27:03', 0),
('CB20200200034', 'RC2020020111', 47, '2020-01-11', '966250', '966250', 'Dental ; dokter+tindakan(tambal gigi)+adm at drg. Luvi C dx. tambahan pulpitis reversible - top left no. 1 & 2', 'USR-201703002', '2020-02-06 11:28:57', 'USR-201703002', '2020-02-06 11:28:57', 0),
('CB20200200035', 'RC2020020113', 48, '2020-01-11', '557250', '557250', 'Dental ; dokter+tindakan scalling+admat drg. Luvi C', 'USR-201703002', '2020-02-06 11:30:44', 'USR-201703002', '2020-02-06 11:30:44', 0),
('CB20200200036', 'RC2020020009', 35, '2020-01-06', '64000', '64000', 'at dr. reno aniko', 'USR-201703002', '2020-02-06 11:41:01', 'USR-201703002', '2020-02-06 11:41:01', 0),
('CB20200200037', 'RC2020020009', 38, '2020-01-06', '291512', '291512', '', 'USR-201703002', '2020-02-06 11:42:06', 'USR-201703002', '2020-02-06 11:42:06', 0),
('CB20200200038', 'RC2020020009', 41, '2020-01-06', '21250', '21250', '', 'USR-201703002', '2020-02-06 11:42:22', 'USR-201703002', '2020-02-06 11:42:22', 0),
('CB20200200039', 'RC2020020010', 35, '2020-01-06', '64000', '64000', 'at dr. reno aniko', 'USR-201703002', '2020-02-06 11:45:19', 'USR-201703002', '2020-02-06 11:45:19', 0),
('CB20200200040', 'RC2020020010', 38, '2020-01-06', '207495', '207495', '', 'USR-201703002', '2020-02-06 11:45:37', 'USR-201703002', '2020-02-06 11:45:37', 0),
('CB20200200041', 'RC2020020010', 41, '2020-01-06', '21250', '21250', '', 'USR-201703002', '2020-02-06 11:45:51', 'USR-201703002', '2020-02-06 11:45:51', 0),
('CB20200200042', 'RC2020020011', 36, '2020-01-06', '104000', '104000', 'at dr. aditya wicaksono,SPTHT', 'USR-201703002', '2020-02-06 11:47:47', 'USR-201703002', '2020-02-06 11:49:29', 0),
('CB20200200043', 'RC2020020011', 38, '2020-01-06', '509816', '509816', '', 'USR-201703002', '2020-02-06 11:48:20', 'USR-201703002', '2020-02-06 11:48:20', 0),
('CB20200200044', 'RC2020020011', 41, '2020-01-06', '21250', '21250', '', 'USR-201703002', '2020-02-06 11:48:32', 'USR-201703002', '2020-02-06 11:48:32', 0),
('CB20200200045', 'RC2020020012', 36, '2020-01-06', '104000', '104000', 'at dr. arief andri,SPKK', 'USR-201703002', '2020-02-06 11:50:44', 'USR-201703002', '2020-02-06 11:50:44', 0),
('CB20200200046', 'RC2020020012', 38, '2020-01-06', '545209', '545209', '', 'USR-201703002', '2020-02-06 11:51:06', 'USR-201703002', '2020-02-06 11:51:06', 0),
('CB20200200047', 'RC2020020012', 41, '2020-01-06', '21250', '21250', '', 'USR-201703002', '2020-02-06 11:51:22', 'USR-201703002', '2020-02-06 11:51:22', 0),
('CB20200200048', 'RC2020020013', 47, '2020-01-06', '854221', '854221', 'at drg. irene kurniawati, gigi no 7 & 6 (kanan) dan gigi no 6 (kiri)', 'USR-201703002', '2020-02-06 11:54:13', 'USR-201703002', '2020-02-06 11:54:13', 0),
('CB20200200049', 'RC2020020014', 35, '2020-01-06', '64000', '64000', 'at dr. reno aniko', 'USR-201703002', '2020-02-06 11:55:29', 'USR-201703002', '2020-02-06 11:55:29', 0),
('CB20200200050', 'RC2020020014', 38, '2020-01-06', '154041', '154041', '', 'USR-201703002', '2020-02-06 11:55:47', 'USR-201703002', '2020-02-06 11:55:47', 0),
('CB20200200051', 'RC2020020014', 41, '2020-01-06', '21250', '21250', '', 'USR-201703002', '2020-02-06 11:56:03', 'USR-201703002', '2020-02-06 11:56:03', 0),
('CB20200200052', 'RC2020020015', 35, '2020-01-06', '64000', '64000', 'at dr. reno aniko', 'USR-201703002', '2020-02-06 11:58:37', 'USR-201703002', '2020-02-06 11:58:37', 0),
('CB20200200053', 'RC2020020015', 39, '2020-01-06', '790000', '790000', '', 'USR-201703002', '2020-02-06 11:58:57', 'USR-201703002', '2020-02-06 11:58:57', 0),
('CB20200200054', 'RC2020020015', 38, '2020-01-06', '665087', '665087', '', 'USR-201703002', '2020-02-06 11:59:23', 'USR-201703002', '2020-02-06 11:59:23', 0),
('CB20200200055', 'RC2020020015', 41, '2020-01-06', '21250', '21250', '', 'USR-201703002', '2020-02-06 11:59:51', 'USR-201703002', '2020-02-06 11:59:51', 0),
('CB20200200056', 'RC2020020016', 36, '2020-01-06', '104000', '104000', 'at dr. dewi,SPA', 'USR-201703002', '2020-02-06 12:12:03', 'USR-201703002', '2020-02-06 12:12:03', 0),
('CB20200200057', 'RC2020020016', 38, '2020-01-06', '216572', '216572', '', 'USR-201703002', '2020-02-06 12:12:26', 'USR-201703002', '2020-02-06 12:12:26', 0),
('CB20200200058', 'RC2020020016', 41, '2020-01-06', '21250', '21250', '', 'USR-201703002', '2020-02-06 12:12:37', 'USR-201703002', '2020-02-06 12:12:37', 0),
('CB20200200059', 'RC2020020017', 36, '2020-01-06', '104000', '104000', 'at dr. dewi,SPA', 'USR-201703002', '2020-02-06 12:15:29', 'USR-201703002', '2020-02-06 12:15:29', 0),
('CB20200200060', 'RC2020020017', 44, '2020-01-06', '80000', '80000', 'polio + pentabio', 'USR-201703002', '2020-02-06 12:19:00', 'USR-201703002', '2020-02-06 12:19:00', 0),
('CB20200200061', 'RC2020020017', 38, '2020-01-06', '16159', '16159', '', 'USR-201703002', '2020-02-06 12:19:35', 'USR-201703002', '2020-02-06 12:19:35', 0),
('CB20200200062', 'RC2020020017', 41, '2020-01-06', '21250', '21250', '', 'USR-201703002', '2020-02-06 12:19:48', 'USR-201703002', '2020-02-06 12:19:48', 0),
('CB20200200063', 'RC2020020018', 36, '2020-01-06', '104000', '104000', 'at dr. nenden ismawaty,SPA', 'USR-201703002', '2020-02-06 13:22:17', 'USR-201703002', '2020-02-06 13:22:17', 0),
('CB20200200064', 'RC2020020018', 41, '2020-01-06', '21250', '21250', '', 'USR-201703002', '2020-02-06 13:22:30', 'USR-201703002', '2020-02-06 13:22:30', 0),
('CB20200200065', 'RC2020020019', 209, '2020-01-06', '210250', '210250', '39-40 week, at dr. hendry lim,SPOG', 'USR-201703002', '2020-02-06 13:24:29', 'USR-201703002', '2020-02-06 13:24:41', 0),
('CB20200200066', 'RC2020020020', 35, '2020-01-06', '64000', '64000', 'at dr. rizky amelia', 'USR-201703002', '2020-02-06 13:29:06', 'USR-201703002', '2020-02-06 13:29:06', 0),
('CB20200200067', 'RC2020020020', 41, '2020-01-06', '21250', '21250', '', 'USR-201703002', '2020-02-06 13:29:19', 'USR-201703002', '2020-02-06 13:29:19', 0),
('CB20200200068', 'RC2020020021', 47, '2020-01-06', '849250', '849250', 'at drg. lisa indra, gigi no 6 kiri bawah', 'USR-201703002', '2020-02-06 13:31:17', 'USR-201703002', '2020-02-07 15:42:10', 0),
('CB20200200069', 'RC2020020022', 35, '2020-01-06', '64000', '64000', 'at dr.rizky amelia', 'USR-201703002', '2020-02-06 13:33:56', 'USR-201703002', '2020-02-06 13:33:56', 0),
('CB20200200070', 'RC2020020022', 38, '2020-01-06', '233916', '233916', '', 'USR-201703002', '2020-02-06 13:34:11', 'USR-201703002', '2020-02-06 13:34:11', 0),
('CB20200200071', 'RC2020020022', 41, '2020-01-06', '21250', '21250', '', 'USR-201703002', '2020-02-06 13:34:23', 'USR-201703002', '2020-02-06 13:34:23', 0),
('CB20200200072', 'RC2020020023', 35, '2020-01-06', '64000', '64000', 'at dr. rizky amelia', 'USR-201703002', '2020-02-06 13:35:25', 'USR-201703002', '2020-02-06 13:35:25', 0),
('CB20200200073', 'RC2020020023', 38, '2020-01-06', '165106', '165106', '', 'USR-201703002', '2020-02-06 13:35:40', 'USR-201703002', '2020-02-06 13:35:40', 0),
('CB20200200074', 'RC2020020023', 41, '2020-01-06', '21250', '21250', '', 'USR-201703002', '2020-02-06 13:35:53', 'USR-201703002', '2020-02-06 13:35:53', 0),
('CB20200200075', 'RC2020020024', 36, '2020-01-06', '104000', '104000', 'at dr. filiandini,SPKK', 'USR-201703002', '2020-02-06 13:37:15', 'USR-201703002', '2020-02-06 13:37:15', 0),
('CB20200200076', 'RC2020020024', 38, '2020-01-06', '55259', '55259', '', 'USR-201703002', '2020-02-06 13:37:37', 'USR-201703002', '2020-02-06 13:37:37', 0),
('CB20200200077', 'RC2020020024', 41, '2020-01-06', '21250', '21250', '', 'USR-201703002', '2020-02-06 13:37:56', 'USR-201703002', '2020-02-06 13:37:56', 0),
('CB20200200078', 'RC2020020025', 47, '2020-01-06', '189250', '189250', 'at drg. luvi & drg. gatot subroto,SPBM\ngigi no 6 & 7 kanan bawah', 'USR-201703002', '2020-02-06 13:41:08', 'USR-201703002', '2020-02-06 13:41:08', 0),
('CB20200200079', 'RC2020020026', 35, '2020-01-06', '96000', '96000', 'at dr. secilia virena', 'USR-201703002', '2020-02-06 13:42:36', 'USR-201703002', '2020-02-06 13:42:36', 0),
('CB20200200080', 'RC2020020026', 38, '2020-01-06', '1155886', '1155886', '', 'USR-201703002', '2020-02-06 13:42:59', 'USR-201703002', '2020-02-06 13:42:59', 0),
('CB20200200081', 'RC2020020026', 41, '2020-01-06', '21250', '21250', '', 'USR-201703002', '2020-02-06 13:43:11', 'USR-201703002', '2020-02-06 13:43:11', 0),
('CB20200200082', 'RC2020020027', 35, '2020-01-06', '80000', '80000', 'at dr. secilia virena', 'USR-201703002', '2020-02-06 13:45:04', 'USR-201703002', '2020-02-06 13:45:04', 0),
('CB20200200083', 'RC2020020027', 38, '2020-01-06', '190906', '190906', '', 'USR-201703002', '2020-02-06 13:45:21', 'USR-201703002', '2020-02-06 13:45:33', 0),
('CB20200200084', 'RC2020020027', 41, '2020-01-06', '21250', '21250', '', 'USR-201703002', '2020-02-06 13:45:45', 'USR-201703002', '2020-02-06 13:45:45', 0),
('CB20200200085', 'RC2020020031', 209, '2020-01-06', '413057', '413057', 'at dr. hendry lim,SPOG\n25-26 week', 'USR-201703002', '2020-02-06 13:47:40', 'USR-201703002', '2020-02-06 13:47:40', 0),
('CB20200200086', 'RC2020020034', 209, '2020-01-06', '977769', '977769', 'at dr. ni made,SPOG\n12-12 week', 'USR-201703002', '2020-02-06 13:48:51', 'USR-201703002', '2020-02-06 13:48:51', 0),
('CB20200200087', 'RC2020020035', 209, '2020-01-06', '1139068', '1139068', 'at dr. gina rotty,SPOG\n8-9 week', 'USR-201703002', '2020-02-06 13:50:04', 'USR-201703002', '2020-02-06 13:50:04', 0),
('CB20200200088', 'RC2020020039', 52, '2020-01-06', '413057', '413057', 'free pemeriksaan ke-3, at dr. hendry lim,SPOG (23-24 week)', 'USR-201703002', '2020-02-06 13:53:13', 'USR-201703002', '2020-02-06 13:53:13', 0),
('CB20200200089', 'RC2020020041', 209, '2020-01-06', '610754', '610754', 'at dr. gina rotty,SPOG\n7-8 week', 'USR-201703002', '2020-02-06 13:54:13', 'USR-201703002', '2020-02-06 13:54:13', 0),
('CB20200200090', 'RC2020020043', 36, '2020-01-06', '104000', '104000', 'at dr. nenden ismawaty,SPA', 'USR-201703002', '2020-02-06 13:56:12', 'USR-201703002', '2020-02-06 13:56:12', 0),
('CB20200200091', 'RC2020020043', 39, '2020-01-06', '159200', '159200', '', 'USR-201703002', '2020-02-06 13:57:05', 'USR-201703002', '2020-02-06 13:57:05', 0),
('CB20200200092', 'RC2020020043', 38, '2020-01-06', '204998', '204998', '', 'USR-201703002', '2020-02-06 13:57:27', 'USR-201703002', '2020-02-06 13:57:27', 0),
('CB20200200093', 'RC2020020043', 41, '2020-01-06', '21250', '21250', '', 'USR-201703002', '2020-02-06 13:57:39', 'USR-201703002', '2020-02-06 13:57:39', 0),
('CB20200200094', 'RC2020020044', 40, '2020-01-06', '210000', '210000', '', 'USR-201703002', '2020-02-06 13:58:45', 'USR-201703002', '2020-02-06 13:58:45', 0),
('CB20200200095', 'RC2020020048', 35, '2020-01-07', '64000', '64000', 'at dr. reno aniko', 'USR-201703002', '2020-02-06 14:01:06', 'USR-201703002', '2020-02-06 14:06:25', 0),
('CB20200200096', 'RC2020020048', 38, '2020-01-07', '208677', '208677', '', 'USR-201703002', '2020-02-06 14:01:23', 'USR-201703002', '2020-02-06 14:06:32', 0),
('CB20200200097', 'RC2020020048', 41, '2020-01-07', '21250', '21250', '', 'USR-201703002', '2020-02-06 14:01:33', 'USR-201703002', '2020-02-06 14:06:38', 0),
('CB20200200098', 'RC2020020051', 36, '2020-01-07', '104000', '104000', 'at dr. miralza,SPTHT', 'USR-201703002', '2020-02-06 14:03:06', 'USR-201703002', '2020-02-06 14:05:47', 0),
('CB20200200099', 'RC2020020051', 38, '2020-01-07', '364569', '364569', '', 'USR-201703002', '2020-02-06 14:03:34', 'USR-201703002', '2020-02-06 14:05:54', 0),
('CB20200200100', 'RC2020020051', 41, '2020-01-07', '21250', '21250', '', 'USR-201703002', '2020-02-06 14:03:47', 'USR-201703002', '2020-02-06 14:06:01', 0),
('CB20200200101', 'RC2020020053', 40, '2020-01-07', '210000', '210000', '', 'USR-201703002', '2020-02-06 14:05:10', 'USR-201703002', '2020-02-06 14:05:10', 0),
('CB20200200102', 'RC2020020056', 35, '2020-01-07', '145000', '145000', 'at dr. hendra saputra + angkat jahitan', 'USR-201703002', '2020-02-06 14:09:24', 'USR-201703002', '2020-02-06 14:09:44', 0),
('CB20200200103', 'RC2020020056', 41, '2020-01-07', '21250', '21250', '', 'USR-201703002', '2020-02-06 14:09:57', 'USR-201703002', '2020-02-06 14:09:57', 0),
('CB20200200104', 'RC2020020059', 35, '2020-01-07', '64000', '64000', 'at dr. syed muhammad', 'USR-201703002', '2020-02-06 14:11:08', 'USR-201703002', '2020-02-06 14:11:08', 0),
('CB20200200105', 'RC2020020059', 38, '2020-01-07', '350981', '350981', '', 'USR-201703002', '2020-02-06 14:11:24', 'USR-201703002', '2020-02-06 14:11:24', 0),
('CB20200200106', 'RC2020020059', 41, '2020-01-07', '21250', '21250', '', 'USR-201703002', '2020-02-06 14:11:38', 'USR-201703002', '2020-02-06 14:11:38', 0),
('CB20200200107', 'RC2020020060', 35, '2020-01-07', '64000', '64000', 'at dr. syed muhammad', 'USR-201703002', '2020-02-06 14:15:09', 'USR-201703002', '2020-02-06 14:15:09', 0),
('CB20200200108', 'RC2020020060', 39, '2020-01-07', '419400', '419400', '', 'USR-201703002', '2020-02-06 14:15:43', 'USR-201703002', '2020-02-06 14:15:43', 0),
('CB20200200109', 'RC2020020060', 38, '2020-01-07', '406157', '406157', '', 'USR-201703002', '2020-02-06 14:16:01', 'USR-201703002', '2020-02-06 14:16:01', 0),
('CB20200200110', 'RC2020020060', 41, '2020-01-07', '21250', '21250', '', 'USR-201703002', '2020-02-06 14:16:14', 'USR-201703002', '2020-02-06 14:16:14', 0),
('CB20200200111', 'RC2020020061', 35, '2020-01-07', '64000', '64000', 'at dr. syed muhammad', 'USR-201703002', '2020-02-06 14:21:58', 'USR-201703002', '2020-02-06 14:21:58', 0),
('CB20200200112', 'RC2020020061', 38, '2020-01-07', '203292', '203292', '', 'USR-201703002', '2020-02-06 14:22:29', 'USR-201703002', '2020-02-06 14:22:29', 0),
('CB20200200113', 'RC2020020061', 41, '2020-01-07', '21250', '21250', '', 'USR-201703002', '2020-02-06 14:22:41', 'USR-201703002', '2020-02-06 14:22:41', 0),
('CB20200200114', 'RC2020020062', 35, '2020-01-07', '64000', '64000', 'at dr. syed muhammad', 'USR-201703002', '2020-02-06 14:27:21', 'USR-201703002', '2020-02-06 14:27:21', 0),
('CB20200200115', 'RC2020020062', 38, '2020-01-07', '326861', '326861', '', 'USR-201703002', '2020-02-06 14:27:42', 'USR-201703002', '2020-02-06 14:27:42', 0),
('CB20200200116', 'RC2020020062', 41, '2020-01-07', '21250', '21250', '', 'USR-201703002', '2020-02-06 14:27:54', 'USR-201703002', '2020-02-06 14:27:54', 0),
('CB20200200117', 'RC2020020063', 36, '2020-01-07', '104000', '104000', 'at dr. ani christnayeo,SPPD', 'USR-201703002', '2020-02-06 14:33:55', 'USR-201703002', '2020-02-06 14:33:55', 0),
('CB20200200118', 'RC2020020063', 38, '2020-01-07', '557273', '557273', '', 'USR-201703002', '2020-02-06 14:34:13', 'USR-201703002', '2020-02-06 14:34:13', 0),
('CB20200200119', 'RC2020020063', 41, '2020-01-07', '21250', '21250', '', 'USR-201703002', '2020-02-06 14:34:25', 'USR-201703002', '2020-02-06 14:34:25', 0),
('CB20200200120', 'RC2020020064', 35, '2020-01-07', '64000', '64000', 'at dr. reno aniko', 'USR-201703002', '2020-02-06 14:35:28', 'USR-201703002', '2020-02-06 14:35:28', 0),
('CB20200200121', 'RC2020020064', 38, '2020-01-07', '203849', '203849', '', 'USR-201703002', '2020-02-06 14:35:43', 'USR-201703002', '2020-02-06 14:35:43', 0),
('CB20200200122', 'RC2020020064', 38, '2020-01-07', '203849', '203849', '', 'USR-201703002', '2020-02-06 14:35:43', 'USR-201703002', '2020-02-06 14:35:53', 1),
('CB20200200123', 'RC2020020064', 38, '2020-01-07', '203849', '203849', '', 'USR-201703002', '2020-02-06 14:35:43', 'USR-201703002', '2020-02-06 14:35:56', 1),
('CB20200200124', 'RC2020020064', 41, '2020-01-07', '21250', '21250', '', 'USR-201703002', '2020-02-06 14:36:10', 'USR-201703002', '2020-02-06 14:36:10', 0),
('CB20200200125', 'RC2020020065', 35, '2020-01-07', '64000', '64000', 'at dr. reno aniko', 'USR-201703002', '2020-02-06 14:48:14', 'USR-201703002', '2020-02-06 14:48:14', 0),
('CB20200200126', 'RC2020020065', 38, '2020-01-07', '146712', '146712', '', 'USR-201703002', '2020-02-06 14:48:30', 'USR-201703002', '2020-02-06 14:48:30', 0),
('CB20200200127', 'RC2020020065', 41, '2020-01-07', '21250', '21250', '', 'USR-201703002', '2020-02-06 14:48:44', 'USR-201703002', '2020-02-06 14:48:44', 0),
('CB20200200128', 'RC2020020066', 36, '2020-01-07', '104000', '104000', 'at dr. gina rotty,SPOG', 'USR-201703002', '2020-02-06 14:51:52', 'USR-201703002', '2020-02-06 14:51:52', 0),
('CB20200200129', 'RC2020020066', 46, '2020-01-07', '30000', '30000', 'kb suntik', 'USR-201703002', '2020-02-06 14:52:12', 'USR-201703002', '2020-02-06 14:52:12', 0),
('CB20200200130', 'RC2020020066', 39, '2020-01-07', '85000', '85000', '', 'USR-201703002', '2020-02-06 14:52:53', 'USR-201703002', '2020-02-06 14:52:53', 0),
('CB20200200131', 'RC2020020066', 38, '2020-01-07', '28885', '28885', '', 'USR-201703002', '2020-02-06 14:53:08', 'USR-201703002', '2020-02-06 14:53:08', 0),
('CB20200200132', 'RC2020020066', 41, '2020-01-07', '21250', '21250', '', 'USR-201703002', '2020-02-06 14:53:17', 'USR-201703002', '2020-02-06 14:53:17', 0),
('CB20200200133', 'RC2020020067', 209, '2020-01-07', '410250', '410250', 'at dr. hendry lim,SPOG & dr. bram,SPAN\n36-37 week', 'USR-201703002', '2020-02-06 14:56:12', 'USR-201703002', '2020-02-06 15:07:37', 1),
('CB20200200134', 'RC2020020068', 209, '2020-01-07', '413057', '413057', 'at dr. hendry lim,SPOG\n21-22 week', 'USR-201703002', '2020-02-06 14:57:22', 'USR-201703002', '2020-02-06 14:57:22', 0),
('CB20200200135', 'RC2020020069', 209, '2020-01-07', '886827', '886827', 'at dr. ni made,SPOG\n23-24 week', 'USR-201703002', '2020-02-06 14:58:35', 'USR-201703002', '2020-02-06 14:58:35', 0),
('CB20200200136', 'RC2020020070', 42, '2020-01-07', '1100000', '1100000', 'vaksin hexaxim', 'USR-201703002', '2020-02-06 15:03:19', 'USR-201703002', '2020-02-06 15:03:19', 0),
('CB20200200137', 'RC2020020070', 36, '2020-01-07', '104000', '104000', 'at dr. nenden ismawaty,SPA', 'USR-201703002', '2020-02-06 15:04:12', 'USR-201703002', '2020-02-06 15:04:12', 0),
('CB20200200138', 'RC2020020070', 38, '2020-01-07', '248113', '248113', '', 'USR-201703002', '2020-02-06 15:04:34', 'USR-201703002', '2020-02-06 15:04:34', 0),
('CB20200200139', 'RC2020020070', 41, '2020-01-07', '21250', '21250', '', 'USR-201703002', '2020-02-06 15:04:44', 'USR-201703002', '2020-02-06 15:04:44', 0),
('CB20200200140', 'RC2020020071', 36, '2020-01-07', '104000', '104000', 'at dr. hendry lim,SPOG', 'USR-201703002', '2020-02-06 15:18:44', 'USR-201703002', '2020-02-06 15:18:44', 0),
('CB20200200141', 'RC2020020071', 39, '2020-01-07', '85000', '85000', '', 'USR-201703002', '2020-02-06 15:18:56', 'USR-201703002', '2020-02-06 15:18:56', 0),
('CB20200200142', 'RC2020020071', 38, '2020-01-07', '512764', '512764', '', 'USR-201703002', '2020-02-06 15:19:19', 'USR-201703002', '2020-02-06 15:19:19', 0),
('CB20200200143', 'RC2020020071', 41, '2020-01-07', '21250', '21250', '', 'USR-201703002', '2020-02-06 15:19:29', 'USR-201703002', '2020-02-06 15:19:29', 0),
('CB20200200144', 'RC2020020072', 36, '2020-01-07', '104000', '104000', 'at dr. erman,SPA', 'USR-201703002', '2020-02-06 15:20:59', 'USR-201703002', '2020-02-06 15:20:59', 0),
('CB20200200145', 'RC2020020072', 38, '2020-01-07', '200805', '200805', '', 'USR-201703002', '2020-02-06 15:21:12', 'USR-201703002', '2020-02-06 15:21:12', 0),
('CB20200200146', 'RC2020020072', 41, '2020-01-07', '21250', '21250', '', 'USR-201703002', '2020-02-06 15:21:25', 'USR-201703002', '2020-02-06 15:21:25', 0),
('CB20200200147', 'RC2020020074', 47, '2020-01-07', '278250', '278250', 'cabut gigi susu', 'USR-201703002', '2020-02-06 15:53:12', 'USR-201703002', '2020-02-06 15:53:12', 0),
('CB20200200148', 'RC2020020075', 36, '2020-01-07', '104000', '104000', 'at dr. aditya wicaksono,SPTHT', 'USR-201703002', '2020-02-06 15:54:59', 'USR-201703002', '2020-02-06 15:54:59', 0),
('CB20200200149', 'RC2020020075', 38, '2020-01-07', '363976', '363976', '', 'USR-201703002', '2020-02-06 15:55:24', 'USR-201703002', '2020-02-06 15:55:24', 0),
('CB20200200150', 'RC2020020075', 41, '2020-01-07', '21250', '21250', '', 'USR-201703002', '2020-02-06 15:55:39', 'USR-201703002', '2020-02-06 15:55:39', 0),
('CB20200200151', 'RC2020020076', 35, '2020-01-07', '64000', '64000', 'at dr. reno aniko', 'USR-201703002', '2020-02-06 15:57:56', 'USR-201703002', '2020-02-06 16:04:20', 0),
('CB20200200152', 'RC2020020076', 38, '2020-01-07', '174744', '174744', '', 'USR-201703002', '2020-02-06 15:58:09', 'USR-201703002', '2020-02-06 15:58:09', 0),
('CB20200200153', 'RC2020020076', 41, '2020-01-07', '21250', '21250', '', 'USR-201703002', '2020-02-06 15:58:20', 'USR-201703002', '2020-02-06 15:58:20', 0),
('CB20200200154', 'RC2020020078', 35, '2020-01-08', '80000', '80000', 'at dr. reno aniko', 'USR-201703002', '2020-02-06 16:06:11', 'USR-201703002', '2020-02-06 16:06:11', 0),
('CB20200200155', 'RC2020020078', 38, '2020-01-08', '848602', '848602', '', 'USR-201703002', '2020-02-06 16:06:42', 'USR-201703002', '2020-02-06 16:06:42', 0),
('CB20200200156', 'RC2020020078', 41, '2020-01-08', '21250', '21250', '', 'USR-201703002', '2020-02-06 16:06:52', 'USR-201703002', '2020-02-06 16:06:52', 0),
('CB20200200157', 'RC2020020079', 35, '2020-01-08', '96000', '96000', 'at dr. maria bintang', 'USR-201703002', '2020-02-06 16:17:48', 'USR-201703002', '2020-02-06 16:17:57', 0),
('CB20200200158', 'RC2020020079', 38, '2020-01-08', '128376', '128376', '', 'USR-201703002', '2020-02-06 16:18:16', 'USR-201703002', '2020-02-06 16:18:16', 0),
('CB20200200159', 'RC2020020079', 41, '2020-01-08', '21250', '21250', '', 'USR-201703002', '2020-02-06 16:18:28', 'USR-201703002', '2020-02-06 16:18:28', 0),
('CB20200200160', 'RC2020020080', 36, '2020-01-08', '104000', '104000', 'at dr. dewi,SPA', 'USR-201703002', '2020-02-06 16:20:09', 'USR-201703002', '2020-02-06 16:20:09', 0),
('CB20200200161', 'RC2020020080', 38, '2020-01-08', '73473', '73473', '', 'USR-201703002', '2020-02-06 16:20:25', 'USR-201703002', '2020-02-06 16:20:25', 0),
('CB20200200162', 'RC2020020080', 41, '2020-01-08', '21250', '21250', '', 'USR-201703002', '2020-02-06 16:20:34', 'USR-201703002', '2020-02-06 16:20:34', 0),
('CB20200200163', 'RC2020020081', 36, '2020-01-08', '104000', '104000', 'at dr. nenden ismawaty,SPA', 'USR-201703002', '2020-02-06 16:22:45', 'USR-201703002', '2020-02-06 16:22:45', 0),
('CB20200200164', 'RC2020020081', 38, '2020-01-08', '116582', '116582', '', 'USR-201703002', '2020-02-06 16:22:59', 'USR-201703002', '2020-02-06 16:22:59', 0),
('CB20200200165', 'RC2020020081', 41, '2020-01-08', '21250', '21250', '', 'USR-201703002', '2020-02-06 16:23:09', 'USR-201703002', '2020-02-06 16:23:09', 0),
('CB20200200166', 'RC2020020083', 36, '2020-01-08', '104000', '104000', '', 'USR-201703002', '2020-02-06 16:23:52', 'USR-201703002', '2020-02-06 16:23:52', 0),
('CB20200200167', 'RC2020020083', 44, '2020-01-08', '30000', '30000', 'campak', 'USR-201703002', '2020-02-06 16:24:14', 'USR-201703002', '2020-02-06 16:24:14', 0),
('CB20200200168', 'RC2020020083', 41, '2020-01-08', '21250', '21250', '', 'USR-201703002', '2020-02-06 16:24:30', 'USR-201703002', '2020-02-06 16:24:30', 0),
('CB20200200169', 'RC2020020084', 36, '2020-01-08', '104000', '104000', 'at dr. nenden ismawaty,SPA', 'USR-201703002', '2020-02-06 16:27:11', 'USR-201703002', '2020-02-06 16:27:11', 0),
('CB20200200170', 'RC2020020084', 42, '2020-01-08', '145000', '145000', 'vaksin thypus', 'USR-201703002', '2020-02-06 16:27:40', 'USR-201703002', '2020-02-06 16:27:40', 0),
('CB20200200171', 'RC2020020084', 41, '2020-01-08', '21250', '21250', '', 'USR-201703002', '2020-02-06 16:27:54', 'USR-201703002', '2020-02-06 16:27:54', 0),
('CB20200200172', 'RC2020020085', 36, '2020-01-08', '104000', '104000', 'at dr. gina rotty,SPOG', 'USR-201703002', '2020-02-06 16:34:37', 'USR-201703002', '2020-02-06 16:34:37', 0),
('CB20200200173', 'RC2020020085', 46, '2020-01-08', '330000', '330000', 'kb susuk', 'USR-201703002', '2020-02-06 16:34:55', 'USR-201703002', '2020-02-06 16:34:55', 0),
('CB20200200174', 'RC2020020085', 39, '2020-01-08', '85000', '85000', '', 'USR-201703002', '2020-02-06 16:35:47', 'USR-201703002', '2020-02-06 16:35:47', 0),
('CB20200200175', 'RC2020020085', 38, '2020-01-08', '130440', '130440', '', 'USR-201703002', '2020-02-06 16:36:00', 'USR-201703002', '2020-02-06 16:36:00', 0),
('CB20200200176', 'RC2020020085', 41, '2020-01-08', '21250', '21250', '', 'USR-201703002', '2020-02-06 16:36:11', 'USR-201703002', '2020-02-06 16:36:11', 0),
('CB20200200177', 'RC2020020088', 36, '2020-01-08', '104000', '104000', 'at dr. aditya wicaksono,SPTHT', 'USR-201703002', '2020-02-06 16:41:13', 'USR-201703002', '2020-02-06 16:41:13', 0),
('CB20200200178', 'RC2020020088', 38, '2020-01-08', '166354', '166354', '', 'USR-201703002', '2020-02-06 16:43:18', 'USR-201703002', '2020-02-06 16:43:18', 0),
('CB20200200179', 'RC2020020088', 41, '2020-01-08', '21250', '21250', '', 'USR-201703002', '2020-02-06 16:52:55', 'USR-201703002', '2020-02-06 16:52:55', 0),
('CB20200200180', 'RC2020020089', 36, '2020-01-08', '104000', '104000', 'at dr. abdul malik,SPP', 'USR-201703002', '2020-02-06 16:54:18', 'USR-201703002', '2020-02-06 16:54:18', 0),
('CB20200200181', 'RC2020020089', 38, '2020-01-08', '878000', '878000', '', 'USR-201703002', '2020-02-06 17:00:21', 'USR-201703002', '2020-02-06 17:00:21', 0),
('CB20200200182', 'RC2020020089', 41, '2020-01-08', '21250', '21250', '', 'USR-201703002', '2020-02-06 17:00:31', 'USR-201703002', '2020-02-06 17:00:31', 0),
('CB20200200183', 'RC2020020090', 36, '2020-01-08', '104000', '104000', 'at dr. sada barira,SPKK', 'USR-201703002', '2020-02-06 17:05:42', 'USR-201703002', '2020-02-06 17:05:42', 0),
('CB20200200184', 'RC2020020090', 38, '2020-01-08', '340324', '340324', '', 'USR-201703002', '2020-02-06 17:06:01', 'USR-201703002', '2020-02-06 17:06:01', 0),
('CB20200200185', 'RC2020020090', 41, '2020-01-08', '21250', '21250', '', 'USR-201703002', '2020-02-06 17:06:15', 'USR-201703002', '2020-02-06 17:06:15', 0),
('CB20200200186', 'RC2020020091', 47, '2020-01-08', '463734', '463734', 'at drg. lisa indra, gigi no 4 kanan atas', 'USR-201703002', '2020-02-06 17:08:30', 'USR-201703002', '2020-02-06 17:08:30', 0),
('CB20200200187', 'RC2020020092', 35, '2020-01-08', '64000', '64000', 'at dr. sutomo', 'USR-201703002', '2020-02-07 09:10:02', 'USR-201703002', '2020-02-07 09:10:02', 0),
('CB20200200188', 'RC2020020092', 38, '2020-01-08', '392583', '392583', '', 'USR-201703002', '2020-02-07 09:13:04', 'USR-201703002', '2020-02-07 09:13:04', 0),
('CB20200200189', 'RC2020020092', 41, '2020-01-08', '21250', '21250', '', 'USR-201703002', '2020-02-07 09:13:14', 'USR-201703002', '2020-02-07 09:13:14', 0),
('CB20200200190', 'RC2020020093', 35, '2020-01-08', '64000', '64000', 'at dr. sutomo', 'USR-201703002', '2020-02-07 09:14:50', 'USR-201703002', '2020-02-07 09:14:50', 0),
('CB20200200191', 'RC2020020093', 38, '2020-01-08', '859955', '859955', '', 'USR-201703002', '2020-02-07 09:15:04', 'USR-201703002', '2020-02-07 09:15:04', 0),
('CB20200200192', 'RC2020020093', 41, '2020-01-08', '21250', '21250', '', 'USR-201703002', '2020-02-07 09:15:20', 'USR-201703002', '2020-02-07 09:15:20', 0),
('CB20200200193', 'RC2020020094', 35, '2020-01-08', '64000', '64000', 'at dr. sutomo', 'USR-201703002', '2020-02-07 09:16:54', 'USR-201703002', '2020-02-07 09:16:54', 0),
('CB20200200194', 'RC2020020094', 39, '2020-01-08', '1289400', '1289400', '', 'USR-201703002', '2020-02-07 09:17:15', 'USR-201703002', '2020-02-07 09:17:15', 0),
('CB20200200195', 'RC2020020094', 38, '2020-01-08', '162770', '162770', '', 'USR-201703002', '2020-02-07 09:17:30', 'USR-201703002', '2020-02-07 09:17:30', 0),
('CB20200200196', 'RC2020020094', 41, '2020-01-08', '21250', '21250', '', 'USR-201703002', '2020-02-07 09:17:41', 'USR-201703002', '2020-02-07 09:17:41', 0),
('CB20200200197', 'RC2020020096', 35, '2020-01-08', '64000', '64000', 'at dr. sutomo', 'USR-201703002', '2020-02-07 09:23:08', 'USR-201703002', '2020-02-07 09:23:08', 0),
('CB20200200198', 'RC2020020096', 38, '2020-01-08', '280637', '280637', '', 'USR-201703002', '2020-02-07 09:23:24', 'USR-201703002', '2020-02-07 09:23:24', 0),
('CB20200200199', 'RC2020020096', 41, '2020-01-08', '21250', '21250', '', 'USR-201703002', '2020-02-07 09:24:27', 'USR-201703002', '2020-02-07 09:24:27', 0),
('CB20200200200', 'RC2020020097', 35, '2020-01-08', '64000', '64000', 'at dr. sutomo', 'USR-201703002', '2020-02-07 09:32:43', 'USR-201703002', '2020-02-07 09:32:43', 0),
('CB20200200201', 'RC2020020097', 38, '2020-01-08', '303486', '303486', '', 'USR-201703002', '2020-02-07 09:35:01', 'USR-201703002', '2020-02-07 09:35:01', 0),
('CB20200200202', 'RC2020020097', 41, '2020-01-08', '21250', '21250', '', 'USR-201703002', '2020-02-07 09:35:10', 'USR-201703002', '2020-02-07 09:35:10', 0),
('CB20200200203', 'RC2020020098', 35, '2020-01-08', '64000', '64000', 'at dr. sutomo', 'USR-201703002', '2020-02-07 09:35:51', 'USR-201703002', '2020-02-07 09:35:51', 0),
('CB20200200204', 'RC2020020098', 38, '2020-01-08', '508504', '508504', '', 'USR-201703002', '2020-02-07 09:36:46', 'USR-201703002', '2020-02-07 09:36:46', 0),
('CB20200200205', 'RC2020020098', 41, '2020-01-08', '21250', '21250', '', 'USR-201703002', '2020-02-07 09:36:55', 'USR-201703002', '2020-02-07 09:36:55', 0),
('CB20200200206', 'RC2020020119', 36, '2020-01-11', '104000', '104000', 'dr. Ni Made Indri Dwi S,Sp.OG', 'USR-201703002', '2020-02-07 09:37:25', 'USR-201703002', '2020-02-07 09:37:25', 0),
('CB20200200207', 'RC2020020099', 40, '2020-01-08', '210000', '210000', '', 'USR-201703002', '2020-02-07 09:37:38', 'USR-201703002', '2020-02-07 09:37:38', 0),
('CB20200200208', 'RC2020020119', 39, '2020-01-11', '85000', '85000', 'USG', 'USR-201703002', '2020-02-07 09:37:47', 'USR-201703002', '2020-02-07 09:37:47', 0),
('CB20200200209', 'RC2020020119', 38, '2020-01-11', '268607', '268607', '', 'USR-201703002', '2020-02-07 09:38:03', 'USR-201703002', '2020-02-07 09:38:03', 0),
('CB20200200210', 'RC2020020119', 41, '2020-01-11', '21250', '21250', '', 'USR-201703002', '2020-02-07 09:38:16', 'USR-201703002', '2020-02-07 09:38:16', 0),
('CB20200200211', 'RC2020020101', 36, '2020-01-08', '104000', '104000', 'at dr. sri wulandari,SPB', 'USR-201703002', '2020-02-07 09:39:14', 'USR-201703002', '2020-02-07 09:39:14', 0),
('CB20200200212', 'RC2020020101', 38, '2020-01-08', '276740', '276740', '', 'USR-201703002', '2020-02-07 09:39:30', 'USR-201703002', '2020-02-07 09:39:30', 0),
('CB20200200213', 'RC2020020101', 41, '2020-01-08', '21250', '21250', '', 'USR-201703002', '2020-02-07 09:39:40', 'USR-201703002', '2020-02-07 09:39:40', 0),
('CB20200200214', 'RC2020020120', 36, '2020-01-11', '104000', '104000', 'dr. Hendry Lim,Sp.OG', 'USR-201703002', '2020-02-07 09:40:30', 'USR-201703002', '2020-02-07 09:40:30', 0),
('CB20200200215', 'RC2020020120', 39, '2020-01-11', '85000', '85000', 'USG', 'USR-201703002', '2020-02-07 09:40:47', 'USR-201703002', '2020-02-07 09:40:47', 0),
('CB20200200216', 'RC2020020120', 38, '2020-01-11', '284029', '284029', 'KB PIL', 'USR-201703002', '2020-02-07 09:41:10', 'USR-201703002', '2020-02-07 09:41:10', 0),
('CB20200200217', 'RC2020020120', 41, '2020-01-11', '21250', '21250', '', 'USR-201703002', '2020-02-07 09:41:23', 'USR-201703002', '2020-02-07 09:41:23', 0),
('CB20200200218', 'RC2020020102', 36, '2020-01-08', '179000', '179000', 'at dr. sri wulandari,SPB + ganti verban', 'USR-201703002', '2020-02-07 09:43:23', 'USR-201703002', '2020-02-07 09:43:23', 0),
('CB20200200219', 'RC2020020102', 38, '2020-01-08', '49963', '49963', '', 'USR-201703002', '2020-02-07 09:43:47', 'USR-201703002', '2020-02-07 09:43:47', 0),
('CB20200200220', 'RC2020020102', 41, '2020-01-08', '21250', '21250', '', 'USR-201703002', '2020-02-07 09:43:59', 'USR-201703002', '2020-02-07 09:43:59', 0),
('CB20200200221', 'RC2020020129', 35, '2020-01-11', '80000', '80000', 'dr.  Cecilia Tira Utami', 'USR-201703002', '2020-02-07 09:44:58', 'USR-201703002', '2020-02-07 09:44:58', 0),
('CB20200200222', 'RC2020020129', 38, '2020-01-11', '115761', '115761', '', 'USR-201703002', '2020-02-07 09:45:13', 'USR-201703002', '2020-02-07 09:45:13', 0),
('CB20200200223', 'RC2020020129', 41, '2020-01-11', '21250', '21250', '', 'USR-201703002', '2020-02-07 09:45:41', 'USR-201703002', '2020-02-07 09:45:41', 0),
('CB20200200224', 'RC2020020105', 36, '2020-01-09', '104000', '104000', 'at dr. nenden ismawaty,SPA', 'USR-201703002', '2020-02-07 09:47:32', 'USR-201703002', '2020-02-07 09:47:32', 0),
('CB20200200225', 'RC2020020105', 38, '2020-01-09', '169791', '169791', '', 'USR-201703002', '2020-02-07 09:47:48', 'USR-201703002', '2020-02-07 09:47:48', 0),
('CB20200200226', 'RC2020020105', 41, '2020-01-09', '21250', '21250', '', 'USR-201703002', '2020-02-07 09:47:58', 'USR-201703002', '2020-02-07 09:47:58', 0),
('CB20200200227', 'RC2020020109', 36, '2020-01-09', '104000', '104000', 'at dr. ani christnayeo,SPPD', 'USR-201703002', '2020-02-07 09:49:55', 'USR-201703002', '2020-02-07 09:49:55', 0),
('CB20200200228', 'RC2020020109', 38, '2020-01-09', '733978', '733978', '', 'USR-201703002', '2020-02-07 09:50:15', 'USR-201703002', '2020-02-07 09:50:15', 0),
('CB20200200229', 'RC2020020109', 41, '2020-01-09', '21250', '21250', '', 'USR-201703002', '2020-02-07 09:50:27', 'USR-201703002', '2020-02-07 09:50:27', 0),
('CB20200200230', 'RC2020020112', 35, '2020-01-09', '64000', '64000', 'at dr. reno aniko', 'USR-201703002', '2020-02-07 09:52:17', 'USR-201703002', '2020-02-07 09:52:17', 0),
('CB20200200231', 'RC2020020112', 38, '2020-01-09', '288207', '288207', '', 'USR-201703002', '2020-02-07 09:52:37', 'USR-201703002', '2020-02-07 09:52:37', 0),
('CB20200200232', 'RC2020020112', 41, '2020-01-09', '21250', '21250', '', 'USR-201703002', '2020-02-07 09:52:48', 'USR-201703002', '2020-02-07 09:52:48', 0),
('CB20200200233', 'RC2020020132', 48, '2020-01-11', '677000', '677000', 'scalling', 'USR-201703002', '2020-02-07 09:53:01', 'USR-201703002', '2020-02-07 09:53:01', 0),
('CB20200200234', 'RC2020020132', 47, '2020-01-11', '467187', '467187', 'Dental ; dokter + tindakan medikamen saluran akar at drg. Luvi C - dx. tambahan : gangren pulpa partial (bottom left no. 7)', 'USR-201703002', '2020-02-07 09:54:29', 'USR-201703002', '2020-02-07 09:54:29', 0),
('CB20200200235', 'RC2020020114', 36, '2020-01-09', '104000', '104000', 'at dr. arif koswandi,SPPD', 'USR-201703002', '2020-02-07 09:54:49', 'USR-201703002', '2020-02-07 09:54:49', 0),
('CB20200200236', 'RC2020020114', 41, '2020-01-09', '21250', '21250', '', 'USR-201703002', '2020-02-07 09:55:00', 'USR-201703002', '2020-02-07 09:55:00', 0),
('CB20200200237', 'RC2020020115', 35, '2020-01-09', '64000', '64000', 'at dr. reno aniko', 'USR-201703002', '2020-02-07 09:56:08', 'USR-201703002', '2020-02-07 09:56:08', 0),
('CB20200200238', 'RC2020020115', 38, '2020-01-09', '559643', '559643', '', 'USR-201703002', '2020-02-07 09:56:21', 'USR-201703002', '2020-02-07 09:56:21', 0),
('CB20200200239', 'RC2020020115', 41, '2020-01-09', '21250', '21250', '', 'USR-201703002', '2020-02-07 09:56:32', 'USR-201703002', '2020-02-07 09:56:32', 0),
('CB20200200240', 'RC2020020117', 36, '2020-01-09', '104000', '104000', 'at dr. arief andri,SPKK', 'USR-201703002', '2020-02-07 09:57:50', 'USR-201703002', '2020-02-07 09:57:50', 0),
('CB20200200241', 'RC2020020117', 38, '2020-01-09', '565245', '565245', '', 'USR-201703002', '2020-02-07 09:58:04', 'USR-201703002', '2020-02-07 09:58:04', 0),
('CB20200200242', 'RC2020020117', 41, '2020-01-09', '21250', '21250', '', 'USR-201703002', '2020-02-07 09:58:13', 'USR-201703002', '2020-02-07 09:58:13', 0),
('CB20200200243', 'RC2020020135', 35, '2020-01-11', '64000', '64000', 'dr. Reno Aniko - dx. tambahan : Cephalgia', 'USR-201703002', '2020-02-07 09:59:28', 'USR-201703002', '2020-02-07 09:59:28', 0),
('CB20200200244', 'RC2020020135', 38, '2020-01-11', '540517', '540517', '', 'USR-201703002', '2020-02-07 09:59:43', 'USR-201703002', '2020-02-07 09:59:43', 0),
('CB20200200245', 'RC2020020135', 41, '2020-01-11', '21250', '21250', '', 'USR-201703002', '2020-02-07 09:59:56', 'USR-201703002', '2020-02-07 09:59:56', 0),
('CB20200200246', 'RC2020020118', 35, '2020-01-09', '64000', '64000', 'at dr. vinta pujilestari', 'USR-201703002', '2020-02-07 10:00:43', 'USR-201703002', '2020-02-07 10:00:43', 0),
('CB20200200247', 'RC2020020118', 38, '2020-01-09', '61998', '61998', '', 'USR-201703002', '2020-02-07 10:00:58', 'USR-201703002', '2020-02-07 10:00:58', 0),
('CB20200200248', 'RC2020020118', 41, '2020-01-09', '21250', '21250', '', 'USR-201703002', '2020-02-07 10:01:07', 'USR-201703002', '2020-02-07 10:01:07', 0),
('CB20200200249', 'RC2020020137', 47, '2020-01-11', '402758', '402758', 'Dental ; dokter+tindakan cabut gigi (top right no. 4)+adm at drg. Irene Kurniawati', 'USR-201703002', '2020-02-07 10:02:29', 'USR-201703002', '2020-02-07 10:02:29', 0),
('CB20200200250', 'RC2020020121', 36, '2020-01-09', '104000', '104000', 'at dr. arief andri,SPKK', 'USR-201703002', '2020-02-07 10:03:34', 'USR-201703002', '2020-02-07 10:03:34', 0),
('CB20200200251', 'RC2020020121', 38, '2020-01-09', '774092', '774092', '', 'USR-201703002', '2020-02-07 10:03:55', 'USR-201703002', '2020-02-07 10:03:55', 0),
('CB20200200252', 'RC2020020121', 41, '2020-01-09', '21250', '21250', '', 'USR-201703002', '2020-02-07 10:04:08', 'USR-201703002', '2020-02-07 10:04:08', 0),
('CB20200200253', 'RC2020020145', 47, '2020-01-11', '402758', '402758', 'Dental ; dokter+tindakan cabut gigi (top left no. 4)+obat+adm at drg. Irene Kurniawati', 'USR-201703002', '2020-02-07 10:04:39', 'USR-201703002', '2020-02-07 10:04:39', 0),
('CB20200200254', 'RC2020020122', 47, '2020-01-09', '503250', '503250', '', 'USR-201703002', '2020-02-07 10:08:18', 'USR-201703002', '2020-02-07 10:08:18', 0),
('CB20200200255', 'RC2020020148', 36, '2020-01-11', '104000', '104000', 'dr. Miralza D,Sp.THT', 'USR-201703002', '2020-02-07 10:08:31', 'USR-201703002', '2020-02-07 10:08:31', 0),
('CB20200200256', 'RC2020020148', 38, '2020-01-11', '380489', '380489', '', 'USR-201703002', '2020-02-07 10:08:46', 'USR-201703002', '2020-02-07 10:08:46', 0),
('CB20200200257', 'RC2020020148', 41, '2020-01-11', '21250', '21250', '', 'USR-201703002', '2020-02-07 10:09:00', 'USR-201703002', '2020-02-07 10:09:00', 0),
('CB20200200258', 'RC2020020123', 35, '2020-01-09', '64000', '64000', 'at dr. reno aniko', 'USR-201703002', '2020-02-07 10:09:29', 'USR-201703002', '2020-02-07 10:09:29', 0),
('CB20200200259', 'RC2020020123', 38, '2020-01-09', '394251', '394251', '', 'USR-201703002', '2020-02-07 10:10:10', 'USR-201703002', '2020-02-07 10:10:10', 0),
('CB20200200260', 'RC2020020123', 41, '2020-01-09', '21250', '21250', '', 'USR-201703002', '2020-02-07 10:10:35', 'USR-201703002', '2020-02-07 10:10:35', 0),
('CB20200200261', 'RC2020020150', 48, '2020-01-11', '885389', '885389', 'Denta; dokter+tindakan(scalling)+lab (radiologi)+obat+adm at drg. Luvi C - dx. tambahan abses (bottom right no. 6)', 'USR-201703002', '2020-02-07 10:12:09', 'USR-201703002', '2020-02-07 10:12:09', 0),
('CB20200200262', 'RC2020020124', 47, '2020-01-09', '1447250', '1447250', 'at drg. dinda dewi,SPKG\ngigi no 7 kanan dan kiri bawah', 'USR-201703002', '2020-02-07 10:14:14', 'USR-201703002', '2020-02-07 10:14:14', 0),
('CB20200200263', 'RC2020020126', 35, '2020-01-09', '64000', '64000', 'at dr. reno aniko', 'USR-201703002', '2020-02-07 10:15:27', 'USR-201703002', '2020-02-07 10:15:27', 0),
('CB20200200264', 'RC2020020126', 38, '2020-01-09', '155893', '155893', '', 'USR-201703002', '2020-02-07 10:15:50', 'USR-201703002', '2020-02-07 10:15:50', 0),
('CB20200200265', 'RC2020020126', 41, '2020-01-09', '21250', '21250', '', 'USR-201703002', '2020-02-07 10:16:03', 'USR-201703002', '2020-02-07 10:16:03', 0),
('CB20200200266', 'RC2020020154', 36, '2020-01-11', '104000', '104000', 'dr. Arief Andri Parwoto,Sp.KK', 'USR-201703002', '2020-02-07 10:16:06', 'USR-201703002', '2020-02-07 10:16:06', 0),
('CB20200200267', 'RC2020020154', 38, '2020-01-11', '386528', '386528', '', 'USR-201703002', '2020-02-07 10:17:04', 'USR-201703002', '2020-02-07 10:17:04', 0),
('CB20200200268', 'RC2020020154', 41, '2020-01-11', '21250', '21250', '', 'USR-201703002', '2020-02-07 10:17:28', 'USR-201703002', '2020-02-07 10:17:28', 0),
('CB20200200269', 'RC2020020127', 35, '2020-01-09', '64000', '64000', 'at dr. vinta pujilestari', 'USR-201703002', '2020-02-07 10:20:19', 'USR-201703002', '2020-02-07 10:20:19', 0),
('CB20200200270', 'RC2020020127', 38, '2020-01-09', '350835', '350835', '', 'USR-201703002', '2020-02-07 10:20:35', 'USR-201703002', '2020-02-07 10:20:35', 0),
('CB20200200271', 'RC2020020127', 41, '2020-01-09', '21250', '21250', '', 'USR-201703002', '2020-02-07 10:20:45', 'USR-201703002', '2020-02-07 10:20:45', 0),
('CB20200200272', 'RC2020020156', 36, '2020-01-11', '254000', '254000', 'dokter+tindakan (autorefraksi,tonometri, slitlamp) at dr.Bambang Kariady, Y.S, Sp.M', 'USR-201703002', '2020-02-07 10:31:05', 'USR-201703002', '2020-02-07 10:31:05', 0),
('CB20200200273', 'RC2020020032', 35, '2020-01-01', '64000', '64000', 'dr. Welki Vernando', 'USR-201703002', '2020-02-07 10:37:18', 'USR-201703002', '2020-02-07 10:37:18', 0),
('CB20200200274', 'RC2020020032', 38, '2020-01-01', '525860', '525860', '', 'USR-201703002', '2020-02-07 10:37:59', 'USR-201703002', '2020-02-07 10:37:59', 0),
('CB20200200275', 'RC2020020032', 41, '2020-01-01', '21250', '21250', '', 'USR-201703002', '2020-02-07 10:38:31', 'USR-201703002', '2020-02-07 10:38:31', 0),
('CB20200200276', 'RC2020020158', 47, '2020-01-11', '202850', '202850', 'dokter+lab(radiologi)+adm at drg. Lisa Indra', 'USR-201703002', '2020-02-07 10:39:42', 'USR-201703002', '2020-02-07 10:39:42', 0),
('CB20200200277', 'RC2020020128', 35, '2020-01-09', '64000', '64000', 'at dr. vinta pujilestari', 'USR-201703002', '2020-02-07 10:47:45', 'USR-201703002', '2020-02-07 10:47:45', 0),
('CB20200200278', 'RC2020020128', 38, '2020-01-09', '232876', '232876', '', 'USR-201703002', '2020-02-07 10:48:17', 'USR-201703002', '2020-02-07 10:48:17', 0),
('CB20200200279', 'RC2020020128', 41, '2020-01-09', '21250', '21250', '', 'USR-201703002', '2020-02-07 10:48:28', 'USR-201703002', '2020-02-07 10:48:28', 0),
('CB20200200280', 'RC2020020130', 47, '2020-01-09', '125250', '125250', 'at drg. gatot subroto,SPBM', 'USR-201703002', '2020-02-07 10:50:09', 'USR-201703002', '2020-02-07 10:50:09', 0),
('CB20200200281', 'RC2020020033', 35, '2020-01-01', '64000', '64000', 'dr. Welki Vernando', 'USR-201703002', '2020-02-07 10:51:52', 'USR-201703002', '2020-02-07 10:51:52', 0),
('CB20200200282', 'RC2020020131', 40, '2020-01-09', '210000', '210000', '', 'USR-201703002', '2020-02-07 10:53:08', 'USR-201703002', '2020-02-07 10:53:08', 0),
('CB20200200283', 'RC2020020033', 39, '2020-01-01', '115200', '115200', 'hematologi - rutin', 'USR-201703002', '2020-02-07 10:53:28', 'USR-201703002', '2020-02-07 10:53:28', 0),
('CB20200200284', 'RC2020020033', 38, '2020-01-01', '120639', '120639', 'flamicort, levosif, tremenza', 'USR-201703002', '2020-02-07 10:54:42', 'USR-201703002', '2020-02-07 10:54:42', 0),
('CB20200200285', 'RC2020020033', 41, '2020-01-01', '21250', '21250', '', 'USR-201703002', '2020-02-07 10:55:41', 'USR-201703002', '2020-02-07 10:55:41', 0),
('CB20200200286', 'RC2020020133', 36, '2020-01-09', '104000', '104000', 'at dr, aditya wicaksono,SPTHT', 'USR-201703002', '2020-02-07 10:59:48', 'USR-201703002', '2020-02-07 10:59:48', 0),
('CB20200200287', 'RC2020020133', 38, '2020-01-09', '409412', '409412', '', 'USR-201703002', '2020-02-07 11:00:08', 'USR-201703002', '2020-02-07 11:00:08', 0),
('CB20200200288', 'RC2020020133', 41, '2020-01-09', '21250', '21250', '', 'USR-201703002', '2020-02-07 11:00:31', 'USR-201703002', '2020-02-07 11:00:31', 0),
('CB20200200289', 'RC2020020134', 36, '2020-01-09', '104000', '104000', 'at dr. nenden ismawaty,SPA', 'USR-201703002', '2020-02-07 11:02:08', 'USR-201703002', '2020-02-07 11:02:08', 0),
('CB20200200290', 'RC2020020134', 38, '2020-01-09', '218457', '218457', '', 'USR-201703002', '2020-02-07 11:02:35', 'USR-201703002', '2020-02-07 11:02:35', 0),
('CB20200200291', 'RC2020020134', 41, '2020-01-09', '21250', '21250', '', 'USR-201703002', '2020-02-07 11:02:43', 'USR-201703002', '2020-02-07 11:02:43', 0),
('CB20200200292', 'RC2020020134', 41, '2020-01-09', '21250', '21250', '', 'USR-201703002', '2020-02-07 11:02:44', 'USR-201703002', '2020-02-07 11:04:54', 1),
('CB20200200293', 'RC2020020038', 35, '2020-01-02', '64000', '64000', 'dr. Hendra saputra - dx. tambahan : Febris', 'USR-201703002', '2020-02-07 11:08:20', 'USR-201703002', '2020-02-07 11:08:20', 0),
('CB20200200294', 'RC2020020038', 38, '2020-01-02', '247346', '247346', '', 'USR-201703002', '2020-02-07 11:08:44', 'USR-201703002', '2020-02-07 11:08:44', 0);
INSERT INTO `tp_claim_benefit_old` (`claim_benefit_id`, `claim_id`, `benefit_id`, `treatment_date`, `incurred_amount`, `approved_amount`, `additional_info`, `user_etr`, `dt_etr`, `user_update`, `dt_update`, `is_deleted`) VALUES
('CB20200200295', 'RC2020020038', 41, '2020-01-02', '21250', '21250', '', 'USR-201703002', '2020-02-07 11:08:56', 'USR-201703002', '2020-02-07 11:08:56', 0),
('CB20200200296', 'RC2020020136', 36, '2020-01-09', '154000', '154000', 'at dr. hendry lim,SPOG + ganti verban', 'USR-201703002', '2020-02-07 11:09:53', 'USR-201703002', '2020-02-07 11:09:53', 0),
('CB20200200297', 'RC2020020136', 39, '2020-01-09', '85000', '85000', '', 'USR-201703002', '2020-02-07 11:10:15', 'USR-201703002', '2020-02-07 11:10:15', 0),
('CB20200200298', 'RC2020020040', 35, '2020-01-02', '64000', '64000', 'dr. Hendra Saputra - dx. tambahan : Febris', 'USR-201703002', '2020-02-07 11:10:24', 'USR-201703002', '2020-02-07 11:10:24', 0),
('CB20200200299', 'RC2020020136', 38, '2020-01-09', '363472', '363472', '', 'USR-201703002', '2020-02-07 11:10:27', 'USR-201703002', '2020-02-07 11:10:27', 0),
('CB20200200300', 'RC2020020136', 41, '2020-01-09', '21250', '21250', '', 'USR-201703002', '2020-02-07 11:10:38', 'USR-201703002', '2020-02-07 11:10:38', 0),
('CB20200200301', 'RC2020020040', 38, '2020-01-02', '529545', '529545', '', 'USR-201703002', '2020-02-07 11:10:40', 'USR-201703002', '2020-02-07 11:10:40', 0),
('CB20200200302', 'RC2020020040', 41, '2020-01-02', '21250', '21250', '', 'USR-201703002', '2020-02-07 11:10:52', 'USR-201703002', '2020-02-07 11:10:52', 0),
('CB20200200303', 'RC2020020036', 35, '2020-01-01', '64000', '64000', 'dr. Welki Vernando', 'USR-201703002', '2020-02-07 11:12:38', 'USR-201703002', '2020-02-07 11:12:38', 0),
('CB20200200304', 'RC2020020140', 36, '2020-01-09', '104000', '104000', 'at dr. indrayanti,SPA', 'USR-201703002', '2020-02-07 11:23:12', 'USR-201703002', '2020-02-07 11:23:12', 0),
('CB20200200305', 'RC2020020140', 38, '2020-01-09', '338357', '338357', '', 'USR-201703002', '2020-02-07 11:23:29', 'USR-201703002', '2020-02-07 11:23:29', 0),
('CB20200200306', 'RC2020020140', 41, '2020-01-09', '21250', '21250', '', 'USR-201703002', '2020-02-07 11:23:41', 'USR-201703002', '2020-02-07 11:23:41', 0),
('CB20200200307', 'RC2020020036', 38, '2020-01-01', '473435', '473435', '', 'USR-201703002', '2020-02-07 13:20:59', 'USR-201703002', '2020-02-07 13:20:59', 0),
('CB20200200308', 'RC2020020036', 41, '2020-01-01', '21250', '21250', '', 'USR-201703002', '2020-02-07 13:21:31', 'USR-201703002', '2020-02-07 13:21:31', 0),
('CB20200200309', 'RC2020020037', 35, '2020-01-01', '64000', '64000', 'dr. Welki Vernando', 'USR-201703002', '2020-02-07 13:25:01', 'USR-201703002', '2020-02-07 13:25:01', 0),
('CB20200200310', 'RC2020020042', 35, '2020-01-02', '64000', '64000', 'dr. Hendra Saputra - dx. tambahan : febris', 'USR-201703002', '2020-02-07 13:25:23', 'USR-201703002', '2020-02-07 13:25:23', 0),
('CB20200200311', 'RC2020020042', 38, '2020-01-02', '253837', '253837', '', 'USR-201703002', '2020-02-07 13:25:45', 'USR-201703002', '2020-02-07 13:25:45', 0),
('CB20200200312', 'RC2020020042', 41, '2020-01-02', '21250', '21250', '', 'USR-201703002', '2020-02-07 13:26:02', 'USR-201703002', '2020-02-07 13:26:02', 0),
('CB20200200313', 'RC2020020037', 38, '2020-01-01', '425578', '425578', 'mefinter kap 500mg, vomizole tab 40mg, vometa ft tab 10mg', 'USR-201703002', '2020-02-07 13:26:20', 'USR-201703002', '2020-02-07 13:26:20', 0),
('CB20200200314', 'RC2020020037', 41, '2020-01-01', '21250', '21250', '', 'USR-201703002', '2020-02-07 13:26:38', 'USR-201703002', '2020-02-07 13:26:38', 0),
('CB20200200315', 'RC2020020046', 35, '2020-01-02', '64000', '64000', 'dr. hendra saputra - dx. tambahan : febris', 'USR-201703002', '2020-02-07 13:28:11', 'USR-201703002', '2020-02-07 13:28:11', 0),
('CB20200200316', 'RC2020020046', 38, '2020-01-02', '230384', '230384', '', 'USR-201703002', '2020-02-07 13:28:28', 'USR-201703002', '2020-02-07 13:28:28', 0),
('CB20200200317', 'RC2020020188', 36, '2020-01-03', '104000', '104000', 'dr. Arif Koswandi SpPD KGEH', 'USR-201703002', '2020-02-07 13:32:40', 'USR-201703002', '2020-02-07 13:32:40', 0),
('CB20200200318', 'RC2020020188', 38, '2020-01-01', '573050', '573050', 'rillus chewable tab, disflatyl tab 40mg, pariet tab 20mg', 'USR-201703002', '2020-02-07 13:33:50', 'USR-201703002', '2020-02-07 13:35:37', 0),
('CB20200200319', 'RC2020020188', 41, '2020-01-01', '21250', '21250', '', 'USR-201703002', '2020-02-07 13:34:24', 'USR-201703002', '2020-02-07 13:34:24', 0),
('CB20200200320', 'RC2020020189', 35, '2020-01-04', '96000', '96000', 'dr. Secilia Virena Timoty', 'USR-201703002', '2020-02-07 13:38:38', 'USR-201703002', '2020-02-07 13:38:38', 0),
('CB20200200321', 'RC2020020189', 38, '2020-01-01', '339720', '339720', 'masuk ugd - vectrine cap 300mg, rhinos sr kap, sumagesic tab 600mg, futaderm cream 10gr, celestamine tab', 'USR-201703002', '2020-02-07 13:40:34', 'USR-201703002', '2020-02-07 13:40:34', 0),
('CB20200200322', 'RC2020020189', 41, '2020-01-01', '21250', '21250', '', 'USR-201703002', '2020-02-07 13:41:00', 'USR-201703002', '2020-02-07 13:41:00', 0),
('CB20200200323', 'RC2020020046', 41, '2020-01-02', '21250', '21250', '', 'USR-201703002', '2020-02-07 13:44:37', 'USR-201703002', '2020-02-07 13:44:37', 0),
('CB20200200324', 'RC2020020141', 35, '2020-01-09', '64000', '64000', 'at dr. reno aniko', 'USR-201703002', '2020-02-07 13:45:10', 'USR-201703002', '2020-02-07 13:45:10', 0),
('CB20200200325', 'RC2020020141', 38, '2020-01-09', '526636', '526636', '', 'USR-201703002', '2020-02-07 13:45:24', 'USR-201703002', '2020-02-07 13:45:24', 0),
('CB20200200326', 'RC2020020141', 41, '2020-01-09', '21250', '21250', '', 'USR-201703002', '2020-02-07 13:45:34', 'USR-201703002', '2020-02-07 13:45:34', 0),
('CB20200200327', 'RC2020020190', 36, '2020-01-01', '104000', '104000', 'dr. Nenden Ismawaty SpA', 'USR-201703002', '2020-02-07 13:46:32', 'USR-201703002', '2020-02-07 13:46:32', 0),
('CB20200200328', 'RC2020020047', 47, '2020-01-02', '505250', '505250', 'Dental ; dokter+tindakan(tambal gigi)+adm at drg. Ilna', 'USR-201703002', '2020-02-07 13:46:51', 'USR-201703002', '2020-02-07 13:46:51', 0),
('CB20200200329', 'RC2020020142', 36, '2020-01-09', '104000', '104000', 'at dr. suryatmoko,SPB-KBD', 'USR-201703002', '2020-02-07 13:47:10', 'USR-201703002', '2020-02-07 13:47:10', 0),
('CB20200200330', 'RC2020020142', 38, '2020-01-09', '34526', '34526', '', 'USR-201703002', '2020-02-07 13:47:23', 'USR-201703002', '2020-02-07 13:47:23', 0),
('CB20200200331', 'RC2020020142', 41, '2020-01-09', '21250', '21250', '', 'USR-201703002', '2020-02-07 13:47:38', 'USR-201703002', '2020-02-07 13:47:38', 0),
('CB20200200332', 'RC2020020049', 36, '2020-01-02', '104000', '104000', 'dr. Arief Andri Parwoto,Sp.KK', 'USR-201703002', '2020-02-07 13:48:45', 'USR-201703002', '2020-02-07 13:48:45', 0),
('CB20200200333', 'RC2020020049', 38, '2020-01-02', '77385', '77385', '', 'USR-201703002', '2020-02-07 13:48:57', 'USR-201703002', '2020-02-07 13:48:57', 0),
('CB20200200334', 'RC2020020049', 41, '2020-01-02', '21250', '21250', '', 'USR-201703002', '2020-02-07 13:49:08', 'USR-201703002', '2020-02-07 13:49:08', 0),
('CB20200200335', 'RC2020020143', 35, '2020-01-09', '96000', '96000', 'at dr. maria bintang', 'USR-201703002', '2020-02-07 13:49:12', 'USR-201703002', '2020-02-07 13:49:12', 0),
('CB20200200336', 'RC2020020143', 38, '2020-01-09', '391978', '391978', '', 'USR-201703002', '2020-02-07 13:49:27', 'USR-201703002', '2020-02-07 13:49:27', 0),
('CB20200200337', 'RC2020020143', 41, '2020-01-09', '21250', '21250', '', 'USR-201703002', '2020-02-07 13:49:42', 'USR-201703002', '2020-02-07 13:49:42', 0),
('CB20200200338', 'RC2020020190', 38, '2020-01-01', '236676', '236676', 'racikan (cobazim kap 1000mcg, heptasan tab, sealing paper), levopront syr, rhinofed syr 60ml, ketricin tab 4mg, cobazim kap 1000mcg', 'USR-201703002', '2020-02-07 13:49:45', 'USR-201703002', '2020-02-07 13:49:45', 0),
('CB20200200339', 'RC2020020190', 41, '2020-01-03', '21250', '21250', '', 'USR-201703002', '2020-02-07 13:50:10', 'USR-201703002', '2020-02-07 13:50:10', 0),
('CB20200200340', 'RC2020020052', 36, '2020-01-02', '204000', '204000', 'dr. Hafizah,Sp.M', 'USR-201703002', '2020-02-07 13:51:24', 'USR-201703002', '2020-02-07 13:51:24', 0),
('CB20200200341', 'RC2020020052', 41, '2020-01-02', '21250', '21250', '', 'USR-201703002', '2020-02-07 13:51:38', 'USR-201703002', '2020-02-07 13:51:38', 0),
('CB20200200342', 'RC2020020191', 36, '2020-01-01', '189000', '189000', 'dr. Nenden Ismawaty SpA Rp104.000\ntindakan nebu anak Rp85.000', 'USR-201703002', '2020-02-07 13:53:06', 'USR-201703002', '2020-02-07 13:53:06', 0),
('CB20200200343', 'RC2020020054', 35, '2020-01-02', '64000', '64000', 'dr. Hendra Saputra', 'USR-201703002', '2020-02-07 13:53:10', 'USR-201703002', '2020-02-07 13:53:10', 0),
('CB20200200344', 'RC2020020054', 38, '2020-01-02', '247519', '247519', '', 'USR-201703002', '2020-02-07 13:53:24', 'USR-201703002', '2020-02-07 13:53:24', 0),
('CB20200200345', 'RC2020020054', 41, '2020-01-02', '21250', '21250', '', 'USR-201703002', '2020-02-07 13:53:39', 'USR-201703002', '2020-02-07 13:53:39', 0),
('CB20200200346', 'RC2020020191', 38, '2020-01-03', '205107', '205107', 'obat nebu Rp80.000\nobat racikan Rp125.107', 'USR-201703002', '2020-02-07 13:54:23', 'USR-201703002', '2020-02-07 13:54:23', 0),
('CB20200200347', 'RC2020020191', 41, '2020-01-03', '21250', '21250', '', 'USR-201703002', '2020-02-07 13:54:40', 'USR-201703002', '2020-02-07 13:54:40', 0),
('CB20200200348', 'RC2020020144', 35, '2020-01-10', '64000', '64000', 'at dr. ayu ratna', 'USR-201703002', '2020-02-07 13:57:11', 'USR-201703002', '2020-02-07 13:57:11', 0),
('CB20200200349', 'RC2020020144', 38, '2020-01-10', '276866', '276866', '', 'USR-201703002', '2020-02-07 13:57:31', 'USR-201703002', '2020-02-07 13:57:31', 0),
('CB20200200350', 'RC2020020144', 41, '2020-01-10', '21250', '21250', '', 'USR-201703002', '2020-02-07 13:57:43', 'USR-201703002', '2020-02-07 13:57:43', 0),
('CB20200200351', 'RC2020020146', 36, '2020-01-10', '104000', '104000', 'at dr. ani christnayeo,SPPD', 'USR-201703002', '2020-02-07 13:59:28', 'USR-201703002', '2020-02-07 13:59:28', 0),
('CB20200200352', 'RC2020020146', 39, '2020-01-10', '933800', '933800', '', 'USR-201703002', '2020-02-07 14:00:30', 'USR-201703002', '2020-02-07 14:00:30', 0),
('CB20200200353', 'RC2020020146', 41, '2020-01-10', '21250', '21250', '', 'USR-201703002', '2020-02-07 14:00:47', 'USR-201703002', '2020-02-07 14:00:47', 0),
('CB20200200354', 'RC2020020147', 47, '2020-01-10', '1638250', '665250', 'at drg. lisa indra, uncover venner gigi\ngigi no 1 kanan & kiri atas', 'USR-201703002', '2020-02-07 14:05:57', 'USR-201703002', '2020-02-07 14:05:57', 0),
('CB20200200355', 'RC2020020149', 35, '2020-01-10', '64000', '64000', 'at dr. ayu ratna', 'USR-201703002', '2020-02-07 14:10:16', 'USR-201703002', '2020-02-07 14:10:16', 0),
('CB20200200356', 'RC2020020149', 41, '2020-01-10', '21250', '21250', '', 'USR-201703002', '2020-02-07 14:10:28', 'USR-201703002', '2020-02-07 14:10:28', 0),
('CB20200200357', 'RC2020020151', 47, '2020-01-10', '625393', '625393', 'at drg. luvi, gigi no 6 kanan atas', 'USR-201703002', '2020-02-07 14:13:20', 'USR-201703002', '2020-02-07 14:13:20', 0),
('CB20200200358', 'RC2020020152', 35, '2020-01-10', '64000', '64000', 'at dr. reno aniko', 'USR-201703002', '2020-02-07 14:16:27', 'USR-201703002', '2020-02-07 14:16:27', 0),
('CB20200200359', 'RC2020020152', 38, '2020-01-10', '303575', '303575', '', 'USR-201703002', '2020-02-07 14:16:39', 'USR-201703002', '2020-02-07 14:16:39', 0),
('CB20200200360', 'RC2020020152', 41, '2020-01-10', '21250', '21250', '', 'USR-201703002', '2020-02-07 14:16:50', 'USR-201703002', '2020-02-07 14:16:50', 0),
('CB20200200361', 'RC2020020192', 47, '2020-01-03', '1055250', '1055250', 'drg. Lisa Indra \ngigi no. 1 2 - kiri atas', 'USR-201703002', '2020-02-07 16:35:40', 'USR-201703002', '2020-02-07 16:37:28', 0),
('CB20200200362', 'RC2020020193', 49, '2020-01-03', '845820', '845820', 'cabut gigi\nno.8 kiri atas - pulpitis\nno.6 kiri bawah - abses', 'USR-201703002', '2020-02-07 16:44:41', 'USR-201703002', '2020-02-07 16:44:41', 0),
('CB20200200363', 'RC2020020153', 35, '2020-01-10', '64000', '64000', 'at dr. reno aniko', 'USR-201703002', '2020-02-07 16:52:15', 'USR-201703002', '2020-02-07 16:52:15', 0),
('CB20200200364', 'RC2020020153', 38, '2020-01-10', '619249', '619249', '', 'USR-201703002', '2020-02-07 16:52:46', 'USR-201703002', '2020-02-07 16:52:46', 0),
('CB20200200365', 'RC2020020153', 41, '2020-01-10', '21250', '21250', '', 'USR-201703002', '2020-02-07 16:53:06', 'USR-201703002', '2020-02-07 16:53:06', 0),
('CB20200200366', 'RC2020020155', 47, '2020-01-10', '669852', '669852', 'at drg. luvi & drg. dinda dewi,SPKG\ngigi no 8 kiri bawah', 'USR-201703002', '2020-02-07 16:55:44', 'USR-201703002', '2020-02-07 16:57:03', 0),
('CB20200200367', 'RC2020020160', 36, '2020-01-10', '104000', '104000', 'at dr. nenden ismawaty,SPA', 'USR-201703002', '2020-02-07 17:07:37', 'USR-201703002', '2020-02-07 17:07:37', 0),
('CB20200200368', 'RC2020020160', 38, '2020-01-10', '338241', '338241', '', 'USR-201703002', '2020-02-07 17:11:04', 'USR-201703002', '2020-02-07 17:11:04', 0),
('CB20200200369', 'RC2020020160', 41, '2020-01-10', '21250', '21250', '', 'USR-201703002', '2020-02-07 17:11:15', 'USR-201703002', '2020-02-07 17:11:15', 0),
('CB20200200370', 'RC2020020162', 36, '2020-01-10', '104000', '104000', 'at dr. dewi,SPA', 'USR-201703002', '2020-02-07 17:14:30', 'USR-201703002', '2020-02-07 17:14:30', 0),
('CB20200200371', 'RC2020020162', 45, '2020-01-10', '80000', '80000', 'polio + pentabio', 'USR-201703002', '2020-02-07 17:14:54', 'USR-201703002', '2020-02-07 17:14:54', 0),
('CB20200200372', 'RC2020020058', 36, '2020-01-02', '104000', '0', 'dr. Arief Andri Parwoto,Sp.KK', 'USR-201703002', '2020-02-07 17:14:56', 'USR-201703002', '2020-02-07 17:14:56', 0),
('CB20200200373', 'RC2020020058', 37, '2020-01-02', '203512', '0', '', 'USR-201703002', '2020-02-07 17:15:33', 'USR-201703002', '2020-02-07 17:15:33', 0),
('CB20200200374', 'RC2020020058', 41, '2020-01-02', '21250', '0', '', 'USR-201703002', '2020-02-07 17:15:51', 'USR-201703002', '2020-02-07 17:15:51', 0),
('CB20200200375', 'RC2020020162', 38, '2020-01-10', '134653', '134653', '', 'USR-201703002', '2020-02-07 17:16:52', 'USR-201703002', '2020-02-07 17:16:52', 0),
('CB20200200376', 'RC2020020162', 41, '2020-01-10', '21250', '21250', '', 'USR-201703002', '2020-02-07 17:23:51', 'USR-201703002', '2020-02-07 17:23:51', 0),
('CB20200200377', 'RC2020020194', 47, '2020-01-03', '621250', '621250', 'drg. Lisa Indra\ngigi no.1 kiri atas - gangren pulpa', 'USR-201703002', '2020-02-07 17:24:54', 'USR-201703002', '2020-02-07 17:24:54', 0),
('CB20200200378', 'RC2020020165', 35, '2020-01-10', '80000', '80000', 'at dr. putra setiawan', 'USR-201703002', '2020-02-07 17:25:00', 'USR-201703002', '2020-02-07 17:25:00', 0),
('CB20200200379', 'RC2020020165', 38, '2020-01-10', '80468', '80468', '', 'USR-201703002', '2020-02-07 17:25:17', 'USR-201703002', '2020-02-07 17:25:17', 0),
('CB20200200380', 'RC2020020165', 41, '2020-01-10', '21250', '21250', '', 'USR-201703002', '2020-02-07 17:25:32', 'USR-201703002', '2020-02-07 17:25:32', 0),
('CB20200200381', 'RC2020020166', 40, '2020-01-10', '210000', '210000', '', 'USR-201703002', '2020-02-07 17:26:14', 'USR-201703002', '2020-02-07 17:26:14', 0),
('CB20200200382', 'RC2020020195', 36, '2020-01-03', '204000', '204000', 'dr. Sri Rezeki Handayani SpM - Rp104.000\ntindakan slitlamp+tonometri - Rp100.000', 'USR-201703002', '2020-02-07 17:28:52', 'USR-201703002', '2020-02-07 17:28:52', 0),
('CB20200200383', 'RC2020020195', 38, '2020-01-03', '31937', '31937', 'cendo eyefresh ed minidose', 'USR-201703002', '2020-02-07 17:29:46', 'USR-201703002', '2020-02-07 17:29:46', 0),
('CB20200200384', 'RC2020020195', 41, '2020-01-03', '21250', '21250', '', 'USR-201703002', '2020-02-07 17:30:13', 'USR-201703002', '2020-02-07 17:30:13', 0),
('CB20200200385', 'RC2020020200', 48, '2020-01-03', '925439', '925439', 'drg. Lisa Indra \nobat kin mouthwash 250ml', 'USR-201703002', '2020-02-07 17:36:06', 'USR-201703002', '2020-02-07 17:36:06', 0),
('CB20200200386', 'RC2020020202', 47, '2020-01-03', '474526', '474526', 'drg. Luvi C\nobat amoxsan kap 500mg, eflagen tab 50mg', 'USR-201703002', '2020-02-07 17:38:22', 'USR-201703002', '2020-02-07 17:38:22', 0),
('CB20200200387', 'RC2020020203', 35, '2020-01-03', '64000', '64000', 'dr. Cecilia Tira Utami', 'USR-201703002', '2020-02-07 17:40:40', 'USR-201703002', '2020-02-07 17:40:40', 0),
('CB20200200388', 'RC2020020203', 38, '2020-01-03', '523544', '523544', 'tensivask tab 5mg, ketessetab 25mg', 'USR-201703002', '2020-02-07 17:41:31', 'USR-201703002', '2020-02-07 17:41:31', 0),
('CB20200200389', 'RC2020020203', 41, '2020-01-03', '21250', '21250', '', 'USR-201703002', '2020-02-07 17:41:45', 'USR-201703002', '2020-02-07 17:41:45', 0),
('CB20200200390', 'RC2020020204', 36, '2020-01-03', '104000', '104000', 'dr. Erman SpA', 'USR-201703002', '2020-02-07 17:43:24', 'USR-201703002', '2020-02-07 17:43:24', 0),
('CB20200200391', 'RC2020020204', 38, '2020-01-03', '197215', '197215', 'tempra sryp 60ml, proceles syr 60 ml, apialys syr 100ml, farmacrol forte syr 100 ml', 'USR-201703002', '2020-02-07 17:44:25', 'USR-201703002', '2020-02-07 17:44:25', 0),
('CB20200200392', 'RC2020020204', 41, '2020-01-03', '21250', '21250', '', 'USR-201703002', '2020-02-07 17:44:37', 'USR-201703002', '2020-02-07 17:44:37', 0),
('CB20200200393', 'RC2020020207', 36, '2020-01-03', '104000', '104000', 'dr. M Fariz SpU', 'USR-201703002', '2020-02-07 17:49:18', 'USR-201703002', '2020-02-07 17:49:18', 0),
('CB20200200394', 'RC2020020207', 41, '2020-01-03', '21250', '21250', '', 'USR-201703002', '2020-02-07 17:49:42', 'USR-201703002', '2020-02-07 17:49:42', 0),
('CB20200200395', 'RC2020020208', 36, '2020-01-03', '189000', '189000', 'dr. Dewi MS, SpA, M. Kes - Rp104.000\ntindakan nebulizer - Rp85.000', 'USR-201703002', '2020-02-07 17:51:34', 'USR-201703002', '2020-02-07 17:51:34', 0),
('CB20200200396', 'RC2020020208', 38, '2020-01-03', '292267', '292267', 'nebulizer Rp50.000\nobat Rp242.267', 'USR-201703002', '2020-02-07 17:54:12', 'USR-201703002', '2020-02-07 17:54:12', 0),
('CB20200200397', 'RC2020020208', 41, '2020-01-03', '21250', '21250', '', 'USR-201703002', '2020-02-07 17:54:30', 'USR-201703002', '2020-02-07 17:54:30', 0),
('CB20200200398', 'RC2020020209', 36, '2020-01-03', '189000', '189000', 'dr. Nenden Ismawaty SpA - Rp104.000\nNebulizer - Rp85.000', 'USR-201703002', '2020-02-07 17:56:26', 'USR-201703002', '2020-02-07 17:56:26', 0),
('CB20200200399', 'RC2020020209', 38, '2020-01-03', '286507', '286507', 'obat nebulizer - Rp80.000\nobat & alkes - Rp206.507', 'USR-201703002', '2020-02-07 17:57:44', 'USR-201703002', '2020-02-07 17:57:44', 0),
('CB20200200400', 'RC2020020209', 41, '2020-01-03', '21250', '21250', '', 'USR-201703002', '2020-02-07 17:58:01', 'USR-201703002', '2020-02-07 17:58:01', 0);

-- --------------------------------------------------------

--
-- Struktur dari tabel `tp_claim_document`
--

